-- Table structure for table `cms_rkteklayout_templates`
--

CREATE TABLE `cms_rkteklayout_templates` (
  `id` int(11) NOT NULL AUTO_INCREMENT,
  `name` varchar(100) NOT NULL,
  `content` longtext DEFAULT NULL,
  `description` text DEFAULT NULL,
  `type_id` int(11) NOT NULL,
  `type_dflt` tinyint(4) DEFAULT NULL,
  `category_id` int(11) DEFAULT NULL,
  `owner_id` int(11) NOT NULL,
  `listable` tinyint(4) DEFAULT 1,
  `created` int(11) DEFAULT NULL,
  `modified` int(11) DEFAULT NULL,
  PRIMARY KEY (`id`),
  UNIQUE KEY `cms_rktekidx_layout_tpl_1` (`name`),
  KEY `cms_rktekidx_layout_tpl_2` (`type_id`,`type_dflt`)
) ENGINE=MyISAM AUTO_INCREMENT=47 DEFAULT CHARSET=utf8 COLLATE=utf8_general_ci;

--
-- Dumping data for table `cms_rkteklayout_templates`
--

INSERT INTO `cms_rkteklayout_templates` VALUES (1,'footer','<p>&copy; Copyright {custom_copyright} - CMS Made Simple<br />\r\nThis site is powered by <a class=\"external\" href=\"http://www.cmsmadesimple.org\">CMS Made Simple</a> version {cms_version}</p>',NULL,2,NULL,NULL,1,1,1675546017,1675546017),(2,'Minimal','{process_pagedata}\n<!DOCTYPE html PUBLIC \"-//W3C//DTD XHTML 1.0 Transitional//EN\"\n\"http://www.w3.org/TR/xhtml1/DTD/xhtml1-transitional.dtd\">\n\n<html xmlns=\"http://www.w3.org/1999/xhtml\" xml:lang=\"en\" lang=\"en\">\n{* Change lang=\"en\" to the language of your site *}\n\n<head>\n\n<title>{sitename} - {title}</title>\n{* The sitename is changed in Site Admin/Global settings. {title} is the name of each page *}\n\n{metadata}\n{* Don\\\'t remove this! Metadata is entered in Site Admin/Global settings. *}\n\n{cms_stylesheet}\n{* This is how all the stylesheets attached to this template are linked to *}\n\n</head>\n\n<body>\n\n      {* Start Navigation *}\n      <div style=\"float: left; width: 25%;\">\n         {Navigator loadprops=0 template=\'minimal_menu\'}\n      </div>\n      {* End Navigation *}\n\n      {* Start Content *}\n      <div>\n         <h2>{title}</h2>\n         {content} \n      </div>\n      {* End Content *}\n\n</body>\n</html>','A Simple, minimal page template',1,NULL,NULL,1,1,1675546017,1675546017),(3,'CSSMenu left + 1 column','{process_pagedata}<!DOCTYPE html PUBLIC \"-//W3C//DTD XHTML 1.0 Transitional//EN\" \"http://www.w3.org/TR/xhtml1/DTD/xhtml1-transitional.dtd\">\n<html xmlns=\"http://www.w3.org/1999/xhtml\" xml:lang=\"en\" lang=\"en\">\n{* Change lang=\"en\" to the language of your site *}\n\n{* note: anything inside these are smarty comments, they will not show up in the page source *}\n  <head>\n    <title>{sitename} - {title}</title>\n{* The sitename is changed in Site Admin/Global settings. {title} is the name of each page *}\n\n {metadata}\n{* Don\'t remove this! Metadata is entered in Site Admin/Global settings. *}\n\n {cms_stylesheet}\n{* This is how all the stylesheets attached to this template are linked to it *}\n\n {cms_selflink dir=\"start\" rellink=1}\n {cms_selflink dir=\"prev\" rellink=1}\n {cms_selflink dir=\"next\" rellink=1}\n{* Relational links for interconnections between pages, good for accessibility and Search Engine Optimization *}\n\n{* the literal below and the /literal at the end are needed whenever there are {\"curly brackets\"} as smarty will think it\'s something to process and will throw an error *}\n {literal}\n<script type=\"text/JavaScript\">\n<!--\n//pass min and max - measured against window width\nfunction P7_MinMaxW(a,b){\nvar nw=\"auto\",w=document.documentElement.clientWidth;\nif(w>=b){nw=b+\"px\";}if(w<=a){nw=a+\"px\";}return nw;\n}\n//-->\n</script>\n    <!--[if lte IE 6]>\n    <style type=\"text/css\">\n    #pagewrapper {width:expression(P7_MinMaxW(720,950));}\n    #container {height: 1%;}\n    </style>\n    <![endif]-->\n    {/literal}\n{* The min and max page width for Internet Explorer is set here. For other browsers it\'s in the stylesheet \"Layout Top menu + 2 columns\" *}\n\n    <!--[if lte IE 6]>\n    <script type=\"text/javascript\" src=\"modules/MenuManager/CSSMenu.js\"></script>\n    <![endif]--> \n{* The above JavaScript is required for CSSMenu to work in IE *}\n\n  </head>\n  <body>\n    <div id=\"pagewrapper\">\n{* first out side div/box *}\n\n{* start accessibility skip links, anything with the class of accessibility is hidden with CSS from visual browsers *}\n      <ul class=\"accessibility\">\n        <li>{anchor anchor=\'menu_vert\' title=\'Skip to navigation\' accesskey=\'n\' text=\'Skip to navigation\'}</li>\n        <li>{anchor anchor=\'main\' title=\'Skip to content\' accesskey=\'s\' text=\'Skip to content\'}</li>\n      </ul>\n{* end accessibility skip links *}\n\n      <hr class=\"accessibility\" />\n{* anything class=\"accessibility\" is hidden for visual browsers by CSS *}\n\n{* Start Header, with logo image that links to the default start page. Logo image is changed in the stylesheet  \"Layout Left sidebar + 1 column\" *}\n      <div id=\"header\">\n\n{* this holds the name of the site on the right side *}\n        <h2 class=\"headright\">{sitename}</h2>\n\n{* a link back to home page and the header left image/logo, text is hidden using CSS *}\n        <h1>{cms_selflink dir=\"start\" text=\"$sitename\"}</h1>        \n        <hr class=\"accessibility\" />\n      </div>\n{* End Header *}\n\n{* Start Search, the input \"Submit\" is using an image, CSS: input.search-button *}\n      <div id=\"search\">\n      {Search}\n      </div>\n{* End Search *}\n\n{* Start Breadcrumbs *}\n      <div class=\"crbk\">\n{* holds the right image, we need 2 divs to be able to make this site fluid, if it was fixed width we could use one div, one image  *}\n\n        <div class=\"breadcrumbs\">\n        {nav_breadcrumbs root=\'Home\'}\n          <hr class=\"accessibility\" />\n        </div>\n      </div>\n{* End Breadcrumbs *}\n\n{* Start Content (Navigation and Content columns) *}\n      <div id=\"content\">\n\n{* Start Sidebar, 2 divs one for top image one for bottom image *}\n        <div id=\"sidebar\">\n          <div id=\"sidebara\">\n\n{* Start Navigation, stylesheet  \"Navigation CSSMenu - Vertical\" *}\n            <h2 class=\"accessibility\">Navigation</h2>\n            {Navigator loadprops=0 template=\'cssmenu\'}\n            <hr class=\"accessibility\" />\n{* End Navigation *}\n\n{* Start News, stylesheet  \"Module News\" *}\n            <div id=\"news\">\n              <h2>News</h2>\n              {News number=\'3\' detailpage=\'news\'}\n            </div>\n{* End News *}\n\n          </div>\n        </div>\n{* End Sidebar *}\n\n{* Start Content Area, the back1, back2, back3, hold the 3 outside images, main holds the 4th one, to make the box complete, if the template were fixed width not fluid we could use just 2 divs and 2 images, 1 top 1 bottom *}\n        <div class=\"back1\">\n          <div class=\"back2\">\n            <div class=\"back3\">\n              <div id=\"main\">\n                <h2>{title}</h2>\n                {content}\n                <br />{* to insure space below the content *}\n\n{* Start relational links *}\n{* note this is the right side, when you float: divs you need to have float: right; divs first *}\n            <div class=\"right49\">\n              <p>{anchor anchor=\'main\' text=\'^ Top\'}</p>\n            </div>\n\n            <div class=\"left49\">\n              <p> {cms_selflink dir=\"previous\"}\n{* The label parameter doesn\'t need to be there if you\'re using English, but is here to show how it\'s used if you don\'t want the English text \"Previous page\" *}\n              <br />\n              {cms_selflink dir=\"next\"}\n              </p>\n            </div>\n{* End relational links *}\n\n                <hr class=\"accessibility\" />\n                <div class=\"clear\">\n                </div>\n              </div>\n            </div>\n          </div>\n        </div>\n{* End Content Area *}\n\n      </div>\n{* End Content *}\n\n{* Start Footer. Edit the footer in the Global Content Block called \"footer\" *}\n      <div class=\"footback\">\n        <div id=\"footer\">\n{* stylesheet  \"Navigation FatFootMenu\" *}\n          <div id=\"fooleft\">\n          {Navigator loadprops=0}\n          </div>\n          <div id=\"footrt\">\n          {global_content name=\'footer\'}\n          </div>\n          <div class=\"clear\"></div>\n        </div>\n      </div>\n{* End Footer *}\n\n    </div>\n{* end pagewrapper *}\n  </body>\n</html>','This is a drop-down menu that is using only CSS (although some Javascript is required for Internet Explorer 6, note: IE6 will not let you use 2 of these menu types in a template at the same time as the second one will fail to open). It can be either vertical or horizontal.',1,NULL,NULL,1,1,1675546017,1675546017),(4,'CSSMenu top + 2 columns','{process_pagedata}<!DOCTYPE html PUBLIC \"-//W3C//DTD XHTML 1.0 Transitional//EN\" \"http://www.w3.org/TR/xhtml1/DTD/xhtml1-transitional.dtd\">\n<html xmlns=\"http://www.w3.org/1999/xhtml\" xml:lang=\"en\" lang=\"en\">\n{* Change lang=\"en\" to the language of your site *}\n\n{* note: anything inside these are smarty comments, they will not show up in the page source *}\n\n  <head>\n    <title>{sitename} - {title}</title>\n{* The sitename is changed in Site Admin/Global settings. {title} is the name of each page *}\n\n {metadata}\n{* Don\'t remove this! Metadata is entered in Site Admin/Global settings. *}\n\n {cms_stylesheet}\n{* This is how all the stylesheets attached to this template are linked to it *}\n\n {cms_selflink dir=\"start\" rellink=1}\n {cms_selflink dir=\"prev\" rellink=1}\n {cms_selflink dir=\"next\" rellink=1}\n{* Relational links for interconnections between pages, good for accessibility and Search Engine Optimization *}\n\n{* the literal below and the /literal at the end are needed whenever there are {\"curly brackets\"} as smarty will think it\'s something to process and will throw an error *}\n {literal}\n<script type=\"text/JavaScript\">\n<!--\n//pass min and max - measured against window width\nfunction P7_MinMaxW(a,b){\nvar nw=\"auto\",w=document.documentElement.clientWidth;\nif(w>=b){nw=b+\"px\";}if(w<=a){nw=a+\"px\";}return nw;\n}\n//-->\n</script>\n    <!--[if lte IE 6]>\n    <style type=\"text/css\">\n    #pagewrapper {width:expression(P7_MinMaxW(720,950));}\n    #container {height: 1%;}\n    </style>\n    <![endif]-->\n    {/literal}\n{* The min and max page width for Internet Explorer is set here. For other browsers it\'s in the stylesheet \"Layout Top menu + 2 columns\" *}\n\n    <!--[if lte IE 6]>\n    <script type=\"text/javascript\" src=\"modules/MenuManager/CSSMenu.js\"></script>\n    <![endif]--> \n{* The above JavaScript is required for CSSMenu to work in IE *}\n  </head>\n  <body>\n    <div id=\"pagewrapper\">\n\n{* start accessibility skip links, anything with the class of accessibility is hidden with CSS from visual browsers *}\n      <ul class=\"accessibility\">\n        <li>{anchor anchor=\'menu_vert\' title=\'Skip to navigation\' accesskey=\'n\' text=\'Skip to navigation\'}</li>\n        <li>{anchor anchor=\'main\' title=\'Skip to content\' accesskey=\'s\' text=\'Skip to content\'}</li>\n      </ul>\n{* end accessibility skip links *}\n\n      <hr class=\"accessibility\" />\n{* Horizontal ruler that is hidden for visual browsers by CSS *}\n\n{* Start Header, with logo image that links to the default start page. Logo image is changed in the stylesheet  \"Layout Top menu + 2 columns\" *}\n      <div id=\"header\">\n\n{* this holds the name of the site on the right side *}\n        <h2 class=\"headright\">{sitename}</h2>\n\n{* a link back to home page and the header left image/logo, text is hidden using CSS *}\n        <h1>{cms_selflink dir=\"start\" text=\"$sitename\"}</h1>        \n        <hr class=\"accessibility\" />\n      </div>\n{* End Header *}\n\n{* Start Navigation *}\n      <div id=\"menu_vert\">\n{* stylesheet  \"Navigation CSSMenu - Horizontal\" *}\n        <h2 class=\"accessibility\">Navigation</h2>\n        {Navigator loadprops=0 template=\'cssmenu\'}\n        <hr class=\"accessibility\" />\n      </div>\n{* End Navigation *}\n\n{* Start Search, the input \"Submit\" is using an image, CSS: input.search-button *}\n      <div id=\"search\">\n      {Search}\n      </div>\n{* End Search *}\n\n{* Start Breadcrumbs *}\n      <div class=\"crbk\">\n{* holds the right image, we need 2 divs to be able to make this site fluid, if it was fixed width we could use one div, one image  *}\n\n        <div class=\"breadcrumbs\">\n        {nav_breadcrumbs root=\'Home\'}\n          <hr class=\"accessibility\" />\n        </div>\n      </div>\n{* End Breadcrumbs *}\n\n{* Start Content *}\n      <div id=\"content\">\n\n{* Start Sidebar *}\n        <div id=\"sidebar\">\n          <div id=\"sidebarb\">\n          {content block=\'Sidebar\'}\n\n{* Start News, stylesheet  \"Module News\" *}\n            <div id=\"news\">\n              <h2>News</h2>\n              {News number=\'3\' detailpage=\'news\'}\n            </div>\n{* End News *}\n\n          </div>\n        </div>\n{* End Sidebar *}\n\n{* Start Content Area, the back1, back2, back3, hold the 3 outside images, main holds the 4th one, to make the box complete, if the template were fixed width not fluid we could use just 2 divs and 2 images, 1 top 1 bottom *}\n        <div class=\"back1\">\n          <div class=\"back2\">\n            <div class=\"back3\">\n              <div id=\"main\">\n                <h2>{title}</h2>\n                {content}\n                <br />{* to insure space below content *}\n\n{* Start relational links *}\n{* note this is the right side, when you float: divs you need to have float: right; divs first *}\n            <div class=\"right49\">\n              <p>{anchor anchor=\'main\' text=\'^ Top\'}</p>\n            </div>\n            <div class=\"left49\">\n              <p>{cms_selflink dir=\"previous\"}\n{* The label parameter doesn\'t need to be there if you\'re using English, but is here to show how it\'s used if you don\'t want the English text \"Previous page\" *}\n\n              <br />\n              {cms_selflink dir=\"next\"}\n              </p>\n            </div>\n{* End relational links *}\n\n                <hr class=\"accessibility\" />\n                <div class=\"clear\"></div>\n              </div>\n            </div>\n          </div>\n        </div>\n{* End Content Area *}\n\n      </div>\n{* End Content *}\n\n{* Start Footer. Edit the footer in the Global Content Block called \"footer\" *}\n      <div class=\"footback\">\n        <div id=\"footer\">\n{* stylesheet  \"Navigation FatFootMenu\" *}\n          <div id=\"fooleft\">\n          {Navigator loadprops=0}\n          </div>\n          <div id=\"footrt\">\n          {global_content name=\'footer\'}\n          </div>\n          <div class=\"clear\"></div>\n        </div>\n      </div>\n{* End Footer *}\n\n    </div>\n{* end pagewrapper *}\n\n  </body>\n</html>','This is a drop-down menu that is using only CSS (although some Javascript is required for Internet Explorer 6, note: IE6 will not let you use 2 of these menu types in a template at the same time as the second one will fail to open). It can be either vertical or horizontal.',1,NULL,NULL,1,1,1675546017,1675546017),(5,'Left simple navigation + 1 column','{process_pagedata}<!DOCTYPE html PUBLIC \"-//W3C//DTD XHTML 1.0 Transitional//EN\" \"http://www.w3.org/TR/xhtml1/DTD/xhtml1-transitional.dtd\">\n<html xmlns=\"http://www.w3.org/1999/xhtml\" xml:lang=\"en\" lang=\"en\">\n{* Change lang=\"en\" to the language of your site *}\n\n{* note: anything inside these are smarty comments, they will not show up in the page source *}\n\n  <head>\n    <title>{sitename} - {title}</title>\n{* The sitename is changed in Site Admin/Global settings. {title} is the name of each page *}\n\n {metadata}\n{* Don\'t remove this! Metadata is entered in Site Admin/Global settings. *}\n\n {cms_stylesheet}\n{* This is how all the stylesheets attached to this template are linked to it *}\n\n {cms_selflink dir=\"start\" rellink=1}\n {cms_selflink dir=\"prev\" rellink=1}\n {cms_selflink dir=\"next\" rellink=1}\n{* Relational links for interconnections between pages, good for accessibility and Search Engine Optimization *}\n\n{* the literal below and the /literal at the end are needed whenever there are {\"curly brackets\"} as smarty will think it\'s something to process and will throw an error *}\n {literal}\n<script type=\"text/JavaScript\">\n<!--\n//pass min and max - measured against window width\nfunction P7_MinMaxW(a,b){\nvar nw=\"auto\",w=document.documentElement.clientWidth;\nif(w>=b){nw=b+\"px\";}if(w<=a){nw=a+\"px\";}return nw;\n}\n//-->\n</script>\n    <!--[if lte IE 6]>\n    <style type=\"text/css\">\n    #pagewrapper {width:expression(P7_MinMaxW(720,1200));}\n    #container {height: 1%;}\n    </style>\n    <![endif]-->\n    {/literal}\n{* The min and max page width for Internet Explorer is set here. For other browsers it\'s in the stylesheet \"Layout Left sidebar + 1 column\" *}\n\n  </head>\n  <body>\n    <div id=\"pagewrapper\">\n\n{* start accessibility skip links, anything with the class of accessibility is hidden with CSS from visual browsers *}\n      <ul class=\"accessibility\">\n        <li>{anchor anchor=\'menu_vert\' title=\'Skip to navigation\' accesskey=\'n\' text=\'Skip to navigation\'}</li>\n        <li>{anchor anchor=\'main\' title=\'Skip to content\' accesskey=\'s\' text=\'Skip to content\'}</li>\n      </ul>\n{* end accessibility skip links *}\n\n      <hr class=\"accessibility\" />\n{* anything with class=\"accessibility is hidden for visual browsers by CSS *}\n\n{* Start Header, with logo image that links to the default start page. Logo image is changed in the stylesheet  \"Layout Left sidebar + 1 column\" *}\n      <div id=\"header\">\n\n{* this holds the name of the site on the right side *}\n        <h2 class=\"headright\">{sitename}</h2>\n\n{* this holds a link back to home page and the header left image/logo, text is hidden using CSS *}\n        <h1>{cms_selflink dir=\"start\" text=\"$sitename\"}</h1> \n       \n        <hr class=\"accessibility\" />\n      </div>\n{* End Header *}\n\n{* Start Search, the input \"Submit\" is using an image, CSS: input.search-button *}\n      <div id=\"search\">\n      {Search}\n      </div>\n{* End Search *}\n\n{* Start Breadcrumbs *}\n      <div class=\"crbk\">\n{* holds the right image, we need 2 divs to be able to make this site fluid, if it was fixed width we could use one div, one image  *}\n\n        <div class=\"breadcrumbs\">\n        {nav_breadcrumbs root=\'Home\'}\n          <hr class=\"accessibility\" />\n        </div>\n      </div>\n{* End Breadcrumbs *}\n\n{* Start Content (Navigation and Content columns) *}\n      <div id=\"content\">\n\n{* Start Sidebar, 2 divs one for top image one for bottom image *}\n        <div id=\"sidebar\">\n          <div id=\"sidebara\">\n\n{* Start Navigation, stylesheet  \"Navigation Simple - Vertical\" *}\n            <div id=\"menu_vert\">\n              <h2 class=\"accessibility\">Navigation</h2>\n              {Navigator loadprops=0 template=\'Simple Navigation\' collapse=\'1\'}\n            </div>\n{* End Navigation *}\n\n{* Start News, style sheet \"Module News\" *}\n            <div id=\"news\">\n              <h2>News</h2>\n              {News number=\'3\' detailpage=\'news\'}\n            </div>\n{* End News *}\n\n          </div>\n        </div>\n{* End Sidebar *}\n\n{* Start Content Area *}\n{* again 2 divs to hold top and bottom images, back is set to go to the right side then the main is set to come off the right side *}\n        <div class=\"back\">        \n          <div id=\"main\">\n            <h2>{title}</h2>\n            {content}\n            <br />\n{* this break is just to make sure we get space after the content *}\n\n{* Start relational links *}\n{* note this is the right side, when you float: divs you need to have float: right; divs first *}\n            <div class=\"right49\">\n              <p>{anchor anchor=\'main\' text=\'^ Top\'}</p>\n            </div>\n\n            <div class=\"left49\">\n              <p>{cms_selflink dir=\"previous\"}\n{* The label parameter doesn\'t need to be there if you\'re using English, but is here to show how it\'s used if you don\'t want the English text \"Previous page\" *}\n\n              <br />\n              {cms_selflink dir=\"next\"}\n              </p>\n            </div>\n{* End relational links *}\n\n            <hr class=\"accessibility\" />\n          </div>\n        </div>\n{* End Content Area *}\n\n        <div class=\"clear\"></div>\n{* this is to make sure the 2 divs stay tight *}\n\n      </div>\n{* End Content *}\n\n{* Start Footer. Edit the footer in the Global Content Block called \"footer\" *}\n      <div class=\"footback\">\n        <div id=\"footer\">\n{* stylesheet  \"Navigation FatFootMenu\" *}\n          <div id=\"fooleft\">\n          {Navigator loadprops=0}\n          </div>\n          <div id=\"footrt\">\n          {global_content name=\'footer\'}\n          </div>\n          <div class=\"clear\"></div>\n        </div>\n      </div>\n{* End Footer *}\n\n    </div>\n{* end pagewrapper *}\n  </body>\n</html>','This template has the menu in left sidebar. The menu is using the Simple Navigation menu template. It is styled in the stylesheet called Navigation Simple - Vertical.',1,NULL,NULL,1,1,1675546017,1675546017),(6,'Top simple navigation + left subnavigation + 1 column','{process_pagedata}<!DOCTYPE html PUBLIC \"-//W3C//DTD XHTML 1.0 Transitional//EN\" \"http://www.w3.org/TR/xhtml1/DTD/xhtml1-transitional.dtd\">\r\n<html xmlns=\"http://www.w3.org/1999/xhtml\" xml:lang=\"en\" lang=\"en\">\r\n{* Change lang=\"en\" to the language of your site *}\r\n\r\n{* note: anything inside these are smarty comments, they will not show up in the page source *}\r\n\r\n  <head>\r\n    <title>{sitename} - {title}</title>\r\n{* The sitename is changed in Site Admin/Global settings. {title} is the name of each page *}\r\n\r\n {metadata}\r\n{* Don\'t remove this! Metadata is entered in Site Admin/Global settings. *}\r\n\r\n {cms_stylesheet}\r\n{* This is how all the stylesheets attached to this template are linked to it *}\r\n\r\n {cms_selflink dir=\"start\" rellink=1}\r\n {cms_selflink dir=\"prev\" rellink=1}\r\n {cms_selflink dir=\"next\" rellink=1}\r\n{* Relational links for interconnections between pages, good for accessibility and Search Engine Optimization *}\r\n\r\n{* the literal below and the /literal at the end are needed whenever there are {\"curly brackets\"} as smarty will think it\'s something to process and will throw an error *}\r\n {literal}\r\n<script type=\"text/JavaScript\">\r\n<!--\r\n//pass min and max - measured against window width\r\nfunction P7_MinMaxW(a,b){\r\nvar nw=\"auto\",w=document.documentElement.clientWidth;\r\nif(w>=b){nw=b+\"px\";}if(w<=a){nw=a+\"px\";}return nw;\r\n}\r\n//-->\r\n</script>\r\n    <!--[if lte IE 6]>\r\n    <style type=\"text/css\">\r\n    #pagewrapper {width:expression(P7_MinMaxW(720,950));}\r\n    #container {height: 1%;}\r\n    </style>\r\n    <![endif]-->\r\n    {/literal}\r\n{* The min and max page width for Internet Explorer is set here. For other browsers it\'s in the stylesheet \"Layout Top menu + 2 columns\" *}\r\n\r\n  </head>\r\n  <body>\r\n    <div id=\"pagewrapper\">\r\n\r\n{* start accessibility skip links, anything with the class of accessibility is hidden with CSS from visual browsers *}\r\n      <ul class=\"accessibility\">\r\n        <li>{anchor anchor=\'menu_vert\' title=\'Skip to navigation\' accesskey=\'n\' text=\'Skip to navigation\'}</li>\r\n        <li>{anchor anchor=\'main\' title=\'Skip to content\' accesskey=\'s\' text=\'Skip to content\'}</li>\r\n      </ul>\r\n{* end accessibility skip links *}\r\n\r\n      <hr class=\"accessibility\" />\r\n{* Horizontal ruler that is hidden for visual browsers by CSS *\r\n}\r\n{* Start Header, with logo image that links to the default start page. Logo image is changed in the stylesheet  \"Layout Top menu + 2 columns\" *}\r\n      <div id=\"header\">\r\n\r\n{* this holds the name of the site on the right side *}\r\n        <h2 class=\"headright\">{sitename}</h2>\r\n\r\n{* this holds a link back to home page and the header left image/logo, text is hidden using CSS *}\r\n        <h1>{cms_selflink dir=\"start\" text=\"$sitename\"}</h1>\r\n        <hr class=\"accessibility\" />\r\n      </div>\r\n{* End Header *}\r\n\r\n{* Start Navigation *}\r\n      <div id=\"menu_horiz\">\r\n{* stylesheet  \"Navigation Simple - Horizontal\" *}\r\n        <h2 class=\"accessibility\">Navigation</h2>\r\n        {Navigator loadprops=0 template=\'Simple Navigation\' number_of_levels=\'1\'}\r\n        <hr class=\"accessibility\" />\r\n      </div>\r\n{* End Navigation *}\r\n{* Start Search, the input \"Submit\" is using an image, CSS: input.search-button *}\r\n      <div id=\"search\">\r\n      {Search}\r\n      </div>\r\n{* End Search *}\r\n\r\n{* Start Breadcrumbs *}\r\n      <div class=\"crbk\">\r\n{* holds the right image, we need 2 divs to be able to make this site fluid, if it was fixed width we could use one div, one image  *}\r\n\r\n        <div class=\"breadcrumbs\">\r\n        {nav_breadcrumbs root=\'Home\'}\r\n          <hr class=\"accessibility\" />\r\n        </div>\r\n      </div>\r\n{* End Breadcrumbs *}\r\n\r\n{* Start Content (Navigation and Content columns) *}\r\n      <div id=\"content\">\r\n\r\n{* Start Sidebar, 2 divs one for top image one for bottom image *}\r\n        <div id=\"sidebar\">\r\n          <div id=\"sidebara\">\r\n\r\n{* Start Sub Navigation, stylesheet  \"Navigation Simple - Vertical\" *}\r\n            <div id=\"menu_vert\">\r\n              <h2 class=\"accessibility\">Sub Navigation</h2>\r\n              {Navigator loadprops=0 template=\'Simple Navigation\' start_level=\'2\' collapse=\'1\'}\r\n                <hr class=\"accessibility\" />\r\n            </div>\r\n{* End Sub Navigation *}\r\n\r\n{* Start News, style sheet \"Module News\" *}\r\n            <div id=\"news\">\r\n              <h2>News</h2>\r\n              {News number=\'3\' detailpage=\'news\'}\r\n            </div>\r\n{* End News *}\r\n\r\n          </div>\r\n        </div>\r\n{* End Sidebar *}\r\n\r\n{* Start Content Area, the back1, back2, back3, hold the 3 outside images, main holds the 4th one, to make the box complete, if the template were fixed width not fluid we could use just 2 divs and 2 images, 1 top 1 bottom *}\r\n        <div class=\"back1\">\r\n          <div class=\"back2\">\r\n            <div class=\"back3\">\r\n              <div id=\"main\">\r\n                <h2>{title}</h2>\r\n                {content}\r\n                <br />{* to insure space below content *}\r\n\r\n{* Start relational links *}\r\n{* note this is the right side, when you float: divs you need to have float: right; divs first *}\r\n            <div class=\"right49\">\r\n              <p>{anchor anchor=\'main\' text=\'^ Top\'}</p>\r\n            </div>\r\n            <div class=\"left49\">\r\n              <p>{cms_selflink dir=\"previous\"}\r\n{* The label parameter doesn\'t need to be there if you\'re using English, but is here to show how it\'s used if you don\'t want the English text \"Previous page\" *}\r\n\r\n              <br />\r\n              {cms_selflink dir=\"next\"}\r\n              </p>\r\n            </div>\r\n{* End relational links *}\r\n\r\n                <hr class=\"accessibility\" />\r\n                <div class=\"clear\"></div>\r\n              </div>\r\n            </div>\r\n          </div>\r\n        </div>\r\n{* End Content Area *}\r\n\r\n      </div>\r\n{* End Content *}\r\n\r\n{* Start Footer. Edit the footer in the Global Content Block called \"footer\" *}\r\n      <div class=\"footback\">\r\n        <div id=\"footer\">\r\n{* stylesheet  \"Navigation FatFootMenu\" *}\r\n          <div id=\"fooleft\">\r\n          {Navigator loadprops=0}\r\n          </div>\r\n          <div id=\"footrt\">\r\n          {global_content name=\'footer\'}\r\n          </div>\r\n          <div class=\"clear\"></div>\r\n        </div>\r\n      </div>\r\n{* End Footer  *}\r\n\r\n    </div>\r\n{* end pagewrapper *}\r\n\r\n  </body>\r\n</html>','With the Menu Manager you can easily split the navigation in two parts. On this page the top level in the page hierarchy is displayed horizontally and depending on what page is displayed a localized sub-menu is displayed vertically to the left.',1,0,NULL,1,1,1675546017,1675611459),(7,'ShadowMenu Tab + 2 columns','{process_pagedata}<!DOCTYPE html PUBLIC \"-//W3C//DTD XHTML 1.0 Transitional//EN\" \"http://www.w3.org/TR/xhtml1/DTD/xhtml1-transitional.dtd\">\r\n<html xmlns=\"http://www.w3.org/1999/xhtml\" xml:lang=\"en\" lang=\"en\">\r\n{* Change lang=\"en\" to the language of your site *}\r\n\r\n{* note: anything inside these are smarty comments, they will not show up in the page source *}\r\n\r\n  <head>\r\n    <title>{sitename} - {title}</title>\r\n{* The sitename is changed in Site Admin/Global settings. {title} is the name of each page *}\r\n\r\n {metadata}\r\n{* Don\'t remove this! Metadata is entered in Site Admin/Global settings. *}\r\n\r\n {cms_stylesheet name=\"nltsvc\"}\r\n{* This is how all the stylesheets attached to this template are linked to it *}\r\n\r\n {cms_selflink dir=\"start\" rellink=1}\r\n {cms_selflink dir=\"prev\" rellink=1}\r\n {cms_selflink dir=\"next\" rellink=1}\r\n{* Relational links for interconnections between pages, good for accessibility and Search Engine Optimization *}\r\n\r\n{* the literal below and the /literal at the end are needed whenever there are {\"curly brackets\"} as smarty will think it\'s something to process and will throw an error *}\r\n {literal}\r\n<script type=\"text/JavaScript\">\r\n<!--\r\n//pass min and max - measured against window width\r\nfunction P7_MinMaxW(a,b){\r\nvar nw=\"auto\",w=document.documentElement.clientWidth;\r\nif(w>=b){nw=b+\"px\";}if(w<=a){nw=a+\"px\";}return nw;\r\n}\r\n//-->\r\n</script>\r\n    <!--[if lte IE 6]>\r\n    <style type=\"text/css\">\r\n    #pagewrapper {width:expression(P7_MinMaxW(720,950));}\r\n    #container {height: 1%;}\r\n    </style>\r\n    <![endif]-->\r\n    {/literal}\r\n{* The min and max page width for Internet Explorer is set here. For other browsers it\'s in the stylesheet \"Layout Top menu + 2 columns\" *}\r\n\r\n    <!--[if lte IE 6]>\r\n    <script type=\"text/javascript\" src=\"modules/MenuManager/CSSMenu.js\"></script>\r\n    <![endif]--> \r\n{* The above JavaScript is required for CSSMenu to work in IE *}\r\n\r\n  </head>\r\n  <body>\r\n    <div id=\"pagewrapper\">\r\n\r\n{* start accessibility skip links, anything with the class of accessibility is hidden with CSS from visual browsers *}\r\n      <ul class=\"accessibility\">\r\n        <li>{anchor anchor=\'menu_vert\' title=\'Skip to navigation\' accesskey=\'n\' text=\'Skip to navigation\'}</li>\r\n        <li>{anchor anchor=\'main\' title=\'Skip to content\' accesskey=\'s\' text=\'Skip to content\'}</li>\r\n      </ul>\r\n{* end accessibility skip links *}\r\n\r\n      <hr class=\"accessibility\" />\r\n{* Horizontal ruler that is hidden for visual browsers by CSS *}\r\n\r\n{* Start Header, with logo image that links to the default start page. Logo image is changed in the stylesheet  \"Layout Top menu + 2 columns\" *}\r\n      <div id=\"header\">\r\n\r\n{* this holds the name of the site on the right side *}\r\n        <h2 class=\"headright\">{sitename}</h2>\r\n\r\n{* a link back to home page and the header left image/logo, text is hidden using CSS *}\r\n        <h1>{cms_selflink dir=\"start\" text=\"$sitename\"}</h1>        \r\n        <hr class=\"accessibility\" />\r\n      </div>\r\n{* End Header *}\r\n\r\n{* Start Navigation, stylesheet \"Navigation ShadowMenu - Horizontal\" *}\r\n      <div id=\"menu_vert\">\r\n        <h2 class=\"accessibility\">Navigation</h2>\r\n        {Navigator loadprops=0 template=\'cssmenu_ulshadow\'}\r\n        <hr class=\"accessibility\" />\r\n      </div>\r\n{* End Navigation *}\r\n\r\n{* Start Search, the input \"Submit\" is using an image, CSS: input.search-button *}\r\n      <div id=\"search\">\r\n      {Search}\r\n      </div>\r\n{* End Search *}\r\n\r\n{* Start Breadcrumbs *}\r\n      <div class=\"crbk\">\r\n{* holds the right image, we need 2 divs to be able to make this site fluid, if it was fixed width we could use one div, one image  *}\r\n\r\n        <div class=\"breadcrumbs\">\r\n        {nav_breadcrumbs root=\'Home\'}\r\n          <hr class=\"accessibility\" />\r\n        </div>\r\n      </div>\r\n{* End Breadcrumbs *}\r\n\r\n{* Start Content *}\r\n      <div id=\"content\">\r\n\r\n{* Start Sidebar *}\r\n        <div id=\"sidebar\">\r\n          <div id=\"sidebarb\">\r\n          {content block=\'Sidebar\'}\r\n\r\n{* Start News, stylesheet  \"Module News\" *}\r\n            <div id=\"news\">\r\n              <h2>News</h2>\r\n              {News number=\'3\' detailpage=\'news\'}\r\n            </div>\r\n{* End News *}\r\n\r\n          </div>\r\n        </div>\r\n{* End Sidebar *}\r\n\r\n{* Start Content Area, the back1, back2, back3, hold the 3 outside images, main holds the 4th one, to make the box complete, if the template were fixed width not fluid we could use just 2 divs and 2 images, 1 top 1 bottom *}\r\n        <div class=\"back1\">\r\n          <div class=\"back2\">\r\n            <div class=\"back3\">\r\n              <div id=\"main\">\r\n                <h2>{title}</h2>\r\n                {content}\r\n                <br />{* to insure space below content *}\r\n\r\n{* Start relational links *}\r\n{* note this is the right side, when you float: divs you need to have float: right; divs first *}\r\n            <div class=\"right49\">\r\n              <p>{anchor anchor=\'main\' text=\'^ Top\'}</p>\r\n            </div>\r\n            <div class=\"left49\">\r\n              <p>{cms_selflink dir=\"previous\"}\r\n{* The label parameter doesn\'t need to be there if you\'re using English, but is here to show how it\'s used if you don\'t want the English text \"Previous page\" *}\r\n\r\n              <br />\r\n              {cms_selflink dir=\"next\"}\r\n              </p>\r\n            </div>\r\n{* End relational links *}\r\n\r\n                <hr class=\"accessibility\" />\r\n                <div class=\"clear\"></div>\r\n              </div>\r\n            </div>\r\n          </div>\r\n        </div>\r\n{* End Content Area *}\r\n\r\n      </div>\r\n{* End Content *}\r\n\r\n{* Start Footer. Edit the footer in the Global Content Block called \"footer\" *}\r\n      <div class=\"footback\">\r\n        <div id=\"footer\">\r\n{* stylesheet  \"Navigation FatFootMenu\" *}\r\n          <div id=\"fooleft\">\r\n          {Navigator loadprops=0}\r\n          </div>\r\n          <div id=\"footrt\">\r\n          {global_content name=\'footer\'}\r\n          </div>\r\n          <div class=\"clear\"></div>\r\n        </div>\r\n      </div>\r\n{* End Footer *}\r\n\r\n    </div>\r\n{* end pagewrapper *}\r\n\r\n  </body>\r\n</html>','Using the same menu template as the previous theme. We changed the child ul CSS to use a different top image. This involves changing some of the margin and padding as the images are a different shape. Note the difference in the second level and third level ul images, one has an arrow up and the other has an arrow left.',1,0,NULL,1,1,1675546017,1675610687),(8,'ShadowMenu left + 1 column','{process_pagedata}<!DOCTYPE html PUBLIC \"-//W3C//DTD XHTML 1.0 Transitional//EN\" \"http://www.w3.org/TR/xhtml1/DTD/xhtml1-transitional.dtd\">\r\n<html xmlns=\"http://www.w3.org/1999/xhtml\" xml:lang=\"en\" lang=\"en\">\r\n{* Change lang=\"en\" to the language of your site *}\r\n\r\n{* note: anything inside these are smarty comments, they will not show up in the page source *}\r\n\r\n  <head>\r\n    <title>{sitename} - {title}</title>\r\n{* The sitename is changed in Site Admin/Global settings. {title} is the name of each page *}\r\n\r\n {metadata}\r\n{* Don\'t remove this! Metadata is entered in Site Admin/Global settings. *}\r\n\r\n {cms_stylesheet}\r\n{* This is how all the stylesheets attached to this template are linked to it *}\r\n\r\n {cms_selflink dir=\"start\" rellink=1}\r\n {cms_selflink dir=\"prev\" rellink=1}\r\n {cms_selflink dir=\"next\" rellink=1}\r\n{* Relational links for interconnections between pages, good for accessibility and Search Engine Optimization *}\r\n\r\n{* the literal below and the /literal at the end are needed whenever there are {\"curly brackets\"} as smarty will think it\'s something to process and will throw an error *}\r\n {literal}\r\n<script type=\"text/JavaScript\">\r\n<!--\r\n//pass min and max - measured against window width\r\nfunction P7_MinMaxW(a,b){\r\nvar nw=\"auto\",w=document.documentElement.clientWidth;\r\nif(w>=b){nw=b+\"px\";}if(w<=a){nw=a+\"px\";}return nw;\r\n}\r\n//-->\r\n</script>\r\n    <!--[if lte IE 6]>\r\n    <style type=\"text/css\">\r\n    #pagewrapper {width:expression(P7_MinMaxW(720,950));}\r\n    #container {height: 1%;}\r\n    </style>\r\n    <![endif]-->\r\n    {/literal}\r\n{* The min and max page width for Internet Explorer is set here. For other browsers it\'s in the stylesheet \"Layout Top menu + 2 columns\" *}\r\n\r\n    <!--[if lte IE 6]>\r\n    <script type=\"text/javascript\" src=\"modules/MenuManager/CSSMenu.js\"></script>\r\n    <![endif]--> \r\n{* The above JavaScript is required for CSSMenu to work in IE *}\r\n\r\n  </head>\r\n  <body>\r\n {*   <div id=\"pagewrapper\">*}\r\n\r\n{* start accessibility skip links, anything with the class of accessibility is hidden with CSS from visual browsers *}\r\n{*      <ul class=\"accessibility\">\r\n        <li>{anchor anchor=\'menu_vert\' title=\'Skip to navigation\' accesskey=\'n\' text=\'Skip to navigation\'}</li>\r\n        <li>{anchor anchor=\'main\' title=\'Skip to content\' accesskey=\'s\' text=\'Skip to content\'}</li>\r\n      </ul>*}\r\n{* end accessibility skip links *}\r\n\r\n      <hr class=\"accessibility\" />\r\n{* Horizontal ruler that is hidden for visual browsers by CSS *}\r\n\r\n{* Start Header, with logo image that links to the default start page. Logo image is changed in the stylesheet  \"Layout Left sidebar + 1 column\" *}\r\n      <div id=\"header\">\r\n\r\n{* this holds the name of the site on the right side *}\r\n        <h2 class=\"headright\">{sitename}</h2>\r\n\r\n{* this holds a link back to home page and the header left image/logo, text is hidden using CSS *}\r\n        <h1>{cms_selflink dir=\"start\" text=\"$sitename\"}</h1>        \r\n        <hr class=\"accessibility\" />\r\n      </div>\r\n{* End Header *}\r\n\r\n{* Start Search, the input \"Submit\" is using an image, CSS: input.search-button *}\r\n      <div id=\"search\">\r\n      {Search}\r\n      </div>\r\n{* End Search *}\r\n\r\n{* Start Breadcrumbs *}\r\n      <div class=\"crbk\">\r\n{* holds the right image, we need 2 divs to be able to make this site fluid, if it was fixed width we could use one div, one image  *}\r\n\r\n        <div class=\"breadcrumbs\">\r\n        {nav_breadcrumbs root=\'Home\'}\r\n          <hr class=\"accessibility\" />\r\n        </div>\r\n      </div>\r\n{* End Breadcrumbs *}\r\n\r\n{* Start Content (Navigation and Content columns) *}\r\n      <div id=\"content\">\r\n\r\n{* Start Sidebar, 2 divs one for top image one for bottom image *}\r\n        <div id=\"sidebar\">\r\n          <div id=\"sidebara\">\r\n\r\n{* Start Navigation, stylesheet  \"Navigation ShadowMenu - Vertical\" *}\r\n            <h2 class=\"accessibility\">Navigation</h2>\r\n            {Navigator loadprops=0 template=\'cssmenu_ulshadow\'}\r\n            <hr class=\"accessibility\" />\r\n\r\n{* Start News, stylesheet  \"Module News\" *}\r\n            <div id=\"news\">\r\n              <h2>News</h2>\r\n              {News number=\'3\' detailpage=\'news\'}\r\n            </div>\r\n{* End News *}\r\n\r\n          </div>\r\n        </div>\r\n{* End Sidebar *}\r\n\r\n{* Start Content Area, the back1, back2, back3, hold the 3 outside images, main holds the 4th one, to make the box complete, if the template were fixed width not fluid we could use just 2 divs and 2 images, 1 top 1 bottom *}\r\n        <div class=\"back1\">\r\n          <div class=\"back2\">\r\n            <div class=\"back3\">\r\n              <div id=\"main\">\r\n                <h2>{title}</h2>\r\n                {content}\r\n                <br />{* to insure space below content *}\r\n\r\n{* Start relational links *}\r\n{* note this is the right side, when you float: divs you need to have float: right; divs first *}\r\n            <div class=\"right49\">\r\n              <p>{anchor anchor=\'main\' text=\'^ Top\'}</p>\r\n            </div>\r\n            <div class=\"left49\">\r\n              <p>{cms_selflink dir=\"previous\"}\r\n{* The label parameter doesn\'t need to be there if you\'re using English, but is here to show how it\'s used if you don\'t want the English text \"Previous page\" *}\r\n\r\n              <br />\r\n              {cms_selflink dir=\"next\"}\r\n              </p>\r\n            </div>\r\n{* End relational links *}\r\n\r\n                <hr class=\"accessibility\" />\r\n                <div class=\"clear\"></div>\r\n              </div>\r\n            </div>\r\n          </div>\r\n        </div>\r\n{* End Content Area *}\r\n\r\n      </div>\r\n{* End Content *}\r\n\r\n{* Start Footer. Edit the footer in the Global Content Block called \"footer\" *}\r\n      <div class=\"footback\">\r\n        <div id=\"footer\">\r\n{* stylesheet  \"Navigation FatFootMenu\" *}\r\n          <div id=\"fooleft\">\r\n          {Navigator loadprops=0}\r\n          </div>\r\n          <div id=\"footrt\">\r\n          {global_content name=\'footer\'}\r\n          </div>\r\n          <div class=\"clear\"></div>\r\n        </div>\r\n      </div>\r\n{* End Footer *}\r\n\r\n    </div>\r\n{* end pagewrapper *}\r\n\r\n  </body>\r\n</html>','Using the same menu template as the previous theme. We changed the child ul CSS to use a different top image. This involves changing some of the margin and padding as the images are a different shape. Note the difference in the second level and third level ul images, one has an arrow up and the other has an arrow left.',1,0,NULL,1,1,1675546017,1675609421),(9,'NCleanBlue','{process_pagedata}<!DOCTYPE html PUBLIC \"-//W3C//DTD XHTML 1.0 Transitional//EN\"\n\"http://www.w3.org/TR/xhtml1/DTD/xhtml1-transitional.dtd\">\n<html xmlns=\"http://www.w3.org/1999/xhtml\" xml:lang=\"en\" lang=\"en\">\n{* Change lang=\"en\" to the language of your site *}\n\n{* note: anything inside these are smarty comments, they will not show up in the page source *}\n  <head>\n{if isset($canonical)}<link rel=\"canonical\" href=\"{$canonical}\" />{elseif isset($content_obj)}<link rel=\"canonical\" href=\"{$content_obj->GetURL()}\" />{/if}\n\n<title>{title} | {sitename}</title>\n{* The sitename is changed in Site Admin/Global settings. {title} is the name of each page *}\n\n{metadata}\n{* Don\'t remove this! Metadata is entered in Site Admin/Global settings. *}\n\n{cms_stylesheet}\n{* This is how all the stylesheets attached to this template are linked to *}\n\n{cms_selflink dir=\"start\" rellink=1}\n{cms_selflink dir=\"prev\" rellink=1}\n{cms_selflink dir=\"next\" rellink=1}\n{* Relational links for interconnections between pages, good for accessibility and Search Engine Optmization *}\n\n<!--[if IE 6]>\n<script type=\"text/javascript\" src=\"modules/MenuManager/CSSMenu.js\"></script>\n<![endif]-->\n{* The above JavaScript is required for Menu - NCleanBlue-css to work in IE6 *}\n\n{* the literal below and the /literal at the end are needed whenever there are {\"curly brackets\"} as smarty will think it\'s something to process and will throw an error *}\n{* IE6 png fix *}\n{literal}\n<!--[if IE 6]>\n<script type=\"text/javascript\"  src=\"uploads/NCleanBlue/js/ie6fix.js\"></script>\n<script type=\"text/javascript\">\n // argument is a CSS selector\n DD_belatedPNG.fix(\'.sbar-top,.sbar-bottom,.main-top,.main-bottom,#version\');\n</script>\n<style type=\"text/css\">\n/* enable background image caching in IE6 */\nhtml {filter:expression(document.execCommand(\"BackgroundImageCache\", false, true));} \n</style>\n<![endif]-->\n{/literal}\n\n  </head>\n  <body>\n    <div id=\"ncleanblue\">\n      <div id=\"pagewrapper\" class=\"core-wrap-960 core-center\">\n{* start accessibility skip links *}\n        <ul class=\"accessibility\">\n          <li>{anchor anchor=\'menu_vert\' title=\'Skip to navigation\' accesskey=\'n\' text=\'Skip to navigation\'}</li>\n          <li>{anchor anchor=\'main\' title=\'Skip to content\' accesskey=\'s\' text=\'Skip to content\'}</li>\n        </ul>\n{* end accessibility skip links *}\n        <hr class=\"accessibility\" />\n{* Horizontal ruler that is hidden for visual browsers by CSS *}\n\n{* Start Header, with logo image that links to the default start page *}\n        <div id=\"header\" class=\"util-clearfix\">\n{* logo image that links to the default start page. Logo image is changed in the style sheet  \"Layout NCleanBlue\" *}\n          <div id=\"logo\" class=\"core-float-left\">\n            {cms_selflink dir=\"start\" text=\"$sitename\"}\n          </div>\n          \n{* Start Search, the input \"Submit\" is using an image, CSS: div#search input.search-button *}\n          <div id=\"search\" class=\"core-float-right\">\n            {Search search_method=\"post\"}\n          </div>\n{* End Search *}\n          <span class=\"util-clearb\">&nbsp;</span>\n          \n{* Start Navigation, style sheet  \"Layout NCleanBlue\", starting at Menu  ROOT *}\n          <h2 class=\"accessibility util-clearb\">Navigation</h2>\n{* anything class=\"accessibility\" is hidden for visual browsers by CSS *}\n          <div class=\"page-menu util-clearfix\">\n          {Navigator loadprops=0 template=\'cssmenu_ulshadow\'}\n          </div>\n          <hr class=\"accessibility util-clearb\" />\n{* End Navigation *}\n\n        </div>\n{* End Header *}\n\n{* Start Content (Navigation and Content columns) *}\n        <div id=\"content\" class=\"util-clearfix\"> \n\n{* Start Optional tag CMS Version Information, also is a good example how smarty works, the big star that holds the version number, you may remove it here and the style sheet where it is marked. *}\n          <div title=\"CMS - {cms_version} - {cms_versionname}\" id=\"version\">\n          {capture assign=\'cms_version\'}{cms_version|lower}{/capture}{\"/-([a-z]).*/\"|preg_replace:\"\":$cms_version}\n          </div>\n{* End Optional tag  *}\n\n{* Start Bar *}\n          <div id=\"bar\" class=\"util-clearfix\">\n{* Start Breadcrumbs, a bit of letting you know where your at *}\n            <div class=\"breadcrumbs core-float-right\">\n              {nav_breadcrumbs root=\'Home\'}\n            </div>\n{* End Breadcrumbs *}\n\n            <hr class=\"accessibility util-clearb\" />\n          </div>\n{* End Bar *}\n\n{* Start left side *}\n          <div id=\"left\" class=\"core-float-left\">\n            <div class=\"sbar-top\">\n              <h2 class=\"sbar-title\">News</h2>\n            </div>\n            <div class=\"sbar-main\">\n{* Start News *}\n              <div id=\"news\">\n              {News number=\'3\' detailpage=\'news\'}\n              </div>\n              <img class=\"screen\" src=\"uploads/NCleanBlue/screen-1.6.jpg\" width=\"139\" height=\"142\" title=\"CMS - {cms_version} - {cms_versionname}\" alt=\"CMS - {cms_version} - {cms_versionname}\" />\n{* End News *} \n            </div>\n            <span class=\"sbar-bottom\">&nbsp;</span> \n          </div>\n{* End left side *}\n\n{* Start Content Area, right side *}\n          <div id=\"main\"  class=\"core-float-right\">\n\n{* main top, holds top image *}\n            <div class=\"main-top\">\n              </div> \n            \n{* main content *}\n            <div class=\"main-main util-clearfix\">\n              <h1 class=\"title\">{title}</h1>\n            {content}\n            </div>\n            \n{* Start main bottom and relational links *}\n            <div class=\"main-bottom\">\n              <div class=\"right49 core-float-right\">\n              {anchor anchor=\'main\' text=\'^&nbsp;&nbsp;Top\'}\n              </div>\n              <div class=\"left49 core-float-left\">\n                <span>\n                  {cms_selflink dir=\"previous\"}&nbsp;\n{* The label parameter doesn\'t need to be there if you\'re using English, but is here to show how it\'s used if you don\'t want the English text \"Previous page\" *}\n                </span>\n                <span>\n                  {cms_selflink dir=\"next\"}&nbsp;\n                </span>\n              </div>\n{* End relational links *}\n\n              <hr class=\"accessibility\" />\n            </div>\n{* End main bottom *}\n\n          </div>\n{* End Content Area, right side *}\n\n        </div>\n{* End Content *}\n\n      </div>\n{* end pagewrapper *}\n      <span class=\"util-clearb\">&nbsp;</span>\n      \n{* Start Footer *}\n      <div id=\"footer-wrapper\">\n        <div id=\"footer\" class=\"core-wrap-960\">\n{* first foot menu *}\n          <div class=\"block core-float-left\">\n            {Navigator loadprops=0 template=\'minimal_menu\'  number_of_levels=\'1\'}\n          </div>\n          \n{* second foot menu if active page has children *}\n          <div class=\"block core-float-left\">\n            {Navigator loadprops=0 template=\'minimal_menu\'  start_level=\"2\"}\n          </div>\n          \n{* edit the footer in the Global Content Block called \"footer\" *}\n          <div class=\"block cms core-float-left\">\n            {global_content name=\'footer\'}\n          </div>\n          \n          <span class=\"util-clearb\">&nbsp;</span>\n        </div>\n      </div>\n{* End Footer *}\n    </div>\n{* End Div *}\n  </body>\n</html>','This one is using a new menu template so we can style the drop down for the children pages, using an image for the second ul going from the top down, it has an extra li at the bottom of the child pages ul <li class=\"separator once\" style=\"list-style-type: none;\">&nbsp; </li> this is used to hold the bottom image.',1,NULL,NULL,1,1,1675546017,1675546017),(10,'Simplex','{strip}\r\n{* used for page specific data or logic in Edit Content -> Logic *}\r\n{process_pagedata}\r\n\r\n{* ================\r\n   THEME LOGIC\r\n   ================ *}\r\n    \r\n{* With cms_lang_info we retrieve current language information, assign gives us $nls variable we can work with *}\r\n{cms_lang_info assign=\'nls\'}\r\n{* assigned url to theme related folder so we do not have to type full path each time *}\r\n{$theme_path = \"{uploads_url}/simplex\"}\r\n{* assigned content tag, now we have all smarty variables available anywhere in template *}\r\n{* assigned title tag to a variable which we can override with a module entry title for example *}\r\n{title assign=\'main_title\'}\r\n{content assign=\'main_content\'}\r\n{* assigned prev and next links so we don\'t have empty html tags if there is no previous or next page *}\r\n{cms_selflink dir=\'previous\' assign=\'prev_page\'}\r\n{cms_selflink dir=\'next\' assign=\'next_page\'}\r\n\r\n{* ensure that the smarty variables we created are copied to global scope for use elsewhere in the template *}\r\n{share_data scope=parent vars=\'nls,theme_path,main_title,main_content,prev_page,next_page\' scope=global}\r\n\r\n{* using strip as we don\'t want useless whitespace, especially not before doctype *}\r\n{/strip}<!doctype html>\r\n<!--[if IE 8]>         <html lang=\'{$nls->htmlarea()}\' dir=\'{$nls->direction()}\' class=\'lt-ie9\'> <![endif]-->\r\n<!--[if gt IE 8]><!--> <html lang=\'{$nls->htmlarea()}\' dir=\'{$nls->direction()}\'> <!--<![endif]-->\r\n    <head>\r\n        <meta charset=\'{$nls->encoding()}\' />\r\n        {metadata} {* Don\'t remove this! Metadata is entered in Site Admin/Global settings. *}\r\n        <title>{$main_title nocache} - {sitename}</title>\r\n        <meta name=\'HandheldFriendly\' content=\'True\' />\r\n        <meta name=\'MobileOptimized\' content=\'320\' />\r\n        <meta name=\'viewport\' content=\'width=device-width, initial-scale=1\' />\r\n        <meta http-equiv=\'cleartype\' content=\'on\' />\r\n        <meta name=\'msapplication-TileImage\' content=\'{$theme_path}/images/icons/cmsms-152x152.png\' />\r\n        <meta name=\'msapplication-TileColor\' content=\'#5C5A59\' />\r\n        {if isset($canonical)}<link rel=\'canonical\' href=\'{$canonical}\' />{elseif isset($content_obj)}<link rel=\'canonical\' href=\'{$content_obj->GetURL()}\' />{/if} {* See in news detail template how cannonical url can be assigned from module *}\r\n        {cms_stylesheet} {* This is how all the stylesheets attached to this template are linked to *}\r\n        <link href=\'//fonts.googleapis.com/css?family=Noto+Sans:400,700,400italic|Oswald:700\' rel=\'stylesheet\' type=\'text/css\' />\r\n        <link rel=\'apple-touch-icon-precomposed\' sizes=\'152x152\' href=\'{$theme_path}/images/icons/cmsms-152x152.png\' />\r\n        <link rel=\'apple-touch-icon-precomposed\' sizes=\'120x120\' href=\'{$theme_path}/images/icons/cmsms-120x120.png\' />\r\n        <link rel=\'apple-touch-icon-precomposed\' sizes=\'72x72\' href=\'{$theme_path}/images/icons/cmsms-76x76.png\' />\r\n        <link rel=\'apple-touch-icon-precomposed\' href=\'{$theme_path}/images/icons/cmsms-60x60.png\' />\r\n        <link rel=\'shortcut icon\' sizes=\'196x196\' href=\'{$theme_path}/images/icons/cmsms-196x196.png\' />\r\n        <link rel=\'shortcut icon\' href=\'{$theme_path}/images/icons/cmsms-60x60.png\' />\r\n        <link rel=\'icon\' href=\'{$theme_path}/images/icons/favicon_cms.ico\' type=\'image/x-icon\' />\r\n        {cms_selflink dir=\'start\' rellink=\'1\'} {* Relational links for interconnections between pages, good for accessibility and Search Engine Optmization *}\r\n        {cms_selflink dir=\'prev\' rellink=\'1\'}\r\n        {cms_selflink dir=\'next\' rellink=\'1\'}\r\n        <!--[if lt IE 9]>\r\n            <script src=\"//html5shiv.googlecode.com/svn/trunk/html5.js\"></script>\r\n            <script src=\"//css3-mediaqueries-js.googlecode.com/svn/trunk/css3-mediaqueries.js\"></script>\r\n        <![endif]-->\r\n    </head>\r\n    <body id=\'boxed\' class=\'container page-wrapper page-{$page_alias} page-{$content_id}\'>\r\n        <!-- #wrapper (wrapping content in a box) -->\r\n        <div class=\'row\' id=\'wrapper\'>\r\n            <!-- accessibility links, jump to nav or content -->\r\n            <ul class=\"visuallyhidden\">\r\n                <li>{anchor anchor=\'nav\' title=\'Skip to navigation\' accesskey=\'n\' text=\'Skip to navigation\'}</li>\r\n                <li>{anchor anchor=\'main\' title=\'Skip to content\' accesskey=\'s\' text=\'Skip to content\'}</li>\r\n            </ul>\r\n            <!-- accessibility //-->\r\n            <!-- .top (top section of page containing logo, navigation search...) -->\r\n            <header class=\'top inner-section\'>\r\n                <div class=\'row header\'>\r\n                    <!-- .logo (cmsms logo on the left side) -->\r\n                    <div class=\'logo four-col\'>\r\n                        <a href=\'{root_url}\' title=\'{sitename}\'>\r\n                            <img src=\'{$theme_path}/images/cmsmadesimple-logo.png\' width=\'227\' height=\'59\' alt=\'{sitename}\' />\r\n                            <span class=\'palm\'></span>\r\n                        </a>\r\n                    </div>\r\n                    <!-- .logo //-->\r\n                    <!-- .main-navigation (main navigation on the right side) -->\r\n                    <nav class=\'main-navigation eight-col cf noprint\' id=\'nav\' role=\'navigation\'>\r\n                        {Navigator loadprops=\'0\' template=\'Simplex Main Navigation\'} {* A Navigator module, database Template *}\r\n                    </nav>\r\n                    <!-- .main-navigation //-->\r\n                </div>\r\n                <!-- .header-bottom (bottom part of header containing catchphrase and search field) -->\r\n                <div class=\'row header-bottom\'>\r\n                    <section class=\'phrase cf\'>\r\n                        <span class=\'seven-col phrase-text\'>Power for professionals<br class=\'lt-768\' /> Simplicity for End Users</span>\r\n                        {Search|strip formtemplate=\'Simplex Search\'} {* Search module using custom template in Design Manager, you should use resultpage parameter for search results (see module help) *}\r\n                    </section>\r\n                </div>\r\n                <!-- .header-bottom //-->\r\n                <!-- .banner (banner area for a slider or teaser image) -->\r\n                {global_content name=\'Simplex Slideshow\'}\r\n                <!-- .banner //-->\r\n            </header>\r\n            <!-- .top //-->\r\n            <!-- .content-wrapper (wrapping div for content area) -->\r\n            <main role=\'main\' class=\'content-wrapper inner-section\'>\r\n                <div class=\'row\'>\r\n                    <!-- .content-inner (display content first) -->\r\n                    <div class=\'content-inner eight-col push-four\'>\r\n                        <!-- .content-top (breadcrumbs) -->\r\n                        <div class=\'content-top cf\' itemscope itemtype=\'http://data-vocabulary.org/Breadcrumb\'>\r\n                            {Navigator action=\'breadcrumbs\'} {* you can create own breadcrumbs template as well and include it with template parameter *}\r\n                            <span class=\'title-border\' aria-hidden=\'true\'></span>\r\n                        </div>\r\n                        <!-- .content-top //-->\r\n                        <!-- .content (actual content with title and content tags) -->\r\n                        <article class=\'content\' id=\'main\'>\r\n                            <h1>{$main_title nocache} </h1> {* title tag *}\r\n                                {$main_content nocache} {* content entered in page editor area, variable is assigned on top in template logic, using nocache as variables are cached with Smarty cache on *}\r\n                        </article>\r\n                        <!-- .content //-->\r\n                    </div>\r\n                    <!-- .content-inner //-->\r\n                    <!-- .sidebar (then show sidebar) -->\r\n                    <aside class=\'sidebar four-col pull-eight\'>\r\n                        {* sample of using News Module tag for summary of latest two articles, remember if News page is deleted you should change detailpage parameter *}\r\n                        {News summarytemplate=\'Simplex News Summary\' number=\'2\' detailtemplate=\'Simplex News Detail\'}\r\n                    </aside>\r\n                    <!-- .sidebar //-->\r\n                    <div class=\'cf eight-col push-four\'>\r\n                        {if !empty($prev_page)}<span class=\'previous\'>{$prev_page nocache}</span>{/if}\r\n                        {if !empty($next_page)}<span class=\'next\'>{$next_page nocache}</span>{/if}\r\n                    </div>\r\n                </div>\r\n            </main>\r\n            <!-- .content-wrapper //-->\r\n            <!-- .footer (footer area) -->\r\n            <footer class=\'footer inner-section\'>\r\n                <span class=\'back-top\'><a href=\'{anchor anchor=\'main\' onlyhref=\'1\'}\' id=\'scroll-top\'><i class=\'icon-arrow-up\' aria-hidden=\'true\'></i></a></span>\r\n                <div class=\'row\'>\r\n                    <section class=\'eight-col push-four noprint\'>\r\n                        <nav class=\'footer-navigation row\'>\r\n                            {Navigator template=\'Simplex Footer Navigation\' excludeprefix=\'home\' number_of_levels=\'2\' loadprops=\'0\'}\r\n                        </nav>\r\n                    </section> \r\n                    <section class=\'four-col pull-eight copyright\'>\r\n                        {global_content|strip name=\'Simplex Footer\'} {* generic Design Manager template *}\r\n                    </section>\r\n                </div>\r\n            </footer>\r\n        <!-- #wrapper //--> \r\n        </div>\r\n    {cms_jquery exclude=\'ui,nestedSortable,json,migrate\' append=\'uploads/simplex/js/jquery.sequence-min.js,uploads/simplex/js/functions.min.js\'}{strip}\r\n    {* if you are using some older jQuery plugin that relies on deprecated and removed functions that are no longer supported\r\n       in jQuery 1.11.0 try removing \"migrate\" from exclude list which will include jQuery Migrate 1.2.1 Plugin.\r\n       For more information about removed functions see: http://jquery.com/upgrade-guide/1.9/ *}{/strip}\r\n    </body>\r\n</html>','A HTML5 based responsive template',1,0,NULL,1,1,1675546017,1675547000),(11,'Simplex Slideshow','{strip}\r\n\r\n{* A simple Smarty array for our slideshow *}\r\n{$slides = []}\r\n\r\n{$slides.0.heading = \'Power for professionals\'}\r\n{$slides.0.subheading = \'Simplicity for end Users\'}\r\n{$slides.0.image = \'palm-logo.png\'}\r\n\r\n{$slides.1.heading = \'Faster &amp; Easier\'}\r\n{$slides.1.subheading = \'Website management\'}\r\n{$slides.1.image = \'mate-zimple.png\'}\r\n\r\n{$slides.2.heading = \'Flexible &amp; Powerful\'}\r\n{$slides.2.subheading = \'Manage your Website anywhere and anytime\'}\r\n{$slides.2.image = \'mobile-devices-scene.png\'}\r\n\r\n{$slides.3.heading = \'Secure &amp; Robust\'}\r\n{$slides.3.subheading = \'Take control of your application\'}\r\n{$slides.3.image = \'browser-scene.png\'}\r\n\r\n{* Markup *}\r\n<section class=\'banner row noprint\' id=\'sx-slides\' role=\'banner\'>\r\n    <ul class=\"sequence-canvas\">\r\n        {foreach $slides as $slide}\r\n        <li{if $slide@first} class=\'animate-in\'{/if}>\r\n            {if !empty($slide.heading)}<h2 class=\'title\'>{$slide.heading}</h2>{/if}\r\n            {if !empty($slide.subheading)}<h3 class=\'subtitle\'>{$slide.subheading}</h3>{/if}\r\n            {if !empty($slide.image)}<img class=\'image\' src=\'{uploads_url}/simplex/teaser/{$slide.image}\' alt=\'{$slide.heading|cms_escape:\'htmlall\'}\' />{/if}\r\n        </li>\r\n        {/foreach}\r\n    </ul>\r\n</section>\r\n\r\n{/strip}','A sample slider for Simplex Theme.\nNote: required jQuery Framework is already included at the bottom of Simplex Page Template.\nIf any of Modules that you are going to use requires or adds additional jQuery Framework, remember to either remove jQuery Framework from Module template (for example Gallery module) or to move {cms_jquery} tag in Simplex Page Template to <head> section of template if needed.\nAll current Browser come with some kind of Developer Tools (usually F12 key) or you can also install Firebug in Firefox or Chrome, if some JavaScript function doesn\'t work your first step would be to open Developer Tools and look into console errors.',2,NULL,NULL,1,1,1675546017,1675546017),(12,'Simplex Footer','{* Logic *}\r\n{$start_year = \'2004\'}\r\n{$current_year = $smarty.now|date_format:\'%Y\'}\r\n\r\n{* Template *}\r\n<ul class=\'social cf\'>\r\n    <li class=\'twitter\'><a title=\'Twitter\' href=\'http://twitter.com/#!/cmsms\'><i class=\'icon-twitter\'></i><span class=\'visuallyhidden\'>Twitter</span></a></li>\r\n    <li class=\'facebook\'><a title=\'Facebook\' href=\'https://www.facebook.com/cmsmadesimple\'><i class=\'icon-facebook\'></i><span class=\'visuallyhidden\'>Facebook</span></a></li>\r\n    <li class=\'linkedin\'><a title=\'LinkedIn\' href=\'http://www.linkedin.com/groups?gid=1139537\'><i class=\'icon-linkedin\'></i><span class=\'visuallyhidden\'>LinkedIn</span></a></li>\r\n    <li class=\'youtube\'><a title=\'YouTube\' href=\'http://www.youtube.com/user/cmsmadesimple\'><i class=\'icon-youtube\'></i><span class=\'visuallyhidden\'>YouTube</span></a></li>\r\n    <li class=\'google\'><a title=\'Google Plus\' href=\'https://plus.google.com/+cmsmadesimple/posts\'><i class=\'icon-google\'></i><span class=\'visuallyhidden\'>Google Plus</span></a></li>\r\n    <li class=\'pinterest\'><a title=\'Pinterest\' href=\'http://www.pinterest.com/cmsmadesimple/\'><i class=\'icon-pinterest\'></i><span class=\'visuallyhidden\'>Pinterest</span></a></li>\r\n</ul>\r\n<p class=\'copyright-info\'>&copy; Copyright {$start_year}{if $start_year !== $current_year} - {$current_year}{/if} - CMS Made Simple<br /> This site is powered by <a href=\'http://www.cmsmadesimple.org\'>CMS Made Simple</a> version {cms_version}</p>','Custom footer section template for Simplex Theme',2,NULL,NULL,1,1,1675546017,1675546017),(13,'Simple Navigation Menu','{* CSS classes used in this template:\r\n.activeparent - The top level parent when a child is the active/current page\r\nli.active0n h3 - n is the depth/level of the node. To style the active page for each level separately. The active page is not clickable.\r\n.clearfix - Used for the unclickable h3 to use the entire width of the li, just like the anchors. See the Tools stylesheet in the default CMSMS installation.\r\nli.sectionheader h3 - To style section header\r\nli.separator - To style the ruler for the separator *} \r\n\r\n{assign var=\'number_of_levels\' value=10000}\r\n{if isset($menuparams.number_of_levels)}\r\n  {assign var=\'number_of_levels\' value=$menuparams.number_of_levels}\r\n{/if}\r\n\r\n{if $count > 0}\r\n<ul>\r\n{foreach from=$nodelist item=node}\r\n{if $node->depth > $node->prevdepth}\r\n{repeat string=\"<ul>\" times=$node->depth-$node->prevdepth}\r\n{elseif $node->depth < $node->prevdepth}\r\n{repeat string=\"</li></ul>\" times=$node->prevdepth-$node->depth}\r\n</li>\r\n{elseif $node->index > 0}</li>\r\n{/if}\r\n\r\n{if $node->parent == true or $node->current == true}\r\n  {assign var=\'classes\' value=\'menuactive\'}\r\n  {if $node->parent == true}\r\n    {assign var=\'classes\' value=\'menuactive menuparent\'}\r\n  {/if}\r\n  {if $node->children_exist == true and $node->depth < $number_of_levels}\r\n    {assign var=\'classes\' value=$classes|cat:\' parent\'}\r\n  {/if}\r\n  <li class=\"{$classes}\"><a class=\"{$classes}\" href=\"{$node->url}\"><span>{$node->menutext}</span></a>\r\n\r\n{elseif $node->children_exist == true and $node->depth < $number_of_levels and $node->type != \'sectionheader\' and $node->type != \'separator\'}\r\n<li class=\"parent\"><a class=\"parent\" href=\"{$node->url}\"><span>{$node->menutext}</span></a>\r\n\r\n{elseif $node->current == true}\r\n<li class=\"currentpage\"><h3><span>{$node->menutext}</span></h3>\r\n\r\n{elseif $node->type == \'sectionheader\'}\r\n<li class=\"sectionheader\"><span>{$node->menutext}</span>\r\n\r\n{elseif $node->type == \'separator\'}\r\n<li class=\"separator\" style=\"list-style-type: none;\"> <hr />\r\n\r\n{else}\r\n<li><a href=\"{$node->url}\"><span>{$node->menutext}</span></a>\r\n\r\n{/if}\r\n\r\n{/foreach}\r\n{repeat string=\"</li></ul>\" times=$node->depth-1}</li>\r\n</ul>\r\n{/if}',NULL,3,1,NULL,1,1,1675546029,1675546029),(14,'Simple Navigation','{* simple navigation *}\n{* note, function can only be defined once *}\n{* \n  variables:\n  node: contains the current node.\n  aclass: is used to build a string containing class names given to the a tag if one is used\n  liclass: is used to build a string containing class names given to the li tag.\n*}\n\n{function name=Nav_menu depth=1}{strip}\n<ul>\n  {foreach $data as $node}\n    {* setup classes for the anchor and list item *}\n    {assign var=\'liclass\' value=\'menudepth\'|cat:$depth}\n    {assign var=\'aclass\' value=\'\'}\n\n    {* the first child gets a special class *}\n    {if $node@first && $node@total > 1}{assign var=\'liclass\' value=$liclass|cat:\' first_child\'}{/if}\n\n    {* the last child gets a special class *}\n    {if $node@last && $node@total > 1}{assign var=\'liclass\' value=$liclass|cat:\' last_child\'}{/if}\n\n    {if $node->current}\n      {* this is the current page *}\n      {assign var=\'liclass\' value=$liclass|cat:\' menuactive\'}\n      {assign var=\'aclass\' value=$aclass|cat:\' menuactive\'}\n    {/if}\n\n    {if $node->parent}\n      {* this is a parent of the current page *}\n      {assign var=\'liclass\' value=$liclass|cat:\' menuactive menuparent\'}\n      {assign var=\'aclass\' value=$aclass|cat:\' menuactive menuparent\'}\n    {/if}\n\n    {if $node->children}\n      {assign var=\'liclass\' value=$liclass|cat:\' parent\'}\n      {assign var=\'aclass\' value=$aclass|cat:\' parent\'}\n    {/if}\n\n    {* build the menu item node *}\n    {if $node->type == \'sectionheader\'}\n      <li class=\'sectionheader {$liclass}\'><span>{$node->menutext}</span>\n        {if isset($node->children)}\n          {Nav_menu data=$node->children depth=$depth+1}\n        {/if}\n      </li>\n    {else if $node->type == \'separator\'}\n      <li class=\'separator {$liclass}\'><hr class=\'separator\'/></li>\n    {else}\n      {* regular item *}\n      <li class=\"{$liclass}\">\n        <a class=\"{$aclass}\" href=\"{$node->url}\"{if $node->target ne \"\"} target=\"{$node->target}\"{/if}><span>{$node->menutext}</span></a>\n        {if isset($node->children)}\n          {Nav_menu data=$node->children depth=$depth+1}\n        {/if}\n      </li>\n    {/if}\n  {/foreach}\n</ul>\n{/strip}{/function}\n\n{if isset($nodes)}\n{Nav_menu data=$nodes depth=0}\n{/if}',NULL,4,0,NULL,1,1,1675546029,1675546029),(15,'Breadcrumbs','{* default breadcrumbs template *}\n{strip}\n<div class=\"breadcrumb\">\n  {if isset($starttext)}{$starttext}:&nbsp;{/if}\n  {foreach $nodelist as $node}\n    {$spanclass=\'breadcrumb\'}\n    {if $node->current}\n      {$spanclass=$spanclass|cat:\' current\'}\n    {/if}\n\n    <span class=\"{$spanclass}\">\n      {if $node@last}\n        {$node->menutext}\n      {elseif $node->type == \'sectionheader\'}\n        {$node->menutext}&nbsp;\n      {else}\n        <a href=\"{$node->url}\" title=\"{$node->menutext}\">{$node->menutext}</a>\n      {/if}\n    </span>\n\n    {if !$node@last}&raquo;&nbsp;{/if}\n  {/foreach}\n</div>\n{/strip}',NULL,5,1,NULL,1,1,1675546029,1675546029),(16,'cssmenu','{* cssmenu *}\n{* this template uses recursion, but not a smarty function. *}\n{* \n  variables:\n  node: contains the current node.\n  aclass: is used to build a string containing class names given to the a tag if one is used\n  liclass: is used to build a string containing class names given to the li tag.\n*}\n{if !isset($depth)}{$depth=0}{/if}\n{strip}\n\n{if $depth == 0}\n<div id=\"menuwrapper\">\n<ul id=\"primary-nav\">\n{else}\n<ul class=\"unli\">\n{/if}\n\n{$depth=$depth+1}\n{foreach $nodes as $node}\n  {* setup classes for the anchor and list item *}\n  {$liclass=[]}\n  {$aclass=[]}\n\n  {* the first child gets a special class *}\n  {if $node@first && $node@total > 1}{$liclass[]=\'first_child\'}{/if}\n\n  {* the last child gets a special class *}\n  {if $node@last && $node@total > 1}{$liclass[]=\'last_child\'}{/if}\n\n  {if $node->current}\n    {* this is the current page *}\n    {$liclass[]=\'menuactive\'}\n    {$aclass[]=\'menuactive\'}\n  {/if}\n  {if $node->has_children}\n    {* this is a parent page *}\n    {$liclass[]=\'menuparent\'}\n    {$aclass[]=\'menuparent\'}\n  {/if}\n  {if $node->parent}\n    {* this is a parent of the current page *}\n    {$liclass[]=\'menuactive\'}\n    {$aclass[]=\'menuactive\'}\n  {/if}\n\n  {* build the menu item from the node *}\n  {if $node->type == \'sectionheader\'}\n    <li class=\'{implode(\' \',$liclass)}\'><a{if count($aclass) > 0} class=\"{implode(\' \',$aclass)}\"{/if}><span class=\"sectionheader\">{$node->menutext}</span></a>\n      {if isset($node->children)}\n        {include file=$smarty.template nodes=$node->children}\n      {/if}\n    </li>\n  {else if $node->type == \'separator\'}\n    <li style=\"list-style-type: none;\"><hr class=\"menu_separator\"/></li>\n  {else}\n    {* regular item *}\n    <li class=\"{implode(\' \',$liclass)}\">\n      <a{if count($aclass) > 0} class=\"{implode(\' \',$aclass)}\"{/if} href=\"{$node->url}\"{if $node->target ne \"\"} target=\"{$node->target}\"{/if}><span>{$node->menutext}</span></a>\n      {if isset($node->children)}\n        {include file=$smarty.template nodes=$node->children}\n      {/if}\n    </li>\n  {/if}\n{/foreach}\n{$depth=$depth-1}\n</ul>\n\n{if $depth == 0}\n<div class=\"clearb\"></div>\n</div>{* menuwrapper *}\n{/if}\n{/strip}',NULL,4,0,NULL,1,1,1675546029,1675546029),(17,'cssmenu_ulshadow','{* cssmenu_ulshadow navigation *}\n{* note, function can only be defined once *}\n{* \n  variables:\n  node: contains the current node.\n  aclass: is used to build a string containing class names given to the a tag if one is used\n  liclass: is used to build a string containing class names given to the li tag.\n*}\n\n{function name=cssmenu_ulshadow depth=1}\n<ul{if $depth ==0} id=\"primary-nav\"{else} class=\"unli\"{/if}>\n  {foreach $data as $node}\n    {* setup classes for the anchor and list item *}\n    {assign var=\'liclass\' value=\'\'}\n    {*{assign var=\'liclass\' value=\' depth\'|cat:$depth}*}\n    {assign var=\'aclass\' value=\'\'}\n\n    {* the first child gets a special class \n    {if $node@first && $node@total > 1}{assign var=\'liclass\' value=$liclass|cat:\' first_child\'}{/if}\n    *}\n\n    {* the last child gets a special class \n    {if $node@last && $node@total > 1}{assign var=\'liclass\' value=$liclass|cat:\' last_child\'}{/if}\n    *}\n\n    {if $node->current}\n      {* this is the current page *}\n      {assign var=\'liclass\' value=$liclass|cat:\' menuactive\'}\n      {assign var=\'aclass\' value=$aclass|cat:\' menuactive\'}\n    {else if $node->parent}\n      {* this is a parent of the current page *}\n      {assign var=\'liclass\' value=$liclass|cat:\' parent\'}\n      {assign var=\'aclass\' value=$aclass|cat:\' parent\'}\n    {/if}\n    {if isset($node->children)}\n      {assign var=\'liclass\' value=$liclass|cat:\' menuparent\'}\n      {assign var=\'aclass\' value=$aclass|cat:\' menuparent\'}\n    {/if}\n\n    {* build the menu item node *}\n    {if $node->type == \'sectionheader\'}\n      <li class=\'sectionheader {$liclass}\'><span>{$node->menutext}</span>\n        {if isset($node->children)}\n          {cssmenu_ulshadow data=$node->children depth=$depth+1}\n        {/if}\n      </li>\n    {else if $node->type == \'separator\'}\n      <li class=\'separator {$liclass}\'><hr class=\'separator\'/></li>\n    {else}\n      {* regular item *}\n      <li class=\"{$liclass}\">\n        <a class=\"{$aclass}\" href=\"{$node->url}\"{if $node->target ne \"\"} target=\"{$node->target}\"{/if}><span>{$node->menutext}</span></a>\n        {if isset($node->children)}\n          {cssmenu_ulshadow data=$node->children depth=$depth+1}\n        {/if}\n      </li>\n    {/if}\n  {/foreach}\n  {if $depth > 0}\n    <li class=\"separator once\" style=\"list-style-type: none;\">&nbsp;</li>\n  {/if}\n</ul>\n{/function}\n\n{if isset($nodes)}\n<div id=\"menuwrapper\">\n  {cssmenu_ulshadow data=$nodes depth=0}\n  <div class=\"clearb\"></div>\n</div>\n{/if}',NULL,4,0,NULL,1,1,1675546029,1675546029),(18,'minimal_menu','{* minimal navigation *}\n{*\n  variables:\n  node: contains the current node.\n  aclass: is used to build a string containing class names given to the a tag if one is used\n  liclass: is used to build a string containing class names given to the li tag.\n*}\n{* CSS classes used in this template:\n.currentpage - The active/current page\n.bullet_sectionheader - To style section header\nhr.separator - To style the ruler for the separator *}\n\n{if !isset($depth)}{$depth=0}{/if}\n\n{if isset($nodes)}{strip}\n<ul>\n  {foreach $nodes as $node}\n    {if $node->type == \'sectionheader\'}\n      {* section header *}\n      <li class=\"sectionheader{if $node->parent} activeparent{/if}\">\n        {$node->menutext}\n        {if isset($node->children)}\n          {include file=$smarty.template nodes=$node->children depth=$depth+1}\n        {/if}\n      </li>\n    {else if $node->type == \'separator\'}\n      <li style=\"list-style-type: none;\"><hr class=\"separator\"/></li>\n    {else}\n      {* regular item *}\n      {$liclass=\'\'}\n      {$aclass=\'\'}\n      {if $node->current}\n        {$liclass=\'currentpage\'}\n        {$aclass=\'currentpage\'}\n      {elseif $node->parent}\n        {$liclass=\'activeparent\'}\n        {$aclass=\'activeparent\'}\n      {/if}\n      <li{if $liclass != \'\'} class=\"{$liclass}\"{/if}>\n        <a{if $aclass !=\'\'} class=\"{$aclass}\"{/if} href=\"{$node->url}\"{if $node->target ne \"\"} target=\"{$node->target}\"{/if}>{$node->menutext}</a>\n        {if isset($node->children)}\n          {include file=$smarty.template nodes=$node->children depth=$depth+1}\n        {/if}\n      </li>\n    {/if}\n  {/foreach}\n</ul>\n{/strip}{/if}',NULL,4,0,NULL,1,1,1675546029,1675546029),(19,'Simplex Main Navigation','{strip}\n\n{$main_id = \' id=\\\'main-menu\\\'\'}\n{function do_class}\n    {if count($classes) > 0} class=\'{implode(\' \',$classes)}\'{/if}\n{/function}\n\n{function name=\'Simplex_menu\' depth=\'1\'}\n    <ul{$main_id}{if isset($ul_class) && $ul_class != \'\'} class=\"{$ul_class}\"{/if}>\n        {$main_id = \'\'}\n        {$ul_class = \'\'}\n        {foreach $data as $node}\n            {* setup classes for the anchor and list item *}\n            {$list_class = []}\n            {$href_class = [\'cf\']}\n            {$parent_indicator = \'\'}\n            {$aria_support = \'\'}\n    \n            {if $node->current || $node->parent}\n                {* this is the current page *}\n                {$list_class[] = \'current\'}\n                {$href_class[] = \'current\'}\n            {/if}\n    \n            {if $node->children_exist}\n                {$list_class[] = \'parent\'}\n                {$aria_support = \' aria-haspopup=\\\'true\\\'\'}\n                {$parent_indicator = \' <i class=\\\'icon-arrow-left\\\' aria-hidden=\\\'true\\\'></i>\'}\n            {/if}\n    \n            {* build the menu item node *}\n            {if $node->type == \'sectionheader\'}\n                {$list_class[] = \'sectionheader\'}\n                <li{do_class classes=$list_class}{$aria_support}><span>{$node->menutext}{$parent_indicator}</span>\n                {if isset($node->children)}\n                    {Simplex_menu data=$node->children depth=$depth+1}\n                {/if}\n                </li>\n            {else if $node->type == \'separator\'}\n                {$list_class[] = \'separator\'}\n                <li{do_class classes=$list_class}\'><hr class=\'separator\'/></li>\n            {else}\n                {* regular item *}\n                <li{do_class classes=$list_class}{$aria_support}>\n                    <a{do_class classes=$href_class} href=\'{$node->url}\'{if $node->target != \'\'} target=\'{$node->target}\'{/if}>{$node->menutext}{$parent_indicator}</a>\n                    {if isset($node->children)}\n                        {Simplex_menu data=$node->children depth=$depth+1}\n                    {/if}\n                </li>\n            {/if}\n        {/foreach}\n    </ul>\n{/function}\n\n{if isset($nodes)}\n    {Simplex_menu data=$nodes depth=\'0\' ul_class=\'cf\'}\n{/if}\n\n{/strip}',NULL,4,0,NULL,1,1,1675546029,1675546029),(20,'Simplex Footer Navigation','{strip}\r\n\r\n{$main_id = \' id=\\\'footer-menu\\\'\'}\r\n{function do_footer_class}\r\n    {if count($classes) > 0} class=\'{implode(\' \',$classes)}\'{/if}\r\n{/function}\r\n\r\n{function name=\'Simplex_footer_menu\' depth=\'1\'}\r\n    <ul{$main_id}{if isset($ul_class) && $ul_class != \'\'} class=\"{$ul_class}\"{/if}>\r\n        {$main_id = \'\'}\r\n        {$ul_class = \'\'}\r\n        {foreach $data as $node}\r\n            {* setup classes for the anchor and list item *}\r\n            {$list_class = []}\r\n            {$href_class = []}\r\n    \r\n            {if $node->current || $node->parent}\r\n                {* this is the current page *}\r\n                {$list_class[] = \'current\'}\r\n                {$href_class[] = \'current\'}\r\n            {/if}\r\n    \r\n            {if $node->children_exist}\r\n                {$list_class[] = \'parent\'}\r\n            {/if}\r\n    \r\n            {* build the menu item node *}\r\n            {if $node->type == \'sectionheader\'}\r\n                {$list_class[] = \'sectionheader\'}\r\n                <li{do_footer_class classes=$list_class}><span>{$node->menutext}</span>\r\n                {if isset($node->children)}\r\n                    {Simplex_footer_menu data=$node->children depth=$depth+1}\r\n                {/if}\r\n                </li>\r\n            {else if $node->type == \'separator\'}\r\n                {$list_class[] = \'separator\'}\r\n                <li{do_footer_class classes=$list_class}\'><hr class=\'separator\'/></li>\r\n            {else}\r\n                {* regular item *}\r\n                <li{do_footer_class classes=$list_class}>\r\n                    <a{do_footer_class classes=$href_class} href=\'{$node->url}\'{if $node->target != \'\'} target=\'{$node->target}\'{/if}>{$node->menutext}</a>\r\n                    {if isset($node->children)}\r\n                        {Simplex_footer_menu data=$node->children depth=$depth+1}\r\n                    {/if}\r\n                </li>\r\n            {/if}\r\n        {/foreach}\r\n    </ul>\r\n{/function}\r\n\r\n{if isset($nodes)}\r\n    {Simplex_footer_menu data=$nodes depth=\'0\' ul_class=\'cf\'}\r\n{/if}\r\n\r\n{/strip}',NULL,4,1,NULL,1,1,1675546029,1675546029),(21,'News Summary Sample','<!-- Start News Display Template -->\n{* This section shows a clickable list of your News categories. *}\n<ul class=\"list1\">\n{foreach from=$cats item=node}\n{if $node.depth > $node.prevdepth}\n{repeat string=\"<ul>\" times=$node.depth-$node.prevdepth}\n{elseif $node.depth < $node.prevdepth}\n{repeat string=\"</li></ul>\" times=$node.prevdepth-$node.depth}\n</li>\n{elseif $node.index > 0}</li>\n{/if}\n<li{if $node.index == 0} class=\"firstnewscat\"{/if}>\n{if $node.count > 0}\n	<a href=\"{$node.url}\">{$node.news_category_name}</a>{else}<span>{$node.news_category_name} </span>{/if}\n{/foreach}\n{repeat string=\"</li></ul>\" times=$node.depth-1}</li>\n</ul>\n\n{* this displays the category name if you\'re browsing by category *}\n{if $category_name}\n<h1>{$category_name}</h1>\n{/if}\n\n{* if you don\'t want category browsing on your summary page, remove this line and everything above it *}\n\n{if $pagecount > 1}\n  <p>\n{if $pagenumber > 1}\n{$firstpage}&nbsp;{$prevpage}&nbsp;\n{/if}\n{$pagetext}&nbsp;{$pagenumber}&nbsp;{$oftext}&nbsp;{$pagecount}\n{if $pagenumber < $pagecount}\n&nbsp;{$nextpage}&nbsp;{$lastpage}\n{/if}\n</p>\n{/if}\n{foreach from=$items item=entry}\n<div class=\"NewsSummary\">\n\n{if $entry->postdate}\n	<div class=\"NewsSummaryPostdate\">\n		{$entry->postdate|cms_date_format}\n	</div>\n{/if}\n\n<div class=\"NewsSummaryLink\">\n<a href=\"{$entry->moreurl}\" title=\"{$entry->title|cms_escape:htmlall}\">{$entry->title|cms_escape}</a>\n</div>\n\n<div class=\"NewsSummaryCategory\">\n	{$category_label} {$entry->category}\n</div>\n\n{if $entry->author}\n	<div class=\"NewsSummaryAuthor\">\n		{$author_label} {$entry->author}\n	</div>\n{/if}\n\n{if $entry->summary}\n        {* note, for security purposes, incase News articles can come from untrused sources, we do not pass the summary or content through smarty in the default templates *}\n	<div class=\"NewsSummarySummary\">\n		{$entry->summary}\n	</div>\n\n	<div class=\"NewsSummaryMorelink\">\n		[{$entry->morelink}]\n	</div>\n\n{else if $entry->content}\n        {* note, for security purposes, incase News articles can come from untrused sources, we do not pass the summary or content through smarty in the default templates *}\n	<div class=\"NewsSummaryContent\">\n		{$entry->content}\n	</div>\n{/if}\n\n{if isset($entry->extra)}\n    <div class=\"NewsSummaryExtra\">\n        {$entry->extra}\n	{* {cms_module module=\'Uploads\' mode=\'simpleurl\' upload_id=$entry->extravalue} *}\n    </div>\n{/if}\n{if isset($entry->fields)}\n  {foreach from=$entry->fields item=\'field\'}\n     <div class=\"NewsSummaryField\">\n        {if $field->type == \'file\'}\n          {if isset($field->value) && $field->value}\n            <img src=\"{$entry->file_location}/{$field->value}\"/>\n          {/if}\n        {elseif $field->type == \'linkedfile\'}\n          {* also assume it\'s an image... *}\n          {if !empty($field->value)}\n            <img src=\"{file_url file=$field->value}\" alt=\"{$field->value}\"/>\n          {/if}\n        {else}\n          {$field->name}:&nbsp;{$field->value}\n        {/if}\n     </div>\n  {/foreach}\n{/if}\n\n</div>\n{/foreach}\n<!-- End News Display Template -->',NULL,6,1,NULL,1,1,1675546029,1675546029),(22,'Simplex News Summary','{strip}\r\n\r\n<!-- .news-summary wrapper -->\r\n<article class=\'news-summary\'>\r\n<span class=\'heading\'><span>News</span></span>\r\n        <ul class=\'category-list cf\'>\r\n        {foreach from=$cats item=\'node\'}\r\n        {if $node.depth > $node.prevdepth}\r\n            {repeat string=\'<ul>\' times=$node.depth-$node.prevdepth}\r\n        {elseif $node.depth < $node.prevdepth}\r\n            {repeat string=\'</li></ul>\' times=$node.prevdepth-$node.depth}\r\n            </li>\r\n            {elseif $node.index > 0}</li>\r\n            {/if}\r\n            <li{if $node.index == 0} class=\'first\'{/if}>\r\n        {if $node.count > 0}\r\n                <a href=\'{$node.url}\'>{$node.news_category_name}</a>{else}<span>{$node.news_category_name} </span>{/if}\r\n        {/foreach}\r\n        {repeat string=\'</li></ul>\' times=$node.depth-1}</li>\r\n        </ul>\r\n    {foreach from=$items item=\'entry\'}\r\n    <!-- .news-article (wrapping each article) -->\r\n    <section class=\'news-article\'>\r\n        <header>\r\n            <h2><a href=\'{$entry->moreurl}\' title=\'{$entry->title|cms_escape:htmlall}\'>{$entry->title|cms_escape}</a></h2>\r\n            <div class=\'meta cf\'>\r\n                <time class=\'date\' datetime=\'{$entry->postdate|date_format:\'%Y-%m-%d\'}\'>\r\n                    <span class=\'day\'> {$entry->postdate|date_format:\'%d\'} </span>\r\n                    <span class=\'month\'> {$entry->postdate|date_format:\'%b\'} </span>\r\n                </time>\r\n                <span class=\'author\'> {$author_label} {$entry->author} </span>\r\n                <span class=\'category\'> {$category_label} {$entry->category}</span>\r\n            </div>\r\n        </header>\r\n        {if $entry->summary}\r\n            <p>{$entry->summary|strip_tags}</p>\r\n            <span class=\'more\'>{$entry->morelink} &#8594;</span>\r\n        {else if $entry->content}\r\n            <p>{$entry->content|strip_tags}</p>\r\n        {/if}\r\n    </section>\r\n    <!-- .news-article //-->\r\n    {/foreach}\r\n        <!-- news pagination -->\r\n        {if $pagecount > 1}\r\n        <span class=\'paginate\'>\r\n            {if $pagenumber > 1}\r\n                {$firstpage}&nbsp;{$prevpage}\r\n            {/if}\r\n                {$pagetext}&nbsp;{$pagenumber}&nbsp;{$oftext}&nbsp;{$pagecount}\r\n            {if $pagenumber < $pagecount}\r\n                {$nextpage}&nbsp;{$lastpage}\r\n            {/if}\r\n        </span>\r\n        {/if}\r\n</article>\r\n<!-- .news-summary //-->\r\n\r\n{/strip}',NULL,6,NULL,NULL,1,1,1675546029,1675546029),(23,'News Detail Sample','{* set a canonical variable that can be used in the head section if process_whole_template is false in the config.php *}\r\n{if isset($entry->canonical)}\r\n  {* note this syntax ensures that the canonical variable is set into global scope *}\r\n  {assign var=\'canonical\' value=$entry->canonical scope=global}\r\n{/if}\r\n\r\n{if $entry->postdate}\r\n	<div id=\"NewsPostDetailDate\">\r\n		{$entry->postdate|cms_date_format}\r\n	</div>\r\n{/if}\r\n<h3 id=\"NewsPostDetailTitle\">{$entry->title|cms_escape:htmlall}</h3>\r\n\r\n<hr id=\"NewsPostDetailHorizRule\" />\r\n\r\n{if $entry->summary}\r\n	<div id=\"NewsPostDetailSummary\">\r\n		<strong>\r\n			{$entry->summary}\r\n		</strong>\r\n	</div>\r\n{/if}\r\n\r\n{if $entry->category}\r\n	<div id=\"NewsPostDetailCategory\">\r\n		{$category_label} {$entry->category}\r\n	</div>\r\n{/if}\r\n{if $entry->author}\r\n	<div id=\"NewsPostDetailAuthor\">\r\n		{$author_label} {$entry->author}\r\n	</div>\r\n{/if}\r\n\r\n\r\n<div id=\"NewsPostDetailContent\">\r\n        {* note, for security purposes we do not pass the content through smarty before displaying it.  This is incase your articles can come from untrusted sources. *}\r\n	{$entry->content}\r\n</div>\r\n\r\n{if $entry->extra}\r\n	<div id=\"NewsPostDetailExtra\">\r\n		{$extra_label} {$entry->extra}\r\n	</div>\r\n{/if}\r\n\r\n{if $return_url != \"\"}\r\n<div id=\"NewsPostDetailReturnLink\">{$return_url}{if $category_name != \'\'} - {$category_link}{/if}</div>\r\n{/if}\r\n\r\n{if isset($entry->fields)}\r\n  {foreach $entry->fields as $fieldname => $field}\r\n     <div class=\"NewsDetailField\">\r\n        {if $field->type == \'file\'}\r\n	  {* this template assumes that every file uploaded is an image of some sort, because News doesn\'t distinguish *}\r\n          {if isset($field->value) && $field->value}\r\n            <img src=\"{$entry->file_location}/{$field->value}\" alt=\"{$field->value}\"/>\r\n          {/if}\r\n        {elseif $field->type == \'linkedfile\'}\r\n          {* also assume it\'s an image... *}\r\n          {if !empty($field->value)}\r\n            <img src=\"{file_url file=$field->value}\" alt=\"{$field->value}\"/>\r\n          {/if}\r\n        {else}\r\n          {$field->name}:&nbsp;{$field->value}\r\n        {/if}\r\n     </div>\r\n  {/foreach}\r\n{/if}','',7,1,NULL,1,1,1675546029,1690731876),(24,'Simplex News Detail','{* this is a sample detail template that works with the Simplex theme *}\n{* set a canonical variable that can be used in the head section if process_whole_template is false in the config.php *}\r\n{if isset($entry->canonical)}\r\n  {assign var=\'canonical\' value=$entry->canonical scope=global}\r\n  {assign var=\'main_title\' value=$entry->title scope=global}\r\n{/if}\r\n\r\n{* <h2>{$entry->title|cms_escape:htmlall}</h2> *}\r\n{if $entry->summary}\r\n    {$entry->summary}\r\n{/if}\r\n    {$entry->content}\r\n{if $entry->extra}\r\n        {$extra_label} {$entry->extra}\r\n{/if}\r\n{if $return_url != \"\"}\r\n    <br />\r\n        <span class=\'back\'>&#8592; {$return_url}{if $category_name != \'\'} - {$category_link}{/if}</span>\r\n{/if}\r\n\r\n{if isset($entry->fields)}\r\n  {foreach from=$entry->fields item=\'field\'}\r\n     <div>\r\n        {if $field->type == \'file\'}\r\n      {* this template assumes that every file uploaded is an image of some sort, because News doesn\'t distinguish *}\r\n          <img src=\'{$entry->file_location}/{$field->value}\' alt=\'\' />\r\n        {else}\r\n          {$field->name}: {$field->value}\r\n        {/if}\r\n     </div>\r\n  {/foreach}\r\n{/if}\r\n    <footer class=\'news-meta\'>\r\n    {if $entry->postdate}\r\n        {$entry->postdate|cms_date_format}\r\n    {/if}\r\n    {if $entry->category}\r\n        <strong>{$category_label}</strong> {$entry->category}\r\n    {/if}\r\n    {if $entry->author}\r\n        <strong>{$author_label}</strong> {$entry->author}\r\n    {/if}\r\n    </footer>',NULL,7,NULL,NULL,1,1,1675546029,1675546029),(25,'News Fesubmit Form Sample','{* original form template *}\n<h3>{$mod->Lang(\'title_fesubmit_form\')}</h3>\n\n{if isset($error)}\n  <div class=\"error>{$error}</div>\n{elseif isset($message)}\n  <div class=\"message>{$message}</div>\n{/if}\n\n{form_start category_id=$category_id}\n	<div class=\"row\">\n		<p class=\"col4\"><label for=\"news_title\">*{$mod->Lang(\'title\')}:</label></p>\n		<p class=\"col8\">\n			<input id=\"news_title\" type=\"text\" name=\"{$actionid}title\" value=\"{$title}\" size=\"30\" required/>\n                </p>\n	</div>\n	<div class=\"row\">\n		<p class=\"col4\"><label for=\"news_category\">{$mod->Lang(\'category\')}:</label></p>\n		<p class=\"col8\">\n			<select id=\"news_category\" name=\"{$actionid}input_category\">\n                        {html_options options=$categorylist selected=$category_id}\n			</select>\n                </p>\n	</div>\n\n{if !isset($hide_summary_field) or $hide_summary_field == 0}\n	<div class=\"row\">\n		<p class=\"col4\"><label for=\"news_summary\">{$mod->Lang(\'summary\')}:</label></p>\n		<p class=\"col8\">\n			{$tmp=$actionid|cat:\'summary\'}\n			{cms_textarea enablewysiwyg=true id=news_summary name=$tmp value=$summary required=true}\n		</p>\n	</div>\n{/if}\n	<div class=\"row\">\n		<p class=\"col4\"><label for=\"news_content\">*{$mod->Lang(\'content\')}:</label></p>\n		<p class=\"col8\">\n			{$tmp=$actionid|cat:\'content\'}\n			{cms_textarea enablewysiwyg=true id=news_content name=$tmp value=$content required=true}\n                </p>\n	</div>\n	<div class=\"row\">\n		<p class=\"col4\"><label for=\"news_extra\">{$mod->Lang(\'extra\')}:</label></p>\n		<p class=\"col8\">\n			<input id=\"news_extra\" type=\"text\" name=\"{$actionid}extra\" value=\"{$extra}\" size=\"30\"/>\n                </p>\n	</div>\n	<div class=\"row\">\n		<p class=\"col4\">{$mod->Lang(\'startdate\')}:</p>\n		<p class=\"col8\">\n			{$tmp=$actionid|cat:\'startdate_\'}\n			{html_select_date prefix=$tmp time=$startdate end_year=\"+15\"}\n			{html_select_time prefix=$tmp time=$startdate}\n		</p>\n	</div>\n	<div class=\"row\">\n		<p class=\"col4\">{$mod->Lang(\'enddate\')}:</p>\n		<p class=\"col8\">\n			{$tmp=$actionid|cat:\'enddate_\'}\n			{html_select_date prefix=$tmp time=$enddate end_year=\"+15\"}\n			{html_select_time prefix=$tmp time=$enddate}\n		</p>\n	</div>\n	{if isset($customfields)}\n	   {foreach from=$customfields item=\'field\'}\n	      <div class=\"row\">\n		<p class=\"col4\"><label for=\"news_fld_{$field->id}\">{$field->name}:</label></p>\n		<p class=\"col8\">\n		{if $field->type == \'file\'}\n			<input id=\"news_fld_{$field->id}\" type=\"file\" name=\"{$actionid}news_customfield_{$field->id}\"/>\n		{elseif $field->type == \'checkbox\'}\n			<input id=\"news_fld_{$field->id}\" type=\"checkbox\" name=\"{$actionid}news_customfield_{$field->id}\" value=\"1\"/>\n		{elseif $field->type == \'textarea\'}\n			{$tmp1=\'news_fld_\'|cat:$field->id}\n			{capture assign=\'tmp2\'}{$actionid}news_customfield_{$field->id}{/capture}\n			{cms_textarea id=$tmp1 name=$tmp2 enablewysiwyg=true}\n		{elseif $field->type == \'textbox\'}\n			<input id=\"news_fld_{$field->id}\" type=\"text\"\" name=\"{$actionid}news_customfield_{$field->id}\" maxlength=\"{$field->max_length}\"/>\n                {/if}\n		</p>\n	      </div>\n	   {/foreach}\n	{/if}\n	<div class=\"row\">\n		<p class=\"col4\">&nbsp;</p>\n		<p class=\"col8\">\n			<input type=\"submit\" name=\"{$actionid}submit\" value=\"{$mod->Lang(\'submit\')}\"/>\n			<a href=\"{cms_selflink href=$page_alias}\">{$mod->Lang(\'prompt_redirecttocontent\')}</a>\n		</p>\n	</div>\n{form_end}',NULL,8,1,NULL,1,1,1675546029,1675546029),(26,'News Browse Category Sample','{if $count > 0}\n<ul class=\"list1\">\n{foreach from=$cats item=node}\n{if $node.depth > $node.prevdepth}\n{repeat string=\"<ul>\" times=$node.depth-$node.prevdepth}\n{elseif $node.depth < $node.prevdepth}\n{repeat string=\"</li></ul>\" times=$node.prevdepth-$node.depth}\n</li>\n{elseif $node.index > 0}</li>\n{/if}\n<li class=\"newscategory\">\n{if $node.count > 0}\n	<a href=\"{$node.url}\">{$node.news_category_name}</a> ({$node.count}){else}<span>{$node.news_category_name} (0)</span>{/if}\n{/foreach}\n{repeat string=\"</li></ul>\" times=$node.depth-1}</li>\n</ul>\n{/if}',NULL,9,1,NULL,1,1,1675546029,1675546029),(27,'Search Form Sample','{$startform}\n<label for=\"{$search_actionid}searchinput\">{$searchprompt}:&nbsp;</label><input type=\"text\" class=\"search-input\" id=\"{$search_actionid}searchinput\" name=\"{$search_actionid}searchinput\" size=\"20\" maxlength=\"50\" placeholder=\"{$searchtext}\"/>\n{*\n<br/>\n<input type=\"checkbox\" name=\"{$search_actionid}use_or\" value=\"1\"/>\n*}\n<input class=\"search-button\" name=\"submit\" value=\"{$submittext}\" type=\"submit\" />\n{if isset($hidden)}{$hidden}{/if}\n{$endform}',NULL,10,1,NULL,1,1,1675546029,1675546029),(28,'Simplex Search','<div class=\'five-col search noprint\' role=\'search\'>\r\n{form_start action=dosearch method=$form_method returnid=$destpage inline=$inline}\r\n   <label for=\'{$search_actionid}searchinput\' class=\'visuallyhidden\'>{$searchprompt}:</label>\r\n   <input type=\'search\' class=\'search-input\' id=\'{$search_actionid}searchinput\' name=\'{$search_actionid}searchinput\' size=\'20\' maxlength=\'50\' value=\'\' placeholder=\'{$searchtext}\' /><i class=\'icon-search\' aria-hidden=\'true\'></i>\r\n   {if isset($hidden)}{$hidden}{/if}\r\n{form_end}\r\n</div>',NULL,10,NULL,NULL,1,1,1675546029,1675546029),(29,'Search Results Sample','<h3>{$searchresultsfor} &quot;{$phrase}&quot;</h3>\n{if $itemcount > 0}\n<ul>\n  {foreach from=$results item=entry}\n  <li>{$entry->title} - <a href=\"{$entry->url}\">{$entry->urltxt}</a> ({$entry->weight}%)</li>\n  {*\n     You can also instantiate custom behaviour on a module by module basis by looking at\n     the $entry->module and $entry->modulerecord fields in $entry\n      ie: {if $entry->module == \'News\'}{News action=\'detail\' article_id=$entry->modulerecord detailpage=\'News\'}\n  *}\n  {/foreach}\n</ul>\n\n<p>{$timetaken}: {$timetook}</p>\n{else}\n  <p><strong>{$noresultsfound}</strong></p>\n{/if}',NULL,11,1,NULL,1,1,1675546029,1675546029),(30,'Home','{process_pagedata}<!DOCTYPE html PUBLIC \"-//W3C//DTD XHTML 1.0 Transitional//EN\" \"http://www.w3.org/TR/xhtml1/DTD/xhtml1-transitional.dtd\">\r\n<html xmlns=\"http://www.w3.org/1999/xhtml\" xml:lang=\"en\" lang=\"en\">\r\n{* Change lang=\"en\" to the language of your site *}\r\n\r\n{* note: anything inside these are smarty comments, they will not show up in the page source *}\r\n\r\n  <head>\r\n    <title>{sitename} - {title}</title>\r\n{* The sitename is changed in Site Admin/Global settings. {title} is the name of each page *}\r\n\r\n {metadata}\r\n{* Don\'t remove this! Metadata is entered in Site Admin/Global settings. *}\r\n\r\n {cms_stylesheet }\r\n</head>\r\n{mobiledetect}\r\n \r\n\r\n\r\n\r\n\r\n<!--<div id=\"fblink\">\r\n<a href=\"https://www.facebook.com/RDKimball2\"><img src=\"uploads/images/fblogo.gif\" width=\"30%\"></a>\r\n</div>-->\r\n\r\n<div id=\"top\">\r\n<img src=\"uploads/images/rklogo.jpg\" width=\"100%\" usemap=\"#map\">\r\n</div>\r\n<map name=\"map\">\r\n    <area shape=\"rect\" href=\"{cms_selflink href=\"home\"}\" coords=\"2, 9, 285, 222\" />\r\n    <area shape=\"rect\" href=\"https://www.facebook.com/RDKimball2\" coords=\"1126, 40, 1180, 90\" />\r\n</map>\r\n\r\n\r\n<div id=\"bike\">\r\n<img src=\"uploads/images/bike.jpeg\">\r\n</div>\r\n<div id=\"sidemenu1\">\r\n <a href=\"{cms_selflink href=\'home\'}\">Home</a><br/><br/>\r\n <a href=\"{cms_selflink href=\'aboutus\'}\">AboutUs</a><br/><br/>\r\n <a href=\"{cms_selflink href=\'service\'}\">Service & Repairs</a><br/><br/>\r\n <a href=\"{cms_selflink href=\'contactus\'}\">ContactUs</a><br/><br/>\r\n <a href=\"{cms_selflink href=\'events\'}\">Events</a><br/><br/>\r\n <a href=\"{cms_selflink href=\'howtoorder\'}\">How to Order</a><br/><br/>\r\n</div>\r\n\r\n<div id=\"menustuff\">\r\n&nbsp;&nbsp;&nbsp;&nbsp;&nbsp;&nbsp;&nbsp;&nbsp;&nbsp;&nbsp;&nbsp;&nbsp;&nbsp;&nbsp;&nbsp;\r\n&nbsp;&nbsp;&nbsp;&nbsp;&nbsp;\r\n&#183;<a href=\"{cms_selflink href=\'serialone\'}\">Serial One </a>\r\n&#183;<a href=\"{cms_selflink href=\'surface\'}\"> Surface 604</a>\r\n&#183;<a href=\"{cms_selflink href=\'eunorau\'}\"> Eunorau </a>\r\n&#183;<a href=\"{cms_selflink href=\'himiway\'}\"> Himiway</a>\r\n&#183;<a href=\"{cms_selflink href=\'michaelblast\'}\"> Michael Blast</a>\r\n&#183;<a href=\"{cms_selflink href=\'velowave\'}\"> Velowave</a>\r\n&#183;<a href=\"{cms_selflink href=\'etec\'}\"> E-Tek</a>\r\n&#183;<a href=\"{cms_selflink href=\'staycyc\'}\"> Staycyc Stability</a>\r\n&#183;<a href=\"{cms_selflink href=\'smartmotion\'}\"> Smart Motion</a>\r\n&#183;<a href=\"{cms_selflink href=\'mokwheel\'}\"> Mokwheel </a>\r\n&#183;<a href=\"{cms_selflink href=\'kracken\'}\"> Kracken Adventure</a>\r\n&#183;<a href=\"{cms_selflink href=\'espin\'}\"> E-Spin</a>\r\n&#183;<a href=\"{cms_selflink href=\'reaspire\'}\"> Reaspire</a>&#183;\r\n</div>\r\n<p>\r\n<map name=\"image_map\">\r\n  <area alt=\"\" title=\"\" href=\"https://www.facebook.com/RDKimball2\" coords=\"1843,109,41\" shape=\"circle\">\r\n</map>\r\n\r\n<div id=\"newsbox\">\r\n{content block=\'second_content_block\' label=\'Second Content Block\'}\r\n\r\n</div>\r\n<div id=\"slideshow\">\r\n<div class=\"image-slideshow\">\r\n	<div>\r\n    	<img src=\"uploads/images/rushcityspeed.jpg\" width=\"70%\" alt=\"\">\r\n       </div>\r\n\r\n	<div>\r\n    	<img src=\"uploads/images/rushstcityst.jpg\" width=\"70%\" alt=\"\">\r\n        </div>\r\n\r\n	<div>\r\n    	<img src=\"uploads/images/moshcity.jpg\" width=\"70%\" alt=\"\">\r\n       </div>\r\n	<div>\r\n    	<img src=\"uploads/images/bashcty.jpg\" width= \"70%\" alt=\"\">\r\n       </div>\r\n	<div>\r\n    	<img src=\"uploads/images/newtrike.png\" width=\"60%\" alt=\"\">\r\n       </div>\r\n\r\n</div>\r\n</div>\r\n\r\n<div id=\"stuff\">\r\n\r\n{content}\r\n</div>\r\n</font>\r\n</BODY>\r\n</HTML>','',1,1,NULL,1,1,1675546376,1690927626),(31,'inventory','{process_pagedata}<!DOCTYPE html PUBLIC \"-//W3C//DTD XHTML 1.0 Transitional//EN\" \"http://www.w3.org/TR/xhtml1/DTD/xhtml1-transitional.dtd\">\r\n<html xmlns=\"http://www.w3.org/1999/xhtml\" xml:lang=\"en\" lang=\"en\">\r\n{* Change lang=\"en\" to the language of your site *}\r\n\r\n{* note: anything inside these are smarty comments, they will not show up in the page source *}\r\n\r\n  <head>\r\n    <title>{sitename} - {title}</title>\r\n{* The sitename is changed in Site Admin/Global settings. {title} is the name of each page *}\r\n\r\n {metadata}\r\n{* Don\'t remove this! Metadata is entered in Site Admin/Global settings. *}\r\n\r\n {cms_stylesheet }\r\n\r\n{*{mobiledetect2}*}\r\n\r\n\r\n<!--<div id=\"fblink\">\r\n<a href=\"https://www.facebook.com/RDKimball2\"><img src=\"uploads/images/fblogo.gif\" width=\"30%\"></a>\r\n</div>-->\r\n<div id=\"top\">\r\n<img src=\"uploads/images/rklogo.jpg\" width=\"100%\" usemap=\"#map\">\r\n\r\n<!--<img src=\"rklogo.jpg\" id=\"map-image\" style=\"width: 1920px; max-width: 100%; height: auto;\" alt=\"\" usemap=\"#map\" />-->\r\n\r\n<map name=\"map\">\r\n    <area shape=\"rect\" href=\"{cms_selflink href=\"home\"}\" coords=\"2, 9, 285, 222\" />\r\n    <area shape=\"rect\" href=\"https://www.facebook.com/RDKimball2\" coords=\"1126, 40, 1180, 90\" />\r\n</map>\r\n\r\n<!--<map name=\"image_map\">\r\n  <area alt=\"\" title=\"\" href=\"{cms_selflink href=\'home\'}\" coords=\"9,18,473,350\" shape=\"rect\">\r\n  <area alt=\"\" title=\"\" href=\"https://www.facebook.com/RDKimball2 coords=\"1834,91,24\" shape=\"circle\">\r\n</map>\r\n-->\r\n</div>\r\n<!--<a href=\"{cms_selflink href=\'home\'}\"><img src=\"uploads/images/rklogo.jpg\" width=\"100%\"></a>\r\n</div>-->\r\n\r\n<div id=\"menustuff\">\r\n&nbsp;&nbsp;&nbsp;&nbsp;&nbsp;&nbsp;&nbsp;&nbsp;&nbsp;&nbsp;&nbsp;&nbsp;&nbsp;&nbsp;&nbsp;\r\n&nbsp;&nbsp;&nbsp;&nbsp;&nbsp;\r\n&#183;<a href=\"{cms_selflink href=\'serialone\'}\">Serial One </a>\r\n&#183;<a href=\"{cms_selflink href=\'surface\'}\"> Surface 604</a>\r\n&#183;<a href=\"{cms_selflink href=\'eunorau\'}\"> Eunorau </a>\r\n&#183;<a href=\"{cms_selflink href=\'himiway\'}\"> Himiway</a>\r\n&#183;<a href=\"{cms_selflink href=\'velowave\'}\"> Velowave</a>\r\n&#183;<a href=\"{cms_selflink href=\'etec\'}\"> E-Tek</a>\r\n&#183;<a href=\"{cms_selflink href=\'smartmotion\'}\"> Smart Motion</a>\r\n&#183;<a href=\"{cms_selflink href=\'staycyc\'}\"> Staycyc Stability</a>\r\n&#183;<a href=\"{cms_selflink href=\'michaelblast\'}\"> Michel Blast</a>\r\n&#183;<a href=\"{cms_selflink href=\'mokwheel\'}\"> Mokwheel</a>\r\n&#183;<a href=\"{cms_selflink href=\'kracken\'}\"> Kracken Adventure</a>\r\n&#183;<a href=\"{cms_selflink href=\'espin\'}\"> E-Spin</a>\r\n&#183;<a href=\"{cms_selflink href=\'reaspire\'}\"> Reaspire</a>&#183;</div>\r\n<p>\r\n<div id=\"sidemenu1\">\r\n <a href=\"{cms_selflink href=\'home\'}\">Home</a><br/><br/>\r\n <a href=\"{cms_selflink href=\'aboutus\'}\">AboutUs</a><br/><br/>\r\n <a href=\"{cms_selflink href=\'service\'}\">Service & Repairs</a><br/><br/>\r\n <a href=\"{cms_selflink href=\'contactus\'}\">ContactUs</a><br/><br/>\r\n <a href=\"{cms_selflink href=\'events\'}\">Events</a><br/><br/>\r\n <a href=\"{cms_selflink href=\'howtoorder\'}\">How to Order</a><br/><br/>\r\n</div>\r\n\r\n{*<div id=\"stuff\">*}\r\n\r\n{content}\r\n\r\n</font>\r\n</BODY>\r\n</HTML>','',1,0,NULL,1,1,1675614052,1690837828),(32,'ContactUs','{process_pagedata}<!DOCTYPE html PUBLIC \"-//W3C//DTD XHTML 1.0 Transitional//EN\" \"http://www.w3.org/TR/xhtml1/DTD/xhtml1-transitional.dtd\">\r\n<html xmlns=\"http://www.w3.org/1999/xhtml\" xml:lang=\"en\" lang=\"en\">\r\n{* Change lang=\"en\" to the language of your site *}\r\n\r\n{* note: anything inside these are smarty comments, they will not show up in the page source *}\r\n\r\n  <head>\r\n    <title>{sitename} - {title}</title>\r\n{* The sitename is changed in Site Admin/Global settings. {title} is the name of each page *}\r\n\r\n {metadata}\r\n{* Don\'t remove this! Metadata is entered in Site Admin/Global settings. *}\r\n\r\n {cms_stylesheet }\r\n\r\n{*{mobiledetect}*}\r\n\r\n\r\n\r\n\r\n<div id=\"top\">\r\n<a href=\"{cms_selflink href=\'home\'}\"><img src=\"uploads/images/rklogo.jpg\" width=\"100%\"></a>\r\n</div>\r\n\r\n<div id=\"bike\">\r\n<img src=\"uploads/images/bike.jpeg\">\r\n</div>\r\n\r\n<div id=\"sidemenu1\">\r\n <a href=\"{cms_selflink href=\'home\'}\">Home</a><br/><br/>\r\n <a href=\"{cms_selflink href=\'aboutus\'}\">AboutUs</a><br/><br/>\r\n <a href=\"{cms_selflink href=\'service\'}\">Service & Repairs</a><br/><br/>\r\n <a href=\"{cms_selflink href=\'contactus\'}\">ContactUs</a><br/><br/>\r\n <a href=\"{cms_selflink href=\'events\'}\">Events</a><br/><br/>\r\n <a href=\"{cms_selflink href=\'howtoorder\'}\">How to Order</a><br/><br/>\r\n</div>\r\n\r\n<div id=\"menustuff\">\r\n&nbsp;&nbsp;&nbsp;&nbsp;&nbsp;&nbsp;&nbsp;&nbsp;&nbsp;&nbsp;&nbsp;&nbsp;&nbsp;&nbsp;&nbsp;\r\n&nbsp;&nbsp;&nbsp;&nbsp;&nbsp;\r\n&#183;<a href=\"{cms_selflink href=\'serialone\'}\">Serial One </a>\r\n&#183;<a href=\"{cms_selflink href=\'surface\'}\"> Surface 604</a>\r\n&#183;<a href=\"{cms_selflink href=\'eunorau\'}\"> Eunorau </a>\r\n&#183;<a href=\"{cms_selflink href=\'himiway\'}\"> Himiway</a>\r\n&#183;<a href=\"{cms_selflink href=\'velowave\'}\"> Velowave</a>\r\n&#183;<a href=\"{cms_selflink href=\'etec\'}\"> E-Tek</a>\r\n&#183;<a href=\"{cms_selflink href=\'staycyc\'}\"> StaycycElectric Bikes</a>\r\n&#183;<a href=\"{cms_selflink href=\'mokwheel\'}\"> Mokwheel </a>\r\n&#183;<a href=\"{cms_selflink href=\'kracken\'}\"> Kracken Adventure Bikes</a>\r\n&#183;<a href=\"{cms_selflink href=\'espin\'}\"> E-Spin</a>\r\n&#183;<a href=\"{cms_selflink href=\'reaspire\'}\"> Reaspire</a>&#183;\r\n</div>\r\n<p>\r\n\r\n\r\n<div id=\"contactstuff\">\r\n\r\n{content}\r\n\r\n</div>\r\n</font>\r\n</BODY>\r\n</HTML>','',1,0,NULL,1,1,1676320836,1690837670),(33,'mobile_home','{strip}\r\n	{process_pagedata}\r\n{/strip}<!doctype html>\r\n<html lang=\"{cms_get_language}\">\r\n\r\n<head>\r\n	<title>{title} - {sitename}</title>\r\n	{metadata}\r\n	{cms_stylesheet}\r\n</head>\r\n\r\n<body>\r\n        \r\n<center>\r\n<img src=\"uploads/images/mobilerklogo.jpg\" width=\"100%\">\r\n</center>\r\n<div class=\"menu_simple\">\r\n<ul>\r\n<li><a style=\"background-color:black;\" href=\"{cms_selflink href=\"mobile_home\"}\">Home</a></li>\r\n<li><a href=\"{cms_selflink href=\'mobile_aboutus\'}\">AboutUs</a></li>\r\n<li><a href=\"howtoorder.php\">How to Order</a></li>\r\n<li><a href=\"contactus.php\">Contact Us</a></li>\r\n<li><a href=\"ebikes.php\">E-Bikes</a></li>\r\n<li><a href=\"events.php\">Events</a></li>\r\n<li><a href=\"assesories.php\">Assesories</a></li>\r\n</ul>\r\n</div>\r\n<p>\r\n{content}\r\n<center>\r\n<img src=\"../uploads/images/bike.jpg\" width=\"100%\">\r\n</center>\r\n</body>\r\n{content}\r\n</html>','',1,0,NULL,1,1,1676422662,1693493762),(35,'mobile','{process_pagedata}<!DOCTYPE html PUBLIC \"-//W3C//DTD XHTML 1.0 Transitional//EN\" \"http://www.w3.org/TR/xhtml1/DTD/xhtml1-transitional.dtd\">\r\n<html xmlns=\"http://www.w3.org/1999/xhtml\" xml:lang=\"en\" lang=\"en\">\r\n{* Change lang=\"en\" to the language of your site *}\r\n\r\n{* note: anything inside these are smarty comments, they will not show up in the page source *}\r\n\r\n  <head>\r\n    <title>{sitename} - {title}</title>\r\n{* The sitename is changed in Site Admin/Global settings. {title} is the name of each page *}\r\n\r\n {metadata}\r\n{* Don\'t remove this! Metadata is entered in Site Admin/Global settings. *}\r\n\r\n {cms_stylesheet }\r\n</head>\r\n<!DOCTYPE html PUBLIC \"-//W3C//DTD XHTML 1.0 Transitional//EN\"\r\n\"http://www.w3.org/TR/xhtml1/DTD/xhtml1-transitional.dtd\">\r\n<html xmlns=\"http://www.w3.org/1999/xhtml\">\r\n\r\n<head>\r\n<meta http-equiv=\"Content-Type\" content=\"text/html; charset=utf-8\" />\r\n\r\n<title>RKTECH Electric Power Bikes</title>\r\n</head>\r\n<body>\r\n<center>\r\n<img src=\"uploads/images/mobilerklogo.jpg\" width=\"100%\">\r\n</center>\r\n<div class=\"menu_simple\">\r\n<ul>\r\n<li><a style=\"background-color:black;\" href=\"{cms_selflink href=\'mobile_home\'}\">Home</a></li>\r\n<li><a href=\"{cms_selflink href=\'mobile_aboutus\'}\">AboutUs</a></li>\r\n<li><a href=\"{cms_selflink href=\'mobile_howtoorder\'}\">How to Order</a></li>\r\n<li><a href=\"{cms_selflink href=\'mobile_contactus\'}\">Contact Us</a></li>\r\n<li><a href=\"{cms_selflink href=\'mobile_ebikes\'}\">E-Bikes</a></li>\r\n<li><a href=\"{cms_selflink href=\'mobile_events\'}\">Events</a></li>\r\n<li><a href=\"{cms_selflink href=\'mobile_service\'}\">Service & Repairs</a></li>\r\n</ul>\r\n</div>\r\n<p>\r\n<div id=\"mobilestuff\">\r\n{content}\r\n<?php\r\ninclude \'uploads/images/home.html\';\r\n?>\r\n</div>\r\n</body>\r\n</html>','',1,0,NULL,1,1,1677203112,1693493842),(36,'mobile_aboutus','{process_pagedata}<!DOCTYPE html PUBLIC \"-//W3C//DTD XHTML 1.0 Transitional//EN\" \"http://www.w3.org/TR/xhtml1/DTD/xhtml1-transitional.dtd\">\r\n<html xmlns=\"http://www.w3.org/1999/xhtml\" xml:lang=\"en\" lang=\"en\">\r\n{* Change lang=\"en\" to the language of your site *}\r\n\r\n{* note: anything inside these are smarty comments, they will not show up in the page source *}\r\n\r\n  <head>\r\n    <title>{sitename} - {title}</title>\r\n{* The sitename is changed in Site Admin/Global settings. {title} is the name of each page *}\r\n\r\n {metadata}\r\n{* Don\'t remove this! Metadata is entered in Site Admin/Global settings. *}\r\n\r\n {cms_stylesheet }\r\n</head>\r\n<!DOCTYPE html PUBLIC \"-//W3C//DTD XHTML 1.0 Transitional//EN\"\r\n\"http://www.w3.org/TR/xhtml1/DTD/xhtml1-transitional.dtd\">\r\n<html xmlns=\"http://www.w3.org/1999/xhtml\">\r\n\r\n<head>\r\n<meta http-equiv=\"Content-Type\" content=\"text/html; charset=utf-8\" />\r\n\r\n<title>RKTECH Electric Power Bikes</title>\r\n</head>\r\n<body>\r\n<center>\r\n<img src=\"uploads/images/mobilerklogo.jpg\" width=\"100%\">\r\n</center>\r\n<div class=\"menu_simple\">\r\n<ul>\r\n<li><a href=\"{cms_selflink href=\"mobile_home\"}\">Home</a></li>\r\n<li><a style=\"background-color:black;\" href=\"{cms_selflink href=\'mobile_aboutus\'}\">AboutUs</a></li>\r\n<li><a href=\"{cms_selflink href=\'mobile_howtoorder\'}\">How to Order</a></li>\r\n<li><a href=\"{cms_selflink href=\'mobile_contactus\'}\">Contact Us</a></li>\r\n<li><a href=\"{cms_selflink href=\'mobile_ebikes\'}\">E-Bikes</a></li>\r\n<li><a href=\"{cms_selflink href=\'mobile_events\'}\">Events</a></li>\r\n<li><a href=\"{cms_selflink href=\'mobile_service\'}\"\">Service & Repairs</a></li>\r\n</ul>\r\n</div>\r\n<p>\r\n<div id=\"mobilestuff\">\r\n{content}\r\n<?php\r\ninclude \'uploads/images/home.html\';\r\n?>\r\n</div>\r\n</body>\r\n</html>','',1,0,NULL,1,1,1677207219,1693493787),(37,'mobile_events','{process_pagedata}<!DOCTYPE html PUBLIC \"-//W3C//DTD XHTML 1.0 Transitional//EN\" \"http://www.w3.org/TR/xhtml1/DTD/xhtml1-transitional.dtd\">\r\n<html xmlns=\"http://www.w3.org/1999/xhtml\" xml:lang=\"en\" lang=\"en\">\r\n{* Change lang=\"en\" to the language of your site *}\r\n\r\n{* note: anything inside these are smarty comments, they will not show up in the page source *}\r\n\r\n  <head>\r\n    <title>{sitename} - {title}</title>\r\n{* The sitename is changed in Site Admin/Global settings. {title} is the name of each page *}\r\n\r\n {metadata}\r\n{* Don\'t remove this! Metadata is entered in Site Admin/Global settings. *}\r\n\r\n {cms_stylesheet }\r\n</head>\r\n<!DOCTYPE html PUBLIC \"-//W3C//DTD XHTML 1.0 Transitional//EN\"\r\n\"http://www.w3.org/TR/xhtml1/DTD/xhtml1-transitional.dtd\">\r\n<html xmlns=\"http://www.w3.org/1999/xhtml\">\r\n\r\n<head>\r\n<meta http-equiv=\"Content-Type\" content=\"text/html; charset=utf-8\" />\r\n\r\n<title>RKTECH Electric Power Bikes</title>\r\n</head>\r\n<body>\r\n<center>\r\n<img src=\"uploads/images/mobilerklogo.jpg\" width=\"100%\">\r\n</center>\r\n<div class=\"menu_simple\">\r\n<ul>\r\n<li><a href=\"{cms_selflink href=\"mobile.php\"}\">Home</a></li>\r\n<li><a href=\"{cms_selflink href=\'mobile_aboutus\'}\">AboutUs</a></li>\r\n<li><a href=\"{cms_selflink href=\'mobile_howtoorder\'}\">How to Order</a></li>\r\n<li><a href=\"{cms_selflink href=\'mobile_contactus\'}\">Contact Us</a></li>\r\n<li><a href=\"{cms_selflink href=\'mobile_ebikes\'}\">E-Bikes</a></li>\r\n<li><a style=\"background-color:black;\" href=\"{cms_selflink href=\'mobile_events\'}\">Events</a></li>\r\n<li><a href=\"{cms_selflink href=\'mobile_service\'}\">Service & Repairs</a></li>\r\n</ul>\r\n</div>\r\n<p>\r\n<div id=\"mobilestuff\">\r\n{content}\r\n<?php\r\ninclude \'uploads/images/home.html\';\r\n?>\r\n</div>\r\n</body>\r\n</html>','',1,0,NULL,1,1,1677207757,1693494070),(38,'mobile _contactus','{process_pagedata}<!DOCTYPE html PUBLIC \"-//W3C//DTD XHTML 1.0 Transitional//EN\" \"http://www.w3.org/TR/xhtml1/DTD/xhtml1-transitional.dtd\">\r\n<html xmlns=\"http://www.w3.org/1999/xhtml\" xml:lang=\"en\" lang=\"en\">\r\n{* Change lang=\"en\" to the language of your site *}\r\n\r\n{* note: anything inside these are smarty comments, they will not show up in the page source *}\r\n\r\n  <head>\r\n    <title>{sitename} - {title}</title>\r\n{* The sitename is changed in Site Admin/Global settings. {title} is the name of each page *}\r\n\r\n {metadata}\r\n{* Don\'t remove this! Metadata is entered in Site Admin/Global settings. *}\r\n\r\n {cms_stylesheet }\r\n</head>\r\n<!DOCTYPE html PUBLIC \"-//W3C//DTD XHTML 1.0 Transitional//EN\"\r\n\"http://www.w3.org/TR/xhtml1/DTD/xhtml1-transitional.dtd\">\r\n<html xmlns=\"http://www.w3.org/1999/xhtml\">\r\n\r\n<head>\r\n<meta http-equiv=\"Content-Type\" content=\"text/html; charset=utf-8\" />\r\n\r\n<title>RKTECH Electric Power Bikes</title>\r\n</head>\r\n<body>\r\n<center>\r\n<img src=\"uploads/images/mobilerklogo.jpg\" width=\"100%\">\r\n</center>\r\n<div class=\"menu_simple\">\r\n<ul>\r\n<li><a href=\"{cms_selflink href=\'mobile_home\'}\">Home</a></li>\r\n<li><a href=\"{cms_selflink href=\'mobile_aboutus\'}\">AboutUs</a></li>\r\n<li><a href=\"{cms_selflink href=\'mobile_howtoorder\'}\">How to Order</a></li>\r\n<li><a style=\"background-color:black;\" href=\"{cms_selflink href=\'mobile_contactus\'}\">Contact Us</a></li>\r\n<li><a href=\"{cms_selflink href=\'mobile_ebikes\'}\">E-Bikes</a></li>\r\n<li><a href=\"{cms_selflink href=\'mobile_events\'}\">Events</a></li>\r\n<li><a href=\"{cms_selflink href=\'mobile_service\'}\">Service & Repairs</a></li>\r\n</ul>\r\n</div>\r\n<p>\r\n<div id=\"mobilestuff\">\r\n{content}\r\n\r\n</div>\r\n</body>\r\n</html>','',1,0,NULL,1,1,1677208338,1693493908),(39,'mobile_ebikes','{process_pagedata}<!DOCTYPE html PUBLIC \"-//W3C//DTD XHTML 1.0 Transitional//EN\" \"http://www.w3.org/TR/xhtml1/DTD/xhtml1-transitional.dtd\">\r\n<html xmlns=\"http://www.w3.org/1999/xhtml\" xml:lang=\"en\" lang=\"en\">\r\n{* Change lang=\"en\" to the language of your site *}\r\n\r\n{* note: anything inside these are smarty comments, they will not show up in the page source *}\r\n\r\n  <head>\r\n    <title>{sitename} - {title}</title>\r\n{* The sitename is changed in Site Admin/Global settings. {title} is the name of each page *}\r\n\r\n {metadata}\r\n{* Don\'t remove this! Metadata is entered in Site Admin/Global settings. *}\r\n\r\n {cms_stylesheet }\r\n</head>\r\n<!DOCTYPE html PUBLIC \"-//W3C//DTD XHTML 1.0 Transitional//EN\"\r\n\"http://www.w3.org/TR/xhtml1/DTD/xhtml1-transitional.dtd\">\r\n<html xmlns=\"http://www.w3.org/1999/xhtml\">\r\n\r\n<head>\r\n<meta http-equiv=\"Content-Type\" content=\"text/html; charset=utf-8\" />\r\n\r\n<title>RKTECH Electric Power Bikes</title>\r\n</head>\r\n<body>\r\n<center>\r\n<img src=\"uploads/images/mobilerklogo.jpg\" width=\"100%\">\r\n</center>\r\n<div class=\"menu_simple\">\r\n<ul>\r\n<li><a href=\"{cms_selflink href=\'mobile_home\'}\">Home</a></li>\r\n<li><a href=\"{cms_selflink href=\'mobile_aboutus\'}\">AboutUs</a></li>\r\n<li><a href=\"{cms_selflink href=\'mobile_howtoorder\'}\">How to Order</a></li>\r\n<li><a href=\"{cms_selflink href=\'mobile_contactus\'}\">Contact Us</a></li>\r\n<li><a style=\"background-color:black;\" href=\"{cms_selflink href=\'mobile_ebikes\'}\">E-Bikes</a></li>\r\n<li><a href=\"{cms_selflink href=\'mobile_events\'}\">Events</a></li>\r\n<li><a href=\"{cms_selflink href=\'mobile_service\'}\">Service & Repairs</a></li>\r\n</ul>\r\n</div>\r\n<p>\r\n<div id=\"mobilestuff\">\r\n{content}\r\n<?php\r\ninclude \'uploads/images/home.html\';\r\n?>\r\n</div>\r\n</body>\r\n</html>','',1,0,NULL,1,1,1677208360,1693493942),(40,'mobile_service','{process_pagedata}<!DOCTYPE html PUBLIC \"-//W3C//DTD XHTML 1.0 Transitional//EN\" \"http://www.w3.org/TR/xhtml1/DTD/xhtml1-transitional.dtd\">\r\n<html xmlns=\"http://www.w3.org/1999/xhtml\" xml:lang=\"en\" lang=\"en\">\r\n{* Change lang=\"en\" to the language of your site *}\r\n\r\n{* note: anything inside these are smarty comments, they will not show up in the page source *}\r\n\r\n  <head>\r\n    <title>{sitename} - {title}</title>\r\n{* The sitename is changed in Site Admin/Global settings. {title} is the name of each page *}\r\n\r\n {metadata}\r\n{* Don\'t remove this! Metadata is entered in Site Admin/Global settings. *}\r\n\r\n {cms_stylesheet }\r\n</head>\r\n<!DOCTYPE html PUBLIC \"-//W3C//DTD XHTML 1.0 Transitional//EN\"\r\n\"http://www.w3.org/TR/xhtml1/DTD/xhtml1-transitional.dtd\">\r\n<html xmlns=\"http://www.w3.org/1999/xhtml\">\r\n\r\n<head>\r\n<meta http-equiv=\"Content-Type\" content=\"text/html; charset=utf-8\" />\r\n\r\n<title>RKTECH Electric Power Bikes</title>\r\n</head>\r\n<body>\r\n<center>\r\n<img src=\"uploads/images/mobilerklogo.jpg\" width=\"100%\">\r\n</center>\r\n<div class=\"menu_simple\">\r\n<ul>\r\n<li><a href=\"{cms_selflink href=\'mobile_home\'}\">Home</a></li>\r\n<li><a href=\"{cms_selflink href=\'mobile_aboutus\'}\">AboutUs</a></li>\r\n<li><a href=\"{cms_selflink href=\'mobile_howtoorder\'}\">How to Order</a></li>\r\n<li><a href=\"{cms_selflink href=\'mobile_contactus\'}\">Contact Us</a></li>\r\n<li><a href=\"{cms_selflink href=\'mobile_ebikes\'}\">E-Bikes</a></li>\r\n<li><a href=\"{cms_selflink href=\'mobile_events\'}\">Events</a></li>\r\n<li><a style=\"background-color:black;\" href=\"{cms_selflink href=\'mobile_service\'}\">Service & Repairs</a></li>\r\n</ul>\r\n</div>\r\n<p>\r\n<div id=\"mobilestuff\">\r\n{content}\r\n<?php\r\ninclude \'uploads/images/home.html\';\r\n?>\r\n</div>\r\n</body>\r\n</html>','',1,0,NULL,1,1,1677208416,1693494109),(41,'mobile_howtoorder','{process_pagedata}<!DOCTYPE html PUBLIC \"-//W3C//DTD XHTML 1.0 Transitional//EN\" \"http://www.w3.org/TR/xhtml1/DTD/xhtml1-transitional.dtd\">\r\n<html xmlns=\"http://www.w3.org/1999/xhtml\" xml:lang=\"en\" lang=\"en\">\r\n{* Change lang=\"en\" to the language of your site *}\r\n\r\n{* note: anything inside these are smarty comments, they will not show up in the page source *}\r\n\r\n  <head>\r\n    <title>{sitename} - {title}</title>\r\n{* The sitename is changed in Site Admin/Global settings. {title} is the name of each page *}\r\n\r\n {metadata}\r\n{* Don\'t remove this! Metadata is entered in Site Admin/Global settings. *}\r\n\r\n {cms_stylesheet }\r\n</head>\r\n<!DOCTYPE html PUBLIC \"-//W3C//DTD XHTML 1.0 Transitional//EN\"\r\n\"http://www.w3.org/TR/xhtml1/DTD/xhtml1-transitional.dtd\">\r\n<html xmlns=\"http://www.w3.org/1999/xhtml\">\r\n\r\n<head>\r\n<meta http-equiv=\"Content-Type\" content=\"text/html; charset=utf-8\" />\r\n\r\n<title>RKTECH Electric Power Bikes</title>\r\n</head>\r\n<body>\r\n<center>\r\n<img src=\"uploads/images/mobilerklogo.jpg\" width=\"100%\">\r\n</center>\r\n<div class=\"menu_simple\">\r\n<ul>\r\n<li><a href=\"{cms_selflink href=\'mobile_home\'}\">Home</a></li>\r\n<li><a href=\"{cms_selflink href=\'mobile_aboutus\'}\">AboutUs</a></li>\r\n<li><a style=\"background-color:black;\" href=\"{cms_selflink href=\'mobile_howtoorder\'}\">How to Order</a></li>\r\n<li><a href=\"{cms_selflink href=\'mobile_contactus\'}\">Contact Us</a></li>\r\n<li><a href=\"{cms_selflink href=\'mobile_ebikes\'}\">E-Bikes</a></li>\r\n<li><a href=\"{cms_selflink href=\'mobile_events\'}\">Events</a></li>\r\n<li><a href=\"{cms_selflink href=\'mobile_service\'}\">Service & Repairs</a></li>\r\n</ul>\r\n</div>\r\n<p>\r\n<div id=\"mobilestuff\">\r\n{content}\r\n<?php\r\ninclude \'uploads/images/home.html\';\r\n?>\r\n</div>\r\n</body>\r\n</html>','',1,0,NULL,1,1,1677209180,1693493873),(43,'mobile_inventory','{process_pagedata}<!DOCTYPE html PUBLIC \"-//W3C//DTD XHTML 1.0 Transitional//EN\" \"http://www.w3.org/TR/xhtml1/DTD/xhtml1-transitional.dtd\">\r\n<html xmlns=\"http://www.w3.org/1999/xhtml\" xml:lang=\"en\" lang=\"en\">\r\n{* Change lang=\"en\" to the language of your site *}\r\n\r\n{* note: anything inside these are smarty comments, they will not show up in the page source *}\r\n\r\n  <head>\r\n    <title>{sitename} - {title}</title>\r\n{* The sitename is changed in Site Admin/Global settings. {title} is the name of each page *}\r\n\r\n {metadata}\r\n{* Don\'t remove this! Metadata is entered in Site Admin/Global settings. *}\r\n\r\n {cms_stylesheet }\r\n</head>\r\n<!DOCTYPE html PUBLIC \"-//W3C//DTD XHTML 1.0 Transitional//EN\"\r\n\"http://www.w3.org/TR/xhtml1/DTD/xhtml1-transitional.dtd\">\r\n<html xmlns=\"http://www.w3.org/1999/xhtml\">\r\n\r\n<head>\r\n<meta http-equiv=\"Content-Type\" content=\"text/html; charset=utf-8\" />\r\n\r\n<title>RKTECH Electric Power Bikes</title>\r\n</head>\r\n\r\n<body>\r\n<center>\r\n<img src=\"uploads/images/mobilerklogo.jpg\" width=\"100%\">\r\n</center>\r\n<div class=\"menu_simple\">\r\n<ul>\r\n<li><a href=\"{cms_selflink href=\'mobile_home\'}\">Home</a></li>\r\n<li><a href=\"{cms_selflink href=\'mobile_aboutus\'}\">AboutUs</a></li>\r\n<li><a href=\"{cms_selflink href=\'mobile_howtoorder\'}\">How to Order</a></li>\r\n<li><a href=\"{cms_selflink href=\'mobile_contactus\'}\">Contact Us</a></li>\r\n<li><a style=\"background-color:black;\" href=\"{cms_selflink href=\'mobile_ebikes\'}\">E-Bikes</a></li>\r\n<li><a href=\"{cms_selflink href=\'mobile_links\'}\">Links</a></li>\r\n<li><a href=\"{cms_selflink href=\'mobile_service\'}\">Service & Repairs</a></li>\r\n</ul>\r\n</div>\r\n<p>\r\n<div id=\"mobile_inventory\">\r\n\r\n{content}\r\n\r\n<?php\r\n//include \'uploads/images/home.html\';\r\n?>\r\n</div>\r\n</body>\r\n</html>','',1,0,NULL,1,1,1677344733,1690838616),(44,'prices','{process_pagedata}<!DOCTYPE html PUBLIC \"-//W3C//DTD XHTML 1.0 Transitional//EN\" \"http://www.w3.org/TR/xhtml1/DTD/xhtml1-transitional.dtd\">\r\n<html xmlns=\"http://www.w3.org/1999/xhtml\" xml:lang=\"en\" lang=\"en\">\r\n{* Change lang=\"en\" to the language of your site *}\r\n\r\n{* note: anything inside these are smarty comments, they will not show up in the page source *}\r\n\r\n  <head>\r\n    <title>{sitename} - {title}</title>\r\n{* The sitename is changed in Site Admin/Global settings. {title} is the name of each page *}\r\n\r\n {metadata}\r\n{* Don\'t remove this! Metadata is entered in Site Admin/Global settings. *}\r\n\r\n {cms_stylesheet }\r\n</head>\r\n{mobiledetect}\r\n \r\n\r\n\r\n\r\n\r\n<!--<div id=\"fblink\">\r\n<a href=\"https://www.facebook.com/RDKimball2\"><img src=\"uploads/images/fblogo.gif\" width=\"30%\"></a>\r\n</div>-->\r\n\r\n<div id=\"top\">\r\n<img src=\"uploads/images/rklogo.jpg\" width=\"100%\" usemap=\"#map\">\r\n</div>\r\n<map name=\"map\">\r\n    <area shape=\"rect\" href=\"{cms_selflink href=\"home\"}\" coords=\"2, 9, 285, 222\" />\r\n    <area shape=\"rect\" href=\"https://www.facebook.com/RDKimball2\" coords=\"1126, 40, 1180, 90\" />\r\n</map>\r\n\r\n\r\n<!--<div id=\"bike\">\r\n<img src=\"uploads/images/bike.jpeg\">\r\n</div>-->\r\n<div id=\"sidemenu1\">\r\n <a href=\"{cms_selflink href=\'home\'}\">Home</a><br/><br/>\r\n <a href=\"{cms_selflink href=\'aboutus\'}\">AboutUs</a><br/><br/>\r\n <a href=\"{cms_selflink href=\'accessories\'}\">Accessories</a><br/><br/>\r\n <a href=\"{cms_selflink href=\'contactus\'}\">ContactUs</a><br/><br/>\r\n <a href=\"{cms_selflink href=\'events\'}\">Events</a><br/><br/>\r\n <a href=\"{cms_selflink href=\'howtoorder\'}\">How to Order</a><br/><br/>\r\n</div>\r\n\r\n<div id=\"menustuff\">\r\n&nbsp;&nbsp;&nbsp;&nbsp;&nbsp;&nbsp;&nbsp;&nbsp;&nbsp;&nbsp;&nbsp;&nbsp;&nbsp;&nbsp;&nbsp;\r\n&nbsp;&nbsp;&nbsp;&nbsp;&nbsp;\r\n&#183;<a href=\"{cms_selflink href=\'serialone\'}\">Serial One </a>\r\n&#183;<a href=\"{cms_selflink href=\'surface\'}\"> Surface 604</a>\r\n&#183;<a href=\"{cms_selflink href=\'eunorau\'}\"> Eunorau </a>\r\n&#183;<a href=\"{cms_selflink href=\'himiway\'}\"> Himiway</a>\r\n&#183;<a href=\"{cms_selflink href=\'michaelblast\'}\"> Michael Blast</a>\r\n&#183;<a href=\"{cms_selflink href=\'velowave\'}\"> Velowave</a>\r\n&#183;<a href=\"{cms_selflink href=\'etec\'}\"> E-Tek</a>\r\n&#183;<a href=\"{cms_selflink href=\'staycyc\'}\"> Staycyc Stability</a>\r\n&#183;<a href=\"{cms_selflink href=\'smartmotion\'}\"> Smart Motion</a>\r\n&#183;<a href=\"{cms_selflink href=\'mokwheel\'}\"> Mokwheel </a>\r\n&#183;<a href=\"{cms_selflink href=\'kracken\'}\"> Kracken Adventure</a>\r\n&#183;<a href=\"{cms_selflink href=\'espin\'}\"> E-Spin</a>\r\n&#183;<a href=\"{cms_selflink href=\'ecotric\'}\"> Ecotric</a>&#183;\r\n</div>\r\n<p>\r\n<map name=\"image_map\">\r\n  <area alt=\"\" title=\"\" href=\"https://www.facebook.com/RDKimball2\" coords=\"1843,109,41\" shape=\"circle\">\r\n</map>\r\n\r\n<div id=\"price_stuff\">\r\n\r\n{content}\r\n</div>\r\n</font>\r\n</BODY>\r\n</HTML>','',1,0,NULL,1,1,1690396067,1690396341),(45,'mobile_prices','{process_pagedata}<!DOCTYPE html PUBLIC \"-//W3C//DTD XHTML 1.0 Transitional//EN\" \"http://www.w3.org/TR/xhtml1/DTD/xhtml1-transitional.dtd\">\r\n<html xmlns=\"http://www.w3.org/1999/xhtml\" xml:lang=\"en\" lang=\"en\">\r\n{* Change lang=\"en\" to the language of your site *}\r\n\r\n{* note: anything inside these are smarty comments, they will not show up in the page source *}\r\n\r\n  <head>\r\n    <title>{sitename} - {title}</title>\r\n{* The sitename is changed in Site Admin/Global settings. {title} is the name of each page *}\r\n\r\n {metadata}\r\n{* Don\'t remove this! Metadata is entered in Site Admin/Global settings. *}\r\n\r\n {cms_stylesheet }\r\n</head>\r\n<!DOCTYPE html PUBLIC \"-//W3C//DTD XHTML 1.0 Transitional//EN\"\r\n\"http://www.w3.org/TR/xhtml1/DTD/xhtml1-transitional.dtd\">\r\n<html xmlns=\"http://www.w3.org/1999/xhtml\">\r\n\r\n<head>\r\n<meta http-equiv=\"Content-Type\" content=\"text/html; charset=utf-8\" />\r\n\r\n<title>RKTECH Electric Power Bikes</title>\r\n</head>\r\n<body>\r\n<center>\r\n<img src=\"uploads/images/mobilerklogo.jpg\" width=\"100%\">\r\n</center>\r\n<div class=\"menu_simple\">\r\n<ul>\r\n<li><a href=\"{cms_selflink href=\'mobile_home\'}\">Home</a></li>\r\n<li><a href=\"{cms_selflink href=\'mobile_aboutus\'}\">AboutUs</a></li>\r\n<li><a href=\"{cms_selflink href=\'mobile_howtoorder\'}\">How to Order</a></li>\r\n<li><a href=\"{cms_selflink href=\'mobile_contactus\'}\">Contact Us</a></li>\r\n<li><a style=\"background-color:black;\" href=\"{cms_selflink href=\'mobile_ebikes\'}\">E-Bikes</a></li>\r\n<li><a href=\"{cms_selflink href=\'mobile_links\'}\">Links</a></li>\r\n<li><a href=\"{cms_selflink href=\'mobile_howtoorder\'}\">Accessories</a></li>\r\n</ul>\r\n</div>\r\n<p>\r\n<div id=\"mobilestuff\">\r\n{content}\r\n<?php\r\ninclude \'uploads/images/home.html\';\r\n?>\r\n</div>\r\n</body>\r\n</html>','',1,0,NULL,1,1,1690397487,1690397487),(46,'home2','{process_pagedata}<!DOCTYPE html PUBLIC \"-//W3C//DTD XHTML 1.0 Transitional//EN\" \"http://www.w3.org/TR/xhtml1/DTD/xhtml1-transitional.dtd\">\r\n<html xmlns=\"http://www.w3.org/1999/xhtml\" xml:lang=\"en\" lang=\"en\">\r\n{* Change lang=\"en\" to the language of your site *}\r\n\r\n{* note: anything inside these are smarty comments, they will not show up in the page source *}\r\n\r\n  <head>\r\n    <title>{sitename} - {title}</title>\r\n{* The sitename is changed in Site Admin/Global settings. {title} is the name of each page *}\r\n\r\n {metadata}\r\n{* Don\'t remove this! Metadata is entered in Site Admin/Global settings. *}\r\n\r\n {cms_stylesheet }\r\n</head>\r\n{mobiledetect}\r\n \r\n\r\n\r\n\r\n\r\n<!--<div id=\"fblink\">\r\n<a href=\"https://www.facebook.com/RDKimball2\"><img src=\"uploads/images/fblogo.gif\" width=\"30%\"></a>\r\n</div>-->\r\n\r\n<div id=\"top\">\r\n<img src=\"uploads/images/rklogo.jpg\" width=\"100%\" usemap=\"#map\">\r\n</div>\r\n<map name=\"map\">\r\n    <area shape=\"rect\" href=\"{cms_selflink href=\"home\"}\" coords=\"2, 9, 285, 222\" />\r\n    <area shape=\"rect\" href=\"https://www.facebook.com/RDKimball2\" coords=\"1126, 40, 1180, 90\" />\r\n</map>\r\n\r\n\r\n<div id=\"bike\">\r\n<img src=\"uploads/images/bike.jpeg\">\r\n</div>\r\n<div id=\"sidemenu1\">\r\n <a href=\"{cms_selflink href=\'home\'}\">Home</a><br/><br/>\r\n <a href=\"{cms_selflink href=\'aboutus\'}\">AboutUs</a><br/><br/>\r\n <a href=\"{cms_selflink href=\'service\'}\">Service & Repairs</a><br/><br/>\r\n <a href=\"{cms_selflink href=\'contactus\'}\">ContactUs</a><br/><br/>\r\n <a href=\"{cms_selflink href=\'events\'}\">Events</a><br/><br/>\r\n <a href=\"{cms_selflink href=\'howtoorder\'}\">How to Order</a><br/><br/>\r\n</div>\r\n\r\n<div id=\"menustuff\">\r\n&nbsp;&nbsp;&nbsp;&nbsp;&nbsp;&nbsp;&nbsp;&nbsp;&nbsp;&nbsp;&nbsp;&nbsp;&nbsp;&nbsp;&nbsp;\r\n&nbsp;&nbsp;&nbsp;&nbsp;&nbsp;\r\n&#183;<a href=\"{cms_selflink href=\'serialone\'}\">Serial One </a>\r\n&#183;<a href=\"{cms_selflink href=\'surface\'}\"> Surface 604</a>\r\n&#183;<a href=\"{cms_selflink href=\'eunorau\'}\"> Eunorau </a>\r\n&#183;<a href=\"{cms_selflink href=\'himiway\'}\"> Himiway</a>\r\n&#183;<a href=\"{cms_selflink href=\'michaelblast\'}\"> Michael Blast</a>\r\n&#183;<a href=\"{cms_selflink href=\'velowave\'}\"> Velowave</a>\r\n&#183;<a href=\"{cms_selflink href=\'etec\'}\"> E-Tek</a>\r\n&#183;<a href=\"{cms_selflink href=\'staycyc\'}\"> Staycyc Stability</a>\r\n&#183;<a href=\"{cms_selflink href=\'smartmotion\'}\"> Smart Motion</a>\r\n&#183;<a href=\"{cms_selflink href=\'mokwheel\'}\"> Mokwheel </a>\r\n&#183;<a href=\"{cms_selflink href=\'kracken\'}\"> Kracken Adventure</a>\r\n&#183;<a href=\"{cms_selflink href=\'espin\'}\"> E-Spin</a>\r\n&#183;<a href=\"{cms_selflink href=\'reaspire\'}\"> Reaspire</a>&#183;\r\n</div>\r\n<p>\r\n<map name=\"image_map\">\r\n  <area alt=\"\" title=\"\" href=\"https://www.facebook.com/RDKimball2\" coords=\"1843,109,41\" shape=\"circle\">\r\n</map>\r\n<div id=\"stuff\">\r\n\r\n{content}\r\n</div>\r\n</font>\r\n</BODY>\r\n</HTML>','',1,0,NULL,1,1,1690733939,1690917938);

--
-- Table structure for table `cms_rkteklayout_tpl_addusers`
--

CREATE TABLE `cms_rkteklayout_tpl_addusers` (
  `tpl_id` int(11) NOT NULL,
  `user_id` int(11) NOT NULL,
  PRIMARY KEY (`tpl_id`,`user_id`)
) ENGINE=MyISAM DEFAULT CHARSET=utf8 COLLATE=utf8_general_ci;

--
-- Dumping data for table `cms_rkteklayout_tpl_addusers`
--


--
-- Table structure for table `cms_rkteklayout_tpl_categories`
--

CREATE TABLE `cms_rkteklayout_tpl_categories` (
  `id` int(11) NOT NULL AUTO_INCREMENT,
  `name` varchar(100) NOT NULL,
  `description` text DEFAULT NULL,
  `item_order` text DEFAULT NULL,
  `modified` int(11) DEFAULT NULL,
  PRIMARY KEY (`id`),
  UNIQUE KEY `cms_rktekidx_layout_tpl_cat_1` (`name`)
) ENGINE=MyISAM DEFAULT CHARSET=utf8 COLLATE=utf8_general_ci;

--
-- Dumping data for table `cms_rkteklayout_tpl_categories`
--


--
-- Table structure for table `cms_rkteklayout_tpl_type`
--

CREATE TABLE `cms_rkteklayout_tpl_type` (
  `id` int(11) NOT NULL AUTO_INCREMENT,
  `originator` varchar(50) NOT NULL,
  `name` varchar(100) NOT NULL,
  `has_dflt` tinyint(4) DEFAULT NULL,
  `dflt_contents` longtext DEFAULT NULL,
  `description` text DEFAULT NULL,
  `lang_cb` varchar(255) DEFAULT NULL,
  `dflt_content_cb` varchar(255) DEFAULT NULL,
  `requires_contentblocks` tinyint(4) DEFAULT NULL,
  `help_content_cb` varchar(255) DEFAULT NULL,
  `one_only` tinyint(4) DEFAULT NULL,
  `owner` int(11) DEFAULT NULL,
  `created` int(11) DEFAULT NULL,
  `modified` int(11) DEFAULT NULL,
  PRIMARY KEY (`id`),
  UNIQUE KEY `cms_rktekidx_layout_tpl_type_1` (`originator`,`name`)
) ENGINE=MyISAM AUTO_INCREMENT=12 DEFAULT CHARSET=utf8 COLLATE=utf8_general_ci;

--
-- Dumping data for table `cms_rkteklayout_tpl_type`
--

INSERT INTO `cms_rkteklayout_tpl_type` VALUES (1,'__CORE__','page',1,'{strip}\r\n	{process_pagedata}\r\n{/strip}<!doctype html>\r\n<html lang=\"{cms_get_language}\">\r\n\r\n<head>\r\n	<title>{title} - {sitename}</title>\r\n	{metadata}\r\n	{cms_stylesheet}\r\n</head>\r\n\r\n<body>\r\n        \r\n	<header id=\"header\">\r\n		<h1>{sitename}</h1>\r\n	</header>\r\n\r\n	<nav id=\"menu\">\r\n		{Navigator}\r\n	</nav>\r\n\r\n	<section id=\"content\">\r\n		<h1>{title}</h1>\r\n		{content}\r\n	</section>\r\n</body>\r\n\r\n</html>','','s:44:\"CmsTemplateResource::page_type_lang_callback\";','s:45:\"CmsTemplateResource::reset_page_type_defaults\";',1,'s:43:\"CmsTemplateResource::template_help_callback\";',NULL,NULL,1675546017,1675612052),(2,'__CORE__','generic',NULL,NULL,NULL,'s:47:\"CmsTemplateResource::generic_type_lang_callback\";','N;',0,'s:43:\"CmsTemplateResource::template_help_callback\";',NULL,NULL,1675546017,1675546017),(3,'MenuManager','navigation',1,'{* CSS classes used in this template:\r\n.activeparent - The top level parent when a child is the active/current page\r\nli.active0n h3 - n is the depth/level of the node. To style the active page for each level separately. The active page is not clickable.\r\n.clearfix - Used for the unclickable h3 to use the entire width of the li, just like the anchors. See the Tools stylesheet in the default CMSMS installation.\r\nli.sectionheader h3 - To style section header\r\nli.separator - To style the ruler for the separator *} \r\n\r\n{assign var=\'number_of_levels\' value=10000}\r\n{if isset($menuparams.number_of_levels)}\r\n  {assign var=\'number_of_levels\' value=$menuparams.number_of_levels}\r\n{/if}\r\n\r\n{if $count > 0}\r\n<ul>\r\n{foreach from=$nodelist item=node}\r\n{if $node->depth > $node->prevdepth}\r\n{repeat string=\"<ul>\" times=$node->depth-$node->prevdepth}\r\n{elseif $node->depth < $node->prevdepth}\r\n{repeat string=\"</li></ul>\" times=$node->prevdepth-$node->depth}\r\n</li>\r\n{elseif $node->index > 0}</li>\r\n{/if}\r\n\r\n{if $node->parent == true or $node->current == true}\r\n  {assign var=\'classes\' value=\'menuactive\'}\r\n  {if $node->parent == true}\r\n    {assign var=\'classes\' value=\'menuactive menuparent\'}\r\n  {/if}\r\n  {if $node->children_exist == true and $node->depth < $number_of_levels}\r\n    {assign var=\'classes\' value=$classes|cat:\' parent\'}\r\n  {/if}\r\n  <li class=\"{$classes}\"><a class=\"{$classes}\" href=\"{$node->url}\"><span>{$node->menutext}</span></a>\r\n\r\n{elseif $node->children_exist == true and $node->depth < $number_of_levels and $node->type != \'sectionheader\' and $node->type != \'separator\'}\r\n<li class=\"parent\"><a class=\"parent\" href=\"{$node->url}\"><span>{$node->menutext}</span></a>\r\n\r\n{elseif $node->current == true}\r\n<li class=\"currentpage\"><h3><span>{$node->menutext}</span></h3>\r\n\r\n{elseif $node->type == \'sectionheader\'}\r\n<li class=\"sectionheader\"><span>{$node->menutext}</span>\r\n\r\n{elseif $node->type == \'separator\'}\r\n<li class=\"separator\" style=\"list-style-type: none;\"> <hr />\r\n\r\n{else}\r\n<li><a href=\"{$node->url}\"><span>{$node->menutext}</span></a>\r\n\r\n{/if}\r\n\r\n{/foreach}\r\n{repeat string=\"</li></ul>\" times=$node->depth-1}</li>\r\n</ul>\r\n{/if}\r\n',NULL,'s:36:\"MenuManager::page_type_lang_callback\";','s:37:\"MenuManager::reset_page_type_defaults\";',0,'N;',NULL,NULL,1675546029,1675546029),(4,'Navigator','navigation',1,'{* simple navigation *}\n{* note, function can only be defined once *}\n{* \n  variables:\n  node: contains the current node.\n  aclass: is used to build a string containing class names given to the a tag if one is used\n  liclass: is used to build a string containing class names given to the li tag.\n*}\n\n{function name=Nav_menu depth=1}{strip}\n<ul>\n  {foreach $data as $node}\n    {* setup classes for the anchor and list item *}\n    {assign var=\'liclass\' value=\'menudepth\'|cat:$depth}\n    {assign var=\'aclass\' value=\'\'}\n\n    {* the first child gets a special class *}\n    {if $node@first && $node@total > 1}{assign var=\'liclass\' value=$liclass|cat:\' first_child\'}{/if}\n\n    {* the last child gets a special class *}\n    {if $node@last && $node@total > 1}{assign var=\'liclass\' value=$liclass|cat:\' last_child\'}{/if}\n\n    {if $node->current}\n      {* this is the current page *}\n      {assign var=\'liclass\' value=$liclass|cat:\' menuactive\'}\n      {assign var=\'aclass\' value=$aclass|cat:\' menuactive\'}\n    {/if}\n\n    {if $node->parent}\n      {* this is a parent of the current page *}\n      {assign var=\'liclass\' value=$liclass|cat:\' menuactive menuparent\'}\n      {assign var=\'aclass\' value=$aclass|cat:\' menuactive menuparent\'}\n    {/if}\n\n    {if $node->children}\n      {assign var=\'liclass\' value=$liclass|cat:\' parent\'}\n      {assign var=\'aclass\' value=$aclass|cat:\' parent\'}\n    {/if}\n\n    {* build the menu item node *}\n    {if $node->type == \'sectionheader\'}\n      <li class=\'sectionheader {$liclass}\'><span>{$node->menutext}</span>\n        {if isset($node->children)}\n          {Nav_menu data=$node->children depth=$depth+1}\n        {/if}\n      </li>\n    {else if $node->type == \'separator\'}\n      <li class=\'separator {$liclass}\'><hr class=\'separator\'/></li>\n    {else}\n      {* regular item *}\n      <li class=\"{$liclass}\">\n        <a class=\"{$aclass}\" href=\"{$node->url}\"{if $node->target ne \"\"} target=\"{$node->target}\"{/if}><span>{$node->menutext}</span></a>\n        {if isset($node->children)}\n          {Nav_menu data=$node->children depth=$depth+1}\n        {/if}\n      </li>\n    {/if}\n  {/foreach}\n</ul>\n{/strip}{/function}\n\n{if isset($nodes)}\n{Nav_menu data=$nodes depth=0}\n{/if}\n',NULL,'s:34:\"Navigator::page_type_lang_callback\";','s:35:\"Navigator::reset_page_type_defaults\";',0,'s:33:\"Navigator::template_help_callback\";',NULL,NULL,1675546029,1675546029),(5,'Navigator','breadcrumbs',1,'{* default breadcrumbs template *}\n{strip}\n<div class=\"breadcrumb\">\n  {if isset($starttext)}{$starttext}:&nbsp;{/if}\n  {foreach $nodelist as $node}\n    {$spanclass=\'breadcrumb\'}\n    {if $node->current}\n      {$spanclass=$spanclass|cat:\' current\'}\n    {/if}\n\n    <span class=\"{$spanclass}\">\n      {if $node@last}\n        {$node->menutext}\n      {elseif $node->type == \'sectionheader\'}\n        {$node->menutext}&nbsp;\n      {else}\n        <a href=\"{$node->url}\" title=\"{$node->menutext}\">{$node->menutext}</a>\n      {/if}\n    </span>\n\n    {if !$node@last}&raquo;&nbsp;{/if}\n  {/foreach}\n</div>\n{/strip}',NULL,'s:34:\"Navigator::page_type_lang_callback\";','s:35:\"Navigator::reset_page_type_defaults\";',0,'s:33:\"Navigator::template_help_callback\";',NULL,NULL,1675546029,1675546029),(6,'News','summary',1,'<!-- Start News Display Template -->\r\n{* This section shows a clickable list of your News categories. *}\r\n<ul class=\"list1\">\r\n{foreach from=$cats item=node}\r\n{if $node.depth > $node.prevdepth}\r\n{repeat string=\"<ul>\" times=$node.depth-$node.prevdepth}\r\n{elseif $node.depth < $node.prevdepth}\r\n{repeat string=\"</li></ul>\" times=$node.prevdepth-$node.depth}\r\n</li>\r\n{elseif $node.index > 0}</li>\r\n{/if}\r\n<li{if $node.index == 0} class=\"firstnewscat\"{/if}>\r\n{if $node.count > 0}\r\n	<a href=\"{$node.url}\">{$node.news_category_name}</a>{else}<span>{$node.news_category_name} </span>{/if}\r\n{/foreach}\r\n{repeat string=\"</li></ul>\" times=$node.depth-1}</li>\r\n</ul>\r\n\r\n{* this displays the category name if you\'re browsing by category *}\r\n{if $category_name}\r\n<h1>{$category_name}</h1>\r\n{/if}\r\n\r\n{* if you don\'t want category browsing on your summary page, remove this line and everything above it *}\r\n\r\n{if $pagecount > 1}\r\n  <p>\r\n{if $pagenumber > 1}\r\n{$firstpage}&nbsp;{$prevpage}&nbsp;\r\n{/if}\r\n{$pagetext}&nbsp;{$pagenumber}&nbsp;{$oftext}&nbsp;{$pagecount}\r\n{if $pagenumber < $pagecount}\r\n&nbsp;{$nextpage}&nbsp;{$lastpage}\r\n{/if}\r\n</p>\r\n{/if}\r\n{foreach from=$items item=entry}\r\n<div class=\"NewsSummary\">\r\n\r\n{if $entry->postdate}\r\n	<div class=\"NewsSummaryPostdate\">\r\n		{$entry->postdate|cms_date_format}\r\n	</div>\r\n{/if}\r\n\r\n<div class=\"NewsSummaryLink\">\r\n<a href=\"{$entry->moreurl}\" title=\"{$entry->title|cms_escape:htmlall}\">{$entry->title|cms_escape}</a>\r\n</div>\r\n\r\n<div class=\"NewsSummaryCategory\">\r\n	{$category_label} {$entry->category}\r\n</div>\r\n\r\n{if $entry->author}\r\n	<div class=\"NewsSummaryAuthor\">\r\n		{$author_label} {$entry->author}\r\n	</div>\r\n{/if}\r\n\r\n{if $entry->summary}\r\n        {* note, for security purposes, incase News articles can come from untrused sources, we do not pass the summary or content through smarty in the default templates *}\r\n	<div class=\"NewsSummarySummary\">\r\n		{$entry->summary}\r\n	</div>\r\n\r\n	<div class=\"NewsSummaryMorelink\">\r\n		[{$entry->morelink}]\r\n	</div>\r\n\r\n{else if $entry->content}\r\n        {* note, for security purposes, incase News articles can come from untrused sources, we do not pass the summary or content through smarty in the default templates *}\r\n	<div class=\"NewsSummaryContent\">\r\n		{$entry->content}\r\n	</div>\r\n{/if}\r\n\r\n{if isset($entry->extra)}\r\n    <div class=\"NewsSummaryExtra\">\r\n        {$entry->extra}\r\n	{* {cms_module module=\'Uploads\' mode=\'simpleurl\' upload_id=$entry->extravalue} *}\r\n    </div>\r\n{/if}\r\n{if isset($entry->fields)}\r\n  {foreach from=$entry->fields item=\'field\'}\r\n     <div class=\"NewsSummaryField\">\r\n        {if $field->type == \'file\'}\r\n          {if isset($field->value) && $field->value}\r\n            <img src=\"{$entry->file_location}/{$field->value}\"/>\r\n          {/if}\r\n        {elseif $field->type == \'linkedfile\'}\r\n          {* also assume it\'s an image... *}\r\n          {if !empty($field->value)}\r\n            <img src=\"{file_url file=$field->value}\" alt=\"{$field->value}\"/>\r\n          {/if}\r\n        {else}\r\n          {$field->name}:&nbsp;{$field->value}\r\n        {/if}\r\n     </div>\r\n  {/foreach}\r\n{/if}\r\n\r\n</div>\r\n{/foreach}\r\n<!-- End News Display Template -->','','s:29:\"News::page_type_lang_callback\";','s:30:\"News::reset_page_type_defaults\";',0,'s:28:\"News::template_help_callback\";',NULL,NULL,1675546029,1690732410),(7,'News','detail',1,'{* set a canonical variable that can be used in the head section if process_whole_template is false in the config.php *}\r\n{if isset($entry->canonical)}\r\n  {* note this syntax ensures that the canonical variable is set into global scope *}\r\n  {assign var=\'canonical\' value=$entry->canonical scope=global}\r\n{/if}\r\n\r\n{if $entry->postdate}\r\n	<div id=\"NewsPostDetailDate\">\r\n		{$entry->postdate|cms_date_format}\r\n	</div>\r\n{/if}\r\n<h3 id=\"NewsPostDetailTitle\">{$entry->title|cms_escape:htmlall}</h3>\r\n\r\n<hr id=\"NewsPostDetailHorizRule\" />\r\n\r\n{if $entry->summary}\r\n	<div id=\"NewsPostDetailSummary\">\r\n		<strong>\r\n			{$entry->summary}\r\n		</strong>\r\n	</div>\r\n{/if}\r\n\r\n{if $entry->category}\r\n	<div id=\"NewsPostDetailCategory\">\r\n		{$category_label} {$entry->category}\r\n	</div>\r\n{/if}\r\n{if $entry->author}\r\n	<div id=\"NewsPostDetailAuthor\">\r\n		{$author_label} {$entry->author}\r\n	</div>\r\n{/if}\r\n\r\n<div id=\"NewsPostDetailContent\">\r\n        {* note, for security purposes we do not pass the content through smarty before displaying it.  This is incase your articles can come from untrusted sources. *}\r\n	{$entry->content}\r\n</div>\r\n\r\n{if $entry->extra}\r\n	<div id=\"NewsPostDetailExtra\">\r\n		{$extra_label} {$entry->extra}\r\n	</div>\r\n{/if}\r\n\r\n{if $return_url != \"\"}\r\n<div id=\"NewsPostDetailReturnLink\">{$return_url}{if $category_name != \'\'} - {$category_link}{/if}</div>\r\n{/if}\r\n\r\n{if isset($entry->fields)}\r\n  {foreach $entry->fields as $fieldname => $field}\r\n     <div class=\"NewsDetailField\">\r\n        {if $field->type == \'file\'}\r\n	  {* this template assumes that every file uploaded is an image of some sort, because News doesn\'t distinguish *}\r\n          {if isset($field->value) && $field->value}\r\n            <img src=\"{$entry->file_location}/{$field->value}\" alt=\"{$field->value}\"/>\r\n          {/if}\r\n        {elseif $field->type == \'linkedfile\'}\r\n          {* also assume it\'s an image... *}\r\n          {if !empty($field->value)}\r\n            <img src=\"{file_url file=$field->value}\" alt=\"{$field->value}\"/>\r\n          {/if}\r\n        {else}\r\n          {$field->name}:&nbsp;{$field->value}\r\n        {/if}\r\n     </div>\r\n  {/foreach}\r\n{/if}','','s:29:\"News::page_type_lang_callback\";','s:30:\"News::reset_page_type_defaults\";',0,'s:28:\"News::template_help_callback\";',NULL,NULL,1675546029,1690732053),(8,'News','form',1,'{* original form template *}\n<h3>{$mod->Lang(\'title_fesubmit_form\')}</h3>\n\n{if isset($error)}\n  <div class=\"error>{$error}</div>\n{elseif isset($message)}\n  <div class=\"message>{$message}</div>\n{/if}\n\n{form_start category_id=$category_id}\n	<div class=\"row\">\n		<p class=\"col4\"><label for=\"news_title\">*{$mod->Lang(\'title\')}:</label></p>\n		<p class=\"col8\">\n			<input id=\"news_title\" type=\"text\" name=\"{$actionid}title\" value=\"{$title}\" size=\"30\" required/>\n                </p>\n	</div>\n	<div class=\"row\">\n		<p class=\"col4\"><label for=\"news_category\">{$mod->Lang(\'category\')}:</label></p>\n		<p class=\"col8\">\n			<select id=\"news_category\" name=\"{$actionid}input_category\">\n                        {html_options options=$categorylist selected=$category_id}\n			</select>\n                </p>\n	</div>\n\n{if !isset($hide_summary_field) or $hide_summary_field == 0}\n	<div class=\"row\">\n		<p class=\"col4\"><label for=\"news_summary\">{$mod->Lang(\'summary\')}:</label></p>\n		<p class=\"col8\">\n			{$tmp=$actionid|cat:\'summary\'}\n			{cms_textarea enablewysiwyg=true id=news_summary name=$tmp value=$summary required=true}\n		</p>\n	</div>\n{/if}\n	<div class=\"row\">\n		<p class=\"col4\"><label for=\"news_content\">*{$mod->Lang(\'content\')}:</label></p>\n		<p class=\"col8\">\n			{$tmp=$actionid|cat:\'content\'}\n			{cms_textarea enablewysiwyg=true id=news_content name=$tmp value=$content required=true}\n                </p>\n	</div>\n	<div class=\"row\">\n		<p class=\"col4\"><label for=\"news_extra\">{$mod->Lang(\'extra\')}:</label></p>\n		<p class=\"col8\">\n			<input id=\"news_extra\" type=\"text\" name=\"{$actionid}extra\" value=\"{$extra}\" size=\"30\"/>\n                </p>\n	</div>\n	<div class=\"row\">\n		<p class=\"col4\">{$mod->Lang(\'startdate\')}:</p>\n		<p class=\"col8\">\n			{$tmp=$actionid|cat:\'startdate_\'}\n			{html_select_date prefix=$tmp time=$startdate end_year=\"+15\"}\n			{html_select_time prefix=$tmp time=$startdate}\n		</p>\n	</div>\n	<div class=\"row\">\n		<p class=\"col4\">{$mod->Lang(\'enddate\')}:</p>\n		<p class=\"col8\">\n			{$tmp=$actionid|cat:\'enddate_\'}\n			{html_select_date prefix=$tmp time=$enddate end_year=\"+15\"}\n			{html_select_time prefix=$tmp time=$enddate}\n		</p>\n	</div>\n	{if isset($customfields)}\n	   {foreach from=$customfields item=\'field\'}\n	      <div class=\"row\">\n		<p class=\"col4\"><label for=\"news_fld_{$field->id}\">{$field->name}:</label></p>\n		<p class=\"col8\">\n		{if $field->type == \'file\'}\n			<input id=\"news_fld_{$field->id}\" type=\"file\" name=\"{$actionid}news_customfield_{$field->id}\"/>\n		{elseif $field->type == \'checkbox\'}\n			<input id=\"news_fld_{$field->id}\" type=\"checkbox\" name=\"{$actionid}news_customfield_{$field->id}\" value=\"1\"/>\n		{elseif $field->type == \'textarea\'}\n			{$tmp1=\'news_fld_\'|cat:$field->id}\n			{capture assign=\'tmp2\'}{$actionid}news_customfield_{$field->id}{/capture}\n			{cms_textarea id=$tmp1 name=$tmp2 enablewysiwyg=true}\n		{elseif $field->type == \'textbox\'}\n			<input id=\"news_fld_{$field->id}\" type=\"text\"\" name=\"{$actionid}news_customfield_{$field->id}\" maxlength=\"{$field->max_length}\"/>\n                {/if}\n		</p>\n	      </div>\n	   {/foreach}\n	{/if}\n	<div class=\"row\">\n		<p class=\"col4\">&nbsp;</p>\n		<p class=\"col8\">\n			<input type=\"submit\" name=\"{$actionid}submit\" value=\"{$mod->Lang(\'submit\')}\"/>\n			<a href=\"{cms_selflink href=$page_alias}\">{$mod->Lang(\'prompt_redirecttocontent\')}</a>\n		</p>\n	</div>\n{form_end}\n',NULL,'s:29:\"News::page_type_lang_callback\";','s:30:\"News::reset_page_type_defaults\";',0,'s:28:\"News::template_help_callback\";',NULL,NULL,1675546029,1675546029),(9,'News','browsecat',1,'{if $count > 0}\n<ul class=\"list1\">\n{foreach from=$cats item=node}\n{if $node.depth > $node.prevdepth}\n{repeat string=\"<ul>\" times=$node.depth-$node.prevdepth}\n{elseif $node.depth < $node.prevdepth}\n{repeat string=\"</li></ul>\" times=$node.prevdepth-$node.depth}\n</li>\n{elseif $node.index > 0}</li>\n{/if}\n<li class=\"newscategory\">\n{if $node.count > 0}\n	<a href=\"{$node.url}\">{$node.news_category_name}</a> ({$node.count}){else}<span>{$node.news_category_name} (0)</span>{/if}\n{/foreach}\n{repeat string=\"</li></ul>\" times=$node.depth-1}</li>\n</ul>\n{/if}',NULL,'s:29:\"News::page_type_lang_callback\";','s:30:\"News::reset_page_type_defaults\";',0,'s:28:\"News::template_help_callback\";',NULL,NULL,1675546029,1675546029),(10,'Search','searchform',1,'\n{$startform}\n<label for=\"{$search_actionid}searchinput\">{$searchprompt}:&nbsp;</label><input type=\"text\" class=\"search-input\" id=\"{$search_actionid}searchinput\" name=\"{$search_actionid}searchinput\" size=\"20\" maxlength=\"50\" placeholder=\"{$searchtext}\"/>\n{*\n<br/>\n<input type=\"checkbox\" name=\"{$search_actionid}use_or\" value=\"1\"/>\n*}\n<input class=\"search-button\" name=\"submit\" value=\"{$submittext}\" type=\"submit\" />\n{if isset($hidden)}{$hidden}{/if}\n{$endform}',NULL,'s:31:\"Search::page_type_lang_callback\";','s:32:\"Search::reset_page_type_defaults\";',0,'N;',NULL,NULL,1675546029,1675546029),(11,'Search','searchresults',1,'<h3>{$searchresultsfor} &quot;{$phrase}&quot;</h3>\n{if $itemcount > 0}\n<ul>\n  {foreach from=$results item=entry}\n  <li>{$entry->title} - <a href=\"{$entry->url}\">{$entry->urltxt}</a> ({$entry->weight}%)</li>\n  {*\n     You can also instantiate custom behaviour on a module by module basis by looking at\n     the $entry->module and $entry->modulerecord fields in $entry\n      ie: {if $entry->module == \'News\'}{News action=\'detail\' article_id=$entry->modulerecord detailpage=\'News\'}\n  *}\n  {/foreach}\n</ul>\n\n<p>{$timetaken}: {$timetook}</p>\n{else}\n  <p><strong>{$noresultsfound}</strong></p>\n{/if}',NULL,'s:31:\"Search::page_type_lang_callback\";','s:32:\"Search::reset_page_type_defaults\";',0,'N;',NULL,NULL,1675546029,1675546029);

--
-- Table structure for table `cms_rkteklocks`
--

CREATE TABLE `cms_rkteklocks` (
  `id` int(11) NOT NULL AUTO_INCREMENT,
  `type` varchar(20) NOT NULL,
  `oid` int(11) NOT NULL,
  `uid` int(11) NOT NULL,
  `created` int(11) NOT NULL,
  `modified` int(11) NOT NULL,
  `lifetime` int(11) NOT NULL,
  `expires` int(11) NOT NULL,
  PRIMARY KEY (`id`),
  UNIQUE KEY `cms_rktekindex_locks1` (`type`,`oid`),
  KEY `cms_rktekindex_locks2` (`expires`),
  KEY `cms_rktekindex_locks3` (`uid`)
) ENGINE=MyISAM AUTO_INCREMENT=860 DEFAULT CHARSET=utf8 COLLATE=utf8_general_ci;

--
-- Dumping data for table `cms_rkteklocks`
--


--
-- Table structure for table `cms_rktekmod_cmsjobmgr`
--

CREATE TABLE `cms_rktekmod_cmsjobmgr` (
  `id` int(11) NOT NULL AUTO_INCREMENT,
  `name` varchar(255) NOT NULL,
  `created` int(11) NOT NULL,
  `module` varchar(255) NOT NULL,
  `errors` int(11) NOT NULL DEFAULT 0,
  `start` int(11) NOT NULL,
  `recurs` varchar(255) DEFAULT NULL,
  `until` int(11) DEFAULT NULL,
  `data` longtext DEFAULT NULL,
  PRIMARY KEY (`id`)
) ENGINE=MyISAM AUTO_INCREMENT=859 DEFAULT CHARSET=utf8 COLLATE=utf8_general_ci;

--
-- Dumping data for table `cms_rktekmod_cmsjobmgr`
--


--
-- Table structure for table `cms_rktekmod_filepicker_profiles`
--

CREATE TABLE `cms_rktekmod_filepicker_profiles` (
  `id` int(11) NOT NULL AUTO_INCREMENT,
  `name` varchar(100) NOT NULL,
  `data` text DEFAULT NULL,
  `create_date` int(11) DEFAULT NULL,
  `modified_date` int(11) DEFAULT NULL,
  PRIMARY KEY (`id`),
  UNIQUE KEY `cms_rktekcmsfp_idx0` (`name`)
) ENGINE=MyISAM DEFAULT CHARSET=utf8 COLLATE=utf8_general_ci;

--
-- Dumping data for table `cms_rktekmod_filepicker_profiles`
--


--
-- Table structure for table `cms_rktekmodule_deps`
--

CREATE TABLE `cms_rktekmodule_deps` (
  `parent_module` varchar(25) DEFAULT NULL,
  `child_module` varchar(25) DEFAULT NULL,
  `minimum_version` varchar(25) DEFAULT NULL,
  `create_date` datetime DEFAULT NULL,
  `modified_date` datetime DEFAULT NULL
) ENGINE=MyISAM DEFAULT CHARSET=utf8 COLLATE=utf8_general_ci;

--
-- Dumping data for table `cms_rktekmodule_deps`
--

INSERT INTO `cms_rktekmodule_deps` VALUES ('FileManager','MicroTiny','1.6.4','2023-02-04 16:27:09','2023-02-04 16:27:09');

--
-- Table structure for table `cms_rktekmodule_fb_field`
--

CREATE TABLE `cms_rktekmodule_fb_field` (
  `field_id` int(11) NOT NULL,
  `form_id` int(11) DEFAULT NULL,
  `name` varchar(255) DEFAULT NULL,
  `type` varchar(50) DEFAULT NULL,
  `validation_type` varchar(50) DEFAULT NULL,
  `required` tinyint(4) DEFAULT NULL,
  `hide_label` tinyint(4) DEFAULT NULL,
  `order_by` int(11) DEFAULT NULL,
  PRIMARY KEY (`field_id`),
  KEY `cms_rktekmodule_fb_field_idx` (`form_id`)
) ENGINE=MyISAM DEFAULT CHARSET=utf8 COLLATE=utf8_general_ci;

--
-- Dumping data for table `cms_rktekmodule_fb_field`
--

INSERT INTO `cms_rktekmodule_fb_field` VALUES (1,1,'Contact Fieldset','FieldsetStart','',0,0,1),(31,1,'Name:','TextField','none',1,0,2),(32,1,'Comments:','TextAreaField',NULL,0,0,9),(33,1,'Address:','TextField','none',0,0,3),(34,1,'City:','TextField','none',0,0,4),(7,1,'Send To','DispositionEmail','',0,0,10),(8,1,'fieldset end','FieldsetEnd','',0,0,11),(9,2,'About You Fieldset','FieldsetStart','',0,0,1),(10,2,'Your Name','FromEmailNameField','',1,0,2),(11,2,'Your Email Address','DispositionFromEmailAddressField','none',0,0,3),(12,2,'Email Again','FromEmailAddressAgainField','',0,0,4),(13,2,'About You Fieldset End','FieldsetEnd','',0,0,5),(14,2,'breaker','PageBreakField','',0,0,6),(15,2,'Contact Fieldset','FieldsetStart','',0,0,7),(16,2,'Greeting','StaticTextField','',0,0,8),(17,2,'Subject','FromEmailSubjectField','',0,0,9),(18,2,'Message','TextAreaField','',1,0,10),(19,2,'Send To','DispositionEmail','',0,0,11),(20,2,'Contact Fieldset End','FieldsetEnd','',0,0,12),(37,1,'Phone:','TextField','usphone',1,0,7),(36,1,'Zip:','TextField','none',0,0,6),(35,1,'State:','TextField','none',0,0,5),(38,1,'E-Mail:','TextField','email',0,0,8);

--
-- Table structure for table `cms_rktekmodule_fb_field_opt`
--

CREATE TABLE `cms_rktekmodule_fb_field_opt` (
  `option_id` int(11) NOT NULL,
  `field_id` int(11) DEFAULT NULL,
  `form_id` int(11) DEFAULT NULL,
  `name` varchar(255) DEFAULT NULL,
  `value` text DEFAULT NULL,
  PRIMARY KEY (`option_id`),
  KEY `cms_rktekmodule_fb_field_opt_idx` (`field_id`,`form_id`)
) ENGINE=MyISAM DEFAULT CHARSET=utf8 COLLATE=utf8_general_ci;

--
-- Dumping data for table `cms_rktekmodule_fb_field_opt`
--

INSERT INTO `cms_rktekmodule_fb_field_opt` VALUES (1,1,1,'legend','Contact'),(2,1,1,'css_class',''),(561,38,1,'css_class',''),(560,38,1,'field_alias',''),(559,38,1,'readonly','0'),(497,32,1,'clear_default','0'),(496,32,1,'default',''),(495,32,1,'sanitise','1'),(494,32,1,'html5','0'),(493,32,1,'field_logic',''),(492,32,1,'helptext',''),(491,32,1,'css_class',''),(490,32,1,'field_alias',''),(489,32,1,'length',''),(488,32,1,'cols','60'),(487,32,1,'rows','6'),(593,31,1,'clear_default','0'),(592,31,1,'default',''),(591,31,1,'regex',''),(590,31,1,'sanitise','1'),(589,31,1,'html5','0'),(588,31,1,'field_logic',''),(587,31,1,'javascript',''),(586,31,1,'helptext',''),(585,31,1,'css_class',''),(584,31,1,'field_alias',''),(583,31,1,'readonly','0'),(582,31,1,'length','80'),(599,7,1,'field_alias',''),(600,7,1,'html_email','1'),(601,7,1,'email_template',''),(602,7,1,'email_encoding','utf-8'),(603,7,1,'send_using','to'),(604,7,1,'email_cc_address','dougcsmith@gmail.com'),(598,7,1,'destination_address','rktech69@yahoo.com'),(31,8,1,'field_alias',''),(32,8,1,'css_class',''),(501,33,1,'css_class',''),(500,33,1,'field_alias',''),(499,33,1,'readonly','0'),(498,33,1,'length','80'),(42,9,2,'legend','About You'),(43,9,2,'css_class',''),(44,9,2,'field_alias',''),(45,9,2,'helptext',''),(46,9,2,'javascript',''),(47,10,2,'css_class',''),(48,10,2,'field_alias','users_name'),(49,10,2,'helptext',''),(50,10,2,'javascript',''),(97,11,2,'email_from_name','Form Builder'),(98,11,2,'send_user_copy','c'),(99,11,2,'send_user_label','Send me a copy of form'),(100,11,2,'field_alias',''),(101,11,2,'javascript',''),(102,11,2,'html_email',''),(103,11,2,'email_template','FormBuilder Submission\nForm Name: {$sub_form_name}\nDate of Submission: {$sub_date}\nYour server: {$sub_host}\nIP address of person using form: {$sub_source_ip}\nURL of page containing form: {$sub_url}\nFormBuilder version: {$fb_version}\nTab Character: {$TAB}\n\n-------------------------------------------------\nYour Name: {$fld_20}\nYour Email Address: {$fld_43}\nEmail Again: {$fld_42}\nSubject: {$fld_18}\nMessage: {$foo}\n'),(96,11,2,'email_subject','Email from Site'),(60,12,2,'field_to_validate','Your Email Address'),(61,12,2,'field_alias',''),(62,12,2,'css_class',''),(63,13,2,'field_alias',''),(64,13,2,'css_class',''),(65,13,2,'helptext',''),(66,14,2,'field_alias',''),(67,15,2,'legend','Contact'),(68,15,2,'field_alias',''),(69,15,2,'css_class',''),(70,15,2,'helptext',''),(71,15,2,'javascript',''),(72,16,2,'text','Hello, {$users_name->value}!<br /> What is it you\'d like to talk to us about?'),(73,16,2,'field_alias',''),(74,16,2,'css_class',''),(75,16,2,'helptext',''),(76,16,2,'javascript',''),(77,16,2,'smarty_eval','1'),(78,17,2,'css_class',''),(79,18,2,'rows','5'),(80,18,2,'cols','60'),(81,18,2,'css_class',''),(82,18,2,'field_alias','message'),(83,18,2,'default','Enter Your Message Here'),(84,18,2,'clear_default','1'),(106,19,2,'email_from_name','Form Builder'),(107,19,2,'email_from_address','website@yourdomain.com'),(108,19,2,'destination_address','you@yourdomain.com'),(109,19,2,'field_alias',''),(110,19,2,'html_email','1'),(111,19,2,'email_template','<h1>FormBuilder Submission</h1>\r\n<strong>Form Name</strong>: {$sub_form_name}<br />\r\n<strong>Date of Submission</strong>: {$sub_date}<br />\r\n<strong>Your server</strong>: {$sub_host}<br />\r\n<strong>IP address of person using form</strong>: {$sub_source_ip}<br />\r\n<strong>URL of page containing form</strong>: {$sub_url}<br />\r\n<strong>FormBuilder version</strong>: {$fb_version}<br />\r\n<strong>Tab Character</strong>: {$TAB}<br />\r\n\r\n<hr />\r\n{if $fld_18 != \"\" && $fld_18 != \"[unspecified]\" }<strong>Your Name</strong>: {$fld_18}<br />{/if}\r\n{if $fld_19 != \"\" && $fld_19 != \"[unspecified]\" }<strong>Your Email Address</strong>: {$fld_19}<br />{/if}\r\n{if $fld_20 != \"\" && $fld_20 != \"[unspecified]\" }<strong>Email Again</strong>: {$fld_20}<br />{/if}\r\n{if $fld_17 != \"\" && $fld_17 != \"[unspecified]\" }<strong>Subject</strong>: {$fld_17}<br />{/if}\r\n{if $message != \"\" && $message != \"[unspecified]\" }<strong>Message</strong>: {$message}<br />{/if}\r\n{if $fld_19 != \"\" && $fld_19 != \"[unspecified]\" }<strong>Send To</strong>: {$fld_19}<br />{/if}\r\n'),(105,19,2,'email_subject','Contact Form Submission'),(93,20,2,'field_alias',''),(94,20,2,'css_class',''),(95,20,2,'helptext',''),(104,11,2,'email_encoding','utf-8'),(112,19,2,'email_encoding','utf-8'),(513,34,1,'css_class',''),(512,34,1,'field_alias',''),(511,34,1,'readonly','0'),(510,34,1,'length','80'),(509,33,1,'clear_default','0'),(505,33,1,'html5','0'),(506,33,1,'sanitise','1'),(507,33,1,'regex',''),(508,33,1,'default',''),(550,37,1,'helptext',''),(549,37,1,'css_class',''),(548,37,1,'field_alias',''),(547,37,1,'readonly','0'),(545,36,1,'clear_default','0'),(544,36,1,'default',''),(543,36,1,'regex',''),(542,36,1,'sanitise','1'),(541,36,1,'html5','0'),(540,36,1,'field_logic',''),(539,36,1,'javascript',''),(538,36,1,'helptext',''),(537,36,1,'css_class',''),(534,36,1,'length','80'),(533,35,1,'clear_default','0'),(532,35,1,'default',''),(531,35,1,'regex',''),(530,35,1,'sanitise','1'),(529,35,1,'html5','0'),(528,35,1,'field_logic',''),(527,35,1,'javascript',''),(526,35,1,'helptext',''),(524,35,1,'field_alias',''),(523,35,1,'readonly','0'),(522,35,1,'length','80'),(521,34,1,'clear_default','0'),(520,34,1,'default',''),(519,34,1,'regex',''),(518,34,1,'sanitise','1'),(517,34,1,'html5','0'),(516,34,1,'field_logic',''),(558,38,1,'length','80'),(557,37,1,'clear_default','0'),(556,37,1,'default',''),(555,37,1,'regex',''),(554,37,1,'sanitise','1'),(552,37,1,'field_logic',''),(504,33,1,'field_logic',''),(503,33,1,'javascript',''),(502,33,1,'helptext',''),(597,7,1,'destination_address','dougcsmith@gmail.com'),(596,7,1,'email_from_address','oifro@northlandtechnicalservices.com'),(595,7,1,'email_from_name','oifro@northlandtechncialservices.com'),(594,7,1,'email_subject','Contact Form Submission'),(553,37,1,'html5','0'),(551,37,1,'javascript',''),(546,37,1,'length','80'),(536,36,1,'field_alias',''),(535,36,1,'readonly','0'),(525,35,1,'css_class',''),(515,34,1,'javascript',''),(514,34,1,'helptext',''),(486,32,1,'wysiwyg','0'),(562,38,1,'helptext',''),(563,38,1,'javascript',''),(564,38,1,'field_logic',''),(565,38,1,'html5','0'),(566,38,1,'sanitise','1'),(567,38,1,'regex',''),(568,38,1,'default',''),(569,38,1,'clear_default','0'),(605,7,1,'use_bcc','0'),(606,7,1,'file_attachment','1');

--
-- Table structure for table `cms_rktekmodule_fb_field_opt_seq`
--

CREATE TABLE `cms_rktekmodule_fb_field_opt_seq` (
  `id` int(11) NOT NULL
) ENGINE=MyISAM DEFAULT CHARSET=latin1 COLLATE=latin1_swedish_ci;

--
-- Dumping data for table `cms_rktekmodule_fb_field_opt_seq`
--

INSERT INTO `cms_rktekmodule_fb_field_opt_seq` VALUES (606);

--
-- Table structure for table `cms_rktekmodule_fb_field_seq`
--

CREATE TABLE `cms_rktekmodule_fb_field_seq` (
  `id` int(11) NOT NULL
) ENGINE=MyISAM DEFAULT CHARSET=latin1 COLLATE=latin1_swedish_ci;

--
-- Dumping data for table `cms_rktekmodule_fb_field_seq`
--

INSERT INTO `cms_rktekmodule_fb_field_seq` VALUES (38);

--
-- Table structure for table `cms_rktekmodule_fb_flock`
--

CREATE TABLE `cms_rktekmodule_fb_flock` (
  `flock_id` int(11) NOT NULL,
  `flock` time DEFAULT NULL,
  PRIMARY KEY (`flock_id`)
) ENGINE=MyISAM DEFAULT CHARSET=utf8 COLLATE=utf8_general_ci;

--
-- Dumping data for table `cms_rktekmodule_fb_flock`
--


--
-- Table structure for table `cms_rktekmodule_fb_form`
--

CREATE TABLE `cms_rktekmodule_fb_form` (
  `form_id` int(11) NOT NULL,
  `name` varchar(255) DEFAULT NULL,
  `alias` varchar(255) DEFAULT NULL,
  PRIMARY KEY (`form_id`),
  UNIQUE KEY `cms_rktekmodule_fb_form_idx` (`alias`)
) ENGINE=MyISAM DEFAULT CHARSET=utf8 COLLATE=utf8_general_ci;

--
-- Dumping data for table `cms_rktekmodule_fb_form`
--

INSERT INTO `cms_rktekmodule_fb_form` VALUES (1,'Contact Form','contact'),(2,'Advanced Contact Form','advanced_contact');

--
-- Table structure for table `cms_rktekmodule_fb_form_attr`
--

CREATE TABLE `cms_rktekmodule_fb_form_attr` (
  `form_attr_id` int(11) NOT NULL,
  `form_id` int(11) DEFAULT NULL,
  `name` varchar(35) DEFAULT NULL,
  `value` text DEFAULT NULL,
  PRIMARY KEY (`form_attr_id`),
  KEY `cms_rktekmodule_fb_form_attr_idx` (`form_id`)
) ENGINE=MyISAM DEFAULT CHARSET=utf8 COLLATE=utf8_general_ci;

--
-- Dumping data for table `cms_rktekmodule_fb_form_attr`
--

INSERT INTO `cms_rktekmodule_fb_form_attr` VALUES (420,2,'captcha_wrong','Captcha was not correct.'),(1843,1,'submit_action','text'),(1844,1,'input_button_safety','0'),(1845,1,'next_button_text','Continue...'),(1846,1,'predisplay_each_udt','-1'),(1847,1,'unspecified','[unspecified]'),(1848,1,'title_user_captcha','Please confirm that you are not a script by entering the letters from the image.'),(1849,1,'validate_udt','-1'),(1850,1,'captcha_wrong','Captcha was not correct.'),(1851,1,'predisplay_udt','-1'),(1852,1,'redirect_page','-1'),(1853,1,'required_field_symbol','*'),(1854,1,'submit_button_text','Submit Form'),(1855,1,'form_template','{* TABLE FORM LAYOUT / Field titles on Left *}\r\n{* next line sets number of columns for things like checkbox groups *}\r\n{assign var=\"cols\" value=\"3\"}\r\n{literal}\r\n<script type=\"text/javascript\">\r\nfunction fbht(htid)\r\n	{\r\n		var fbhtc=document.getElementById(htid);\r\n		if (fbhtc)\r\n			{\r\n			if (fbhtc.style.display == \'none\')\r\n				{\r\n				fbhtc.style.display = \'inline\';\r\n				}\r\n			else\r\n				{\r\n				fbhtc.style.display = \'none\';\r\n				}\r\n			}\r\n}\r\n</script>\r\n\r\n{/literal}\r\n{$fb_form_header}\r\n{if $fb_form_done == 1}\r\n	{* This first section is for displaying submission errors *}\r\n	{if $fb_submission_error}\r\n		<div class=\"error_message\">{$fb_submission_error}</div>\r\n		{if $fb_show_submission_errors}\r\n			<table class=\"error\">\r\n			{foreach from=$fb_submission_error_list item=thisErr}\r\n				<tr><td>{$thisErr}</td></tr>\r\n			{/foreach}\r\n			</table>\r\n		{/if}\r\n	{/if}\r\n{else}\r\n	{* this section is for displaying the form *}\r\n	{* we start with validation errors *}\r\n	{if $fb_form_has_validation_errors}\r\n		<div class=\"error_message\">\r\n		<ul>\r\n		{foreach from=$fb_form_validation_errors item=thisErr}\r\n			<li>{$thisErr}</li>\r\n		{/foreach}\r\n		</ul>\r\n		</div>\r\n	{/if}\r\n	{if $captcha_error}\r\n		<div class=\"error_message\">{$captcha_error}</div>\r\n	{/if}\r\n\r\n	{* and now the form itself *}\r\n	{$fb_form_start}\r\n	<div>{$fb_hidden}</div>\r\nContact Us  <p>	\r\n<div id=\"lift\">\r\n<table{if $css_class != \'\'} class=\"{$css_class}\"{/if}>\r\n	{if $total_pages gt 1}<tr><td colspan=\"2\">{$title_page_x_of_y}</td></tr>{/if}\r\n	{foreach from=$fields item=entry}\r\n		{if $entry->display == 1 &&\r\n			$entry->type != \'-Fieldset Start\' &&\r\n			$entry->type != \'-Fieldset End\' }\r\n		<tr>\r\n			{strip}\r\n			<td align=\"right\" valign=\"top\"\r\n			{if $entry->required == 1 || $entry->css_class != \'\'} class=\" \r\n				{if $entry->required == 1}\r\n					required\r\n				{/if}\r\n				{if $entry->required == 1 && $entry->css_class != \'\'} {/if}\r\n				{if $entry->css_class != \'\'}\r\n					{$entry->css_class}\r\n				{/if}\r\n				\"\r\n			{/if}\r\n			>\r\n			{if $entry->hide_name == 0}\r\n				{$entry->name}\r\n				{if $entry->required_symbol != \'\'}\r\n					{$entry->required_symbol}\r\n				{/if}\r\n			{/if}\r\n			</td><td align=\"left\" valign=\"top\"{if $entry->css_class != \'\'} class=\"{$entry->css_class}\"{/if}>\r\n			{if $entry->multiple_parts == 1}\r\n\r\n			<table>\r\n				<tr>\r\n				{section name=numloop loop=$entry->input}\r\n					<td>{$entry->input[numloop]->input}&nbsp;{$entry->input[numloop]->name}{if $entry->input[numloop]->op}&nbsp;{$entry->input[numloop]->op}{/if}</td>\r\n					{if not ($smarty.section.numloop.rownum mod $cols)}\r\n						{if not $smarty.section.numloop.last}\r\n				</tr><tr>\r\n						{/if}\r\n					{/if}\r\n					{if $smarty.section.numloop.last}\r\n						{math equation = \"n - a % n\" n=$cols a=$entry->input|@count assign=\"cells\"}\r\n						{if $cells ne $cols}\r\n							{section name=pad loop=$cells}\r\n					<td>&nbsp;</td>\r\n							{/section}\r\n						{/if}\r\n				</tr>\r\n					{/if}\r\n				{/section}\r\n				</table>\r\n			{else}\r\n				{if $entry->smarty_eval == \'1\'}{eval var=$entry->input}{else}{$entry->input}{/if}\r\n			{/if}\r\n			{if $entry->valid == 0} &lt;--- {$entry->error}{/if}\r\n			{if $entry->helptext != \'\'}&nbsp;<a href=\"javascript:fbht(\'{$entry->field_helptext_id}\')\"><img src=\"modules/FormBuilder/images/info-small.gif\" alt=\"Help\" /></a>\r\n					<span id=\"{$entry->field_helptext_id}\" style=\"display:none\" class=\"fbr_helptext\">{$entry->helptext}</span>{/if}\r\n			\r\n			\r\n			</td></tr>\r\n			{/strip}\r\n		{/if}\r\n	{/foreach}\r\n	{if isset($has_captcha) && $has_captcha == 1}\r\n		<tr><td>{$graphic_captcha}</td><td>{$input_captcha}<br />{$title_captcha}</td></tr>\r\n	{/if}\r\n		<tr><td>{$prev}</td><td>{$submit}</td></tr>\r\n	</table>\r\n	{$fb_form_end}\r\n{/if}\r\n{$fb_form_footer}\r\n</div>'),(1856,1,'list_delimiter',','),(1857,1,'css_class','contactform'),(1858,1,'submit_response','<h2>Thanks! Your submission has been received.</h2>\r\n<br />\r\n{$sub_date}\r\n<p>\r\n{if $fld_31 != \"\" && $fld_31 != \"[unspecified]\" }<strong>Name:</strong>: {$fld_31}<br />{/if}\r\n{if $fld_33 != \"\" && $fld_33 != \"[unspecified]\" }<strong>Address:</strong>: {$fld_33}<br />{/if}\r\n{if $fld_34 != \"\" && $fld_34 != \"[unspecified]\" }<strong>City:</strong>: {$fld_34}<br />{/if}\r\n{if $fld_35 != \"\" && $fld_35 != \"[unspecified]\" }<strong>State:</strong>: {$fld_35}<br />{/if}\r\n{if $fld_36 != \"\" && $fld_36 != \"[unspecified]\" }<strong>Zip:</strong>: {$fld_36}<br />{/if}\r\n{if $fld_37 != \"\" && $fld_37 != \"[unspecified]\" }<strong>Phone:</strong>: {$fld_37}<br />{/if}\r\n{if $fld_38 != \"\" && $fld_38 != \"[unspecified]\" }<strong>E-Mail:</strong>: {$fld_38}<br />{/if}\r\n{if $fld_32 != \"\" && $fld_32 != \"[unspecified]\" }<strong>Comments:</strong>: {$fld_32}<br />{/if}\r\n\r\n\r\n\r\n{test23 name=$fld_31 address=$fld_33 city=$fld_34 state=$fld_35 zip=$fld_36 phone=$fld_37 email=$fld_38 comments=$fld_32}'),(1859,1,'inline','0'),(1860,1,'submit_javascript',''),(419,2,'title_user_captcha','Please confirm that you are not a script by entering the letters from the image.'),(418,2,'next_button_text','Continue...'),(417,2,'submit_javascript',''),(406,2,'predisplay_udt','-1'),(407,2,'form_template','{* DEFAULT FORM LAYOUT / pure CSS *}\r\n{$fb_form_header}\r\n{if $fb_form_done == 1}\r\n	{* This first section is for displaying submission errors *}\r\n	{if isset($fb_submission_error) && $fb_submission_error}\r\n		<div class=\"error_message\">{$fb_submission_error}</div>\r\n		{if isset($fb_show_submission_errors) && $fb_show_submission_errors}\r\n			<div class=\"error\">\r\n			<ul>\r\n			{foreach from=$fb_submission_error_list item=thisErr}\r\n				<li>{$thisErr}</li>\r\n			{/foreach}\r\n			</ul>\r\n		</div>\r\n		{/if}\r\n	{/if}\r\n{else}\r\n	{* this section is for displaying the form *}\r\n	{* we start with validation errors *}\r\n	{if isset($fb_form_has_validation_errors) && $fb_form_has_validation_errors}\r\n		<div class=\"error_message\">\r\n		<ul>\r\n		{foreach from=$fb_form_validation_errors item=thisErr}\r\n			<li>{$thisErr}</li>\r\n		{/foreach}\r\n		</ul>\r\n		</div>\r\n	{/if}\r\n	{if isset($captcha_error) && $captcha_error}\r\n		<div class=\"error_message\">{$captcha_error}</div>\r\n	{/if}\r\n\r\n	{* and now the form itself *}\r\n	{$fb_form_start}\r\n	<div>{$fb_hidden}</div>\r\n	<div{if $css_class != \'\'} class=\"{$css_class}\"{/if}>\r\n	{if $total_pages gt 1}<span>{$title_page_x_of_y}</span>{/if}\r\n	{foreach from=$fields item=entry}\r\n		{if $entry->display == 1}\r\n        	{strip}\r\n         	{if $entry->needs_div == 1}\r\n            	<div\r\n            	{if $entry->required == 1 || $entry->css_class != \'\' || $entry->valid == 0} class=\"\r\n              		{if $entry->required == 1}required{/if}\r\n              		{if $entry->css_class != \'\'} {$entry->css_class}{/if}\r\n                    {if $entry->valid == 0} fb_invalid{/if}\r\n              		\"\r\n            	{/if}\r\n            	>\r\n         	{/if}\r\n         	{if $entry->hide_name == 0}\r\n            	<label{if $entry->multiple_parts != 1} for=\"{$entry->input_id}\"{/if}>{$entry->name}\r\n            	{if $entry->required_symbol != \'\'}\r\n               		{$entry->required_symbol}\r\n            	{/if}\r\n            	</label>\r\n         	{/if}\r\n         	{if $entry->multiple_parts == 1}\r\n            	{section name=numloop loop=$entry->input}\r\n               		{if $entry->label_parts == 1}\r\n               			<div>{$entry->input[numloop]->input}&nbsp;{$entry->input[numloop]->name}</div>\r\n               		{else}\r\n               			{$entry->input[numloop]->input}\r\n               		{/if}\r\n               		{if isset($entry->input[numloop]->op) && $entry->input[numloop]->op}{$entry->input[numloop]->op}{/if}\r\n            	{/section}\r\n         	{else}\r\n            	{if $entry->smarty_eval == \'1\'}{eval var=$entry->input}{else}{$entry->input}{/if}\r\n         	{/if}\r\n         	{if $entry->valid == 0} &lt;--- {$entry->error}{/if}\r\n         	{if $entry->needs_div == 1}\r\n            	</div>\r\n         	{/if}\r\n         	{/strip}\r\n     	{/if}\r\n	{/foreach}\r\n	{if isset($has_captcha) && $has_captcha == 1}\r\n		<div class=\"captcha\">{$graphic_captcha}{$title_captcha}<br />{if !empty($input_captcha)}{$input_captcha}{/if}</div>\r\n	{/if}\r\n	<div class=\"submit\">{$prev}{$submit}</div>\r\n	</div>\r\n	{$fb_form_end}\r\n{/if}\r\n{$fb_form_footer}'),(408,2,'predisplay_each_udt','-1'),(409,2,'input_button_safety','0'),(410,2,'submit_button_text','Submit Form'),(411,2,'unspecified','[unspecified]'),(412,2,'prev_button_text','Back...'),(413,2,'required_field_symbol','*'),(414,2,'use_captcha','0'),(415,2,'list_delimiter',','),(416,2,'inline','0'),(405,2,'submit_response','<p>Thank you, <strong>{$your_name}</strong>.</p>\r\n<p>Your submission has been successful. You may wish to print this page as a reference.</p>\r\n<h3>Contact Details</h3>\r\n<p>\r\n<strong>Name</strong>: {$your_name}<br />\r\n<strong>Email</strong>: <a href=\"mailto:{$your_email_address}\">{$your_email_address}</a><br />\r\n</p>\r\n<h3>Feedback Details</h3>\r\n<p>\r\n<strong>Subject</strong>: {$subject}<br />\r\n<strong>Comments</strong>:<br />\r\n{$message}\r\n</p> \r\n<h4>Other information</h4>\r\n<p>\r\n<strong>Date of Submission</strong>: {$sub_date}<br />\r\n<strong>Form Name</strong>: {$sub_form_name}<br />\r\n<strong>URL of page containing form</strong>: {$sub_url}<br />\r\n<strong>Domain</strong>: {$sub_host}<br />\r\n<strong>Your IP address</strong>: {$sub_source_ip}\r\n</p>'),(404,2,'validate_udt','-1'),(402,2,'submit_action','text'),(403,2,'redirect_page','-1'),(401,2,'css_class','advancedcontactform'),(1842,1,'prev_button_text','Back...'),(1841,1,'use_captcha','0');

--
-- Table structure for table `cms_rktekmodule_fb_form_attr_seq`
--

CREATE TABLE `cms_rktekmodule_fb_form_attr_seq` (
  `id` int(11) NOT NULL
) ENGINE=MyISAM DEFAULT CHARSET=latin1 COLLATE=latin1_swedish_ci;

--
-- Dumping data for table `cms_rktekmodule_fb_form_attr_seq`
--

INSERT INTO `cms_rktekmodule_fb_form_attr_seq` VALUES (1860);

--
-- Table structure for table `cms_rktekmodule_fb_form_seq`
--

CREATE TABLE `cms_rktekmodule_fb_form_seq` (
  `id` int(11) NOT NULL
) ENGINE=MyISAM DEFAULT CHARSET=latin1 COLLATE=latin1_swedish_ci;

--
-- Dumping data for table `cms_rktekmodule_fb_form_seq`
--

INSERT INTO `cms_rktekmodule_fb_form_seq` VALUES (2);

--
-- Table structure for table `cms_rktekmodule_fb_formbrowser`
--

CREATE TABLE `cms_rktekmodule_fb_formbrowser` (
  `fbr_id` int(11) NOT NULL,
  `form_id` int(11) DEFAULT NULL,
  `index_key_1` varchar(80) DEFAULT NULL,
  `index_key_2` varchar(80) DEFAULT NULL,
  `index_key_3` varchar(80) DEFAULT NULL,
  `index_key_4` varchar(80) DEFAULT NULL,
  `index_key_5` varchar(80) DEFAULT NULL,
  `feuid` int(11) DEFAULT NULL,
  `response` longtext DEFAULT NULL,
  `user_approved` datetime DEFAULT NULL,
  `secret_code` varchar(35) DEFAULT NULL,
  `admin_approved` datetime DEFAULT NULL,
  `submitted` datetime DEFAULT NULL,
  PRIMARY KEY (`fbr_id`)
) ENGINE=MyISAM DEFAULT CHARSET=utf8 COLLATE=utf8_general_ci;

--
-- Dumping data for table `cms_rktekmodule_fb_formbrowser`
--


--
-- Table structure for table `cms_rktekmodule_fb_formbrowser_seq`
--

CREATE TABLE `cms_rktekmodule_fb_formbrowser_seq` (
  `id` int(11) NOT NULL
) ENGINE=MyISAM DEFAULT CHARSET=latin1 COLLATE=latin1_swedish_ci;

--
-- Dumping data for table `cms_rktekmodule_fb_formbrowser_seq`
--

INSERT INTO `cms_rktekmodule_fb_formbrowser_seq` VALUES (0);

--
-- Table structure for table `cms_rktekmodule_fb_ip_log`
--

CREATE TABLE `cms_rktekmodule_fb_ip_log` (
  `sent_id` int(11) NOT NULL,
  `src_ip` varchar(16) DEFAULT NULL,
  `sent_time` datetime DEFAULT NULL,
  PRIMARY KEY (`sent_id`)
) ENGINE=MyISAM DEFAULT CHARSET=utf8 COLLATE=utf8_general_ci;

--
-- Dumping data for table `cms_rktekmodule_fb_ip_log`
--

INSERT INTO `cms_rktekmodule_fb_ip_log` VALUES (1,'107.115.41.87','2023-02-13 17:21:17'),(2,'107.115.41.87','2023-02-13 17:21:27'),(3,'107.115.41.87','2023-02-13 17:45:06'),(4,'107.115.41.87','2023-02-13 17:47:40'),(5,'107.115.41.51','2023-02-13 21:01:09'),(6,'107.115.41.51','2023-02-13 21:01:59'),(7,'107.115.41.51','2023-02-13 21:16:55'),(8,'107.115.41.51','2023-02-13 21:19:49'),(9,'107.115.41.51','2023-02-13 21:20:41'),(10,'107.115.41.51','2023-02-13 21:21:21'),(11,'107.115.41.51','2023-02-13 21:27:32'),(12,'107.115.41.51','2023-02-13 21:31:55'),(13,'107.115.41.51','2023-02-13 21:34:24'),(14,'107.115.41.51','2023-02-13 21:38:51'),(15,'107.115.41.51','2023-02-13 21:39:41'),(16,'107.115.41.51','2023-02-13 21:40:48'),(17,'107.115.41.51','2023-02-13 21:43:43'),(18,'107.115.41.51','2023-02-14 09:15:53'),(19,'107.115.41.51','2023-02-14 09:19:37'),(20,'107.115.41.51','2023-02-14 09:21:06'),(21,'24.120.55.65','2023-02-20 16:19:43'),(22,'24.120.55.65','2023-02-20 16:22:51'),(23,'24.120.55.65','2023-02-20 17:14:45'),(24,'24.120.55.65','2023-02-20 17:15:43'),(25,'24.120.55.65','2023-02-20 20:05:59'),(26,'24.120.55.65','2023-02-20 20:14:36'),(27,'24.120.55.65','2023-02-20 20:16:33'),(28,'24.120.55.65','2023-02-20 21:48:31'),(29,'24.120.55.65','2023-02-20 21:54:29'),(30,'24.120.55.65','2023-02-20 21:59:14'),(31,'24.120.55.65','2023-02-21 10:35:48'),(32,'24.120.55.65','2023-02-21 10:40:49'),(33,'24.120.55.65','2023-02-21 10:41:50'),(34,'24.120.55.65','2023-02-21 10:43:47'),(35,'24.120.55.65','2023-02-21 10:45:31'),(36,'24.120.55.65','2023-02-21 10:46:59'),(37,'24.120.55.65','2023-02-21 10:48:13'),(38,'24.120.55.65','2023-02-21 10:49:22'),(39,'24.120.55.65','2023-02-21 10:52:49'),(40,'24.120.55.65','2023-02-21 10:55:25'),(41,'24.120.55.65','2023-02-21 11:18:15'),(42,'24.120.55.65','2023-02-21 11:24:13'),(43,'24.120.55.65','2023-02-21 11:34:39'),(44,'24.120.55.65','2023-02-21 11:39:46'),(45,'24.120.55.65','2023-02-21 11:41:41'),(46,'24.120.55.65','2023-02-21 11:44:23'),(47,'24.120.55.65','2023-02-21 11:45:45'),(48,'24.120.55.65','2023-02-21 11:47:15'),(49,'24.120.55.65','2023-02-21 11:49:22'),(50,'24.120.55.65','2023-02-21 11:49:53'),(51,'24.120.55.65','2023-02-21 11:51:08'),(52,'107.115.41.30','2023-02-21 13:39:54'),(53,'107.115.41.30','2023-02-21 13:40:55'),(54,'107.115.41.30','2023-02-21 13:45:22'),(55,'107.115.41.30','2023-02-21 13:46:36'),(56,'107.115.41.30','2023-02-21 13:59:57'),(57,'107.115.41.30','2023-02-21 14:00:57'),(58,'107.115.41.30','2023-02-21 14:02:13'),(59,'107.115.41.30','2023-02-21 14:03:14'),(60,'107.115.41.30','2023-02-21 14:09:54'),(61,'107.115.41.30','2023-02-21 14:10:47'),(62,'107.115.41.30','2023-02-21 14:12:51'),(63,'107.115.41.30','2023-02-21 14:14:37'),(64,'107.115.41.30','2023-02-21 14:15:17'),(65,'107.115.41.30','2023-02-21 14:16:07'),(66,'107.115.41.30','2023-02-21 14:16:56'),(67,'107.115.41.30','2023-02-21 14:17:49'),(68,'107.115.41.30','2023-02-21 14:18:30'),(69,'107.115.41.30','2023-02-21 14:26:59'),(70,'107.115.41.30','2023-02-21 14:27:57'),(71,'107.115.41.30','2023-02-21 14:37:58'),(72,'107.115.41.30','2023-02-21 14:38:57'),(73,'107.115.41.30','2023-02-21 14:48:53'),(74,'107.115.41.30','2023-02-21 14:50:43'),(75,'107.115.41.30','2023-02-21 15:01:07'),(76,'107.115.41.30','2023-02-21 15:02:52'),(77,'107.115.41.30','2023-02-21 15:07:26'),(78,'107.115.41.30','2023-02-21 15:08:14'),(79,'107.115.41.30','2023-02-21 15:09:42'),(80,'107.115.41.30','2023-02-21 15:11:08'),(81,'107.115.41.30','2023-02-21 15:12:34'),(82,'107.115.41.30','2023-02-21 15:13:53'),(83,'107.115.41.30','2023-02-21 15:15:07'),(84,'107.115.41.30','2023-02-21 15:19:20'),(85,'107.115.41.30','2023-02-21 15:20:31'),(86,'107.115.41.30','2023-02-21 15:21:04'),(87,'107.115.41.30','2023-02-21 15:29:14'),(88,'107.115.41.30','2023-02-21 15:31:42'),(89,'107.115.41.30','2023-02-21 15:33:59'),(90,'107.115.41.30','2023-02-21 15:35:13'),(91,'107.115.41.30','2023-02-21 15:35:43'),(92,'107.115.41.30','2023-02-21 15:36:05'),(93,'107.115.41.30','2023-02-21 15:37:28'),(94,'107.115.41.30','2023-02-21 15:37:54'),(95,'107.115.41.30','2023-02-21 15:43:18'),(96,'107.115.41.30','2023-02-21 15:46:15'),(97,'107.115.41.30','2023-02-21 15:57:15'),(98,'24.120.55.69','2023-02-21 18:34:23'),(99,'24.120.55.69','2023-02-21 18:36:19'),(100,'24.120.55.69','2023-02-21 18:37:52'),(101,'24.120.55.69','2023-02-21 18:40:22'),(102,'24.120.55.69','2023-02-21 18:43:15'),(103,'24.120.55.69','2023-02-21 18:44:47'),(104,'24.120.55.69','2023-02-21 18:47:11'),(105,'24.120.55.69','2023-02-21 18:48:37'),(106,'24.120.55.69','2023-02-21 18:50:31'),(107,'24.120.55.69','2023-02-21 18:56:21'),(108,'107.115.41.90','2023-02-22 13:52:38'),(109,'107.115.41.90','2023-02-22 13:53:58'),(110,'107.115.41.90','2023-02-22 13:55:52'),(111,'107.115.41.90','2023-02-22 13:56:29'),(112,'107.115.41.90','2023-02-22 13:57:54'),(113,'75.226.142.251','2023-07-26 06:53:03'),(114,'166.199.171.29','2023-07-26 07:41:26'),(115,'173.19.220.136','2023-07-26 07:57:20'),(116,'98.242.12.186','2023-07-31 10:53:23'),(117,'62.122.184.194','2023-07-31 21:12:41'),(118,'176.111.174.153','2023-08-07 05:54:48'),(119,'185.82.72.167','2023-08-09 17:10:51'),(120,'82.147.85.79','2023-08-10 15:00:55'),(121,'185.107.44.167','2023-08-13 08:50:28'),(122,'82.147.85.79','2023-08-17 13:23:10'),(123,'62.122.184.194','2023-08-18 09:45:55'),(124,'45.86.200.169','2023-08-22 10:29:54'),(125,'154.16.20.19','2023-08-23 19:36:19'),(126,'160.20.10.174','2023-08-23 19:56:14'),(127,'154.16.20.238','2023-08-24 03:04:09'),(128,'181.214.89.54','2023-08-24 03:27:17'),(129,'193.43.118.228','2023-08-24 16:12:20'),(130,'165.140.199.80','2023-08-24 16:41:12'),(131,'185.107.44.209','2023-08-28 00:13:20'),(132,'102.89.33.149','2023-08-29 08:13:42'),(133,'193.43.118.107','2023-08-29 13:46:08'),(134,'179.61.156.167','2023-08-29 16:42:48'),(135,'185.107.44.209','2023-08-31 00:07:35'),(136,'185.107.44.209','2023-09-01 14:11:04'),(137,'193.43.118.22','2023-09-01 17:06:36'),(138,'196.242.131.236','2023-09-02 08:42:31'),(139,'185.107.44.209','2023-09-02 15:01:52'),(140,'192.109.110.100','2023-09-02 19:21:23'),(141,'135.181.220.18','2023-09-04 05:27:58'),(142,'185.189.114.120','2023-09-07 08:54:58'),(143,'62.122.184.194','2023-09-07 16:36:51'),(144,'5.42.65.19','2023-09-14 04:40:43'),(145,'45.95.39.201','2023-09-15 13:48:07'),(146,'85.209.11.117','2023-09-16 03:29:51'),(147,'37.19.223.18','2023-09-18 09:10:06'),(148,'82.147.85.79','2023-09-19 05:40:43');

--
-- Table structure for table `cms_rktekmodule_fb_ip_log_seq`
--

CREATE TABLE `cms_rktekmodule_fb_ip_log_seq` (
  `id` int(11) NOT NULL
) ENGINE=MyISAM DEFAULT CHARSET=latin1 COLLATE=latin1_swedish_ci;

--
-- Dumping data for table `cms_rktekmodule_fb_ip_log_seq`
--

INSERT INTO `cms_rktekmodule_fb_ip_log_seq` VALUES (148);

--
-- Table structure for table `cms_rktekmodule_fb_resp`
--

CREATE TABLE `cms_rktekmodule_fb_resp` (
  `resp_id` int(11) NOT NULL,
  `form_id` int(11) DEFAULT NULL,
  `feuser_id` int(11) DEFAULT NULL,
  `user_approved` datetime DEFAULT NULL,
  `secret_code` varchar(35) DEFAULT NULL,
  `admin_approved` datetime DEFAULT NULL,
  `submitted` datetime DEFAULT NULL,
  PRIMARY KEY (`resp_id`)
) ENGINE=MyISAM DEFAULT CHARSET=utf8 COLLATE=utf8_general_ci;

--
-- Dumping data for table `cms_rktekmodule_fb_resp`
--


--
-- Table structure for table `cms_rktekmodule_fb_resp_attr`
--

CREATE TABLE `cms_rktekmodule_fb_resp_attr` (
  `resp_attr_id` int(11) NOT NULL,
  `resp_id` int(11) DEFAULT NULL,
  `name` varchar(35) DEFAULT NULL,
  `value` text DEFAULT NULL,
  PRIMARY KEY (`resp_attr_id`)
) ENGINE=MyISAM DEFAULT CHARSET=utf8 COLLATE=utf8_general_ci;

--
-- Dumping data for table `cms_rktekmodule_fb_resp_attr`
--


--
-- Table structure for table `cms_rktekmodule_fb_resp_attr_seq`
--

CREATE TABLE `cms_rktekmodule_fb_resp_attr_seq` (
  `id` int(11) NOT NULL
) ENGINE=MyISAM DEFAULT CHARSET=latin1 COLLATE=latin1_swedish_ci;

--
-- Dumping data for table `cms_rktekmodule_fb_resp_attr_seq`
--

INSERT INTO `cms_rktekmodule_fb_resp_attr_seq` VALUES (0);

--
-- Table structure for table `cms_rktekmodule_fb_resp_seq`
--

CREATE TABLE `cms_rktekmodule_fb_resp_seq` (
  `id` int(11) NOT NULL
) ENGINE=MyISAM DEFAULT CHARSET=latin1 COLLATE=latin1_swedish_ci;

--
-- Dumping data for table `cms_rktekmodule_fb_resp_seq`
--

INSERT INTO `cms_rktekmodule_fb_resp_seq` VALUES (0);

--
-- Table structure for table `cms_rktekmodule_fb_resp_val`
--

CREATE TABLE `cms_rktekmodule_fb_resp_val` (
  `resp_val_id` int(11) NOT NULL,
  `resp_id` int(11) DEFAULT NULL,
  `field_id` int(11) DEFAULT NULL,
  `value` text DEFAULT NULL,
  PRIMARY KEY (`resp_val_id`)
) ENGINE=MyISAM DEFAULT CHARSET=utf8 COLLATE=utf8_general_ci;

--
-- Dumping data for table `cms_rktekmodule_fb_resp_val`
--


--
-- Table structure for table `cms_rktekmodule_fb_resp_val_seq`
--

CREATE TABLE `cms_rktekmodule_fb_resp_val_seq` (
  `id` int(11) NOT NULL
) ENGINE=MyISAM DEFAULT CHARSET=latin1 COLLATE=latin1_swedish_ci;

--
-- Dumping data for table `cms_rktekmodule_fb_resp_val_seq`
--

INSERT INTO `cms_rktekmodule_fb_resp_val_seq` VALUES (0);

--
-- Table structure for table `cms_rktekmodule_fb_uniquefield_seq`
--

CREATE TABLE `cms_rktekmodule_fb_uniquefield_seq` (
  `id` int(11) NOT NULL
) ENGINE=MyISAM DEFAULT CHARSET=latin1 COLLATE=latin1_swedish_ci;

--
-- Dumping data for table `cms_rktekmodule_fb_uniquefield_seq`
--

INSERT INTO `cms_rktekmodule_fb_uniquefield_seq` VALUES (0);

--
-- Table structure for table `cms_rktekmodule_news`
--

CREATE TABLE `cms_rktekmodule_news` (
  `news_id` int(11) NOT NULL,
  `news_category_id` int(11) DEFAULT NULL,
  `news_title` varchar(255) DEFAULT NULL,
  `news_data` text DEFAULT NULL,
  `news_date` datetime DEFAULT NULL,
  `summary` text DEFAULT NULL,
  `start_time` datetime DEFAULT NULL,
  `end_time` datetime DEFAULT NULL,
  `status` varchar(25) DEFAULT NULL,
  `icon` varchar(255) DEFAULT NULL,
  `create_date` datetime DEFAULT NULL,
  `modified_date` datetime DEFAULT NULL,
  `author_id` int(11) DEFAULT NULL,
  `news_extra` varchar(255) DEFAULT NULL,
  `news_url` varchar(255) DEFAULT NULL,
  `searchable` tinyint(4) DEFAULT NULL,
  PRIMARY KEY (`news_id`),
  KEY `cms_rkteknews_postdate` (`news_date`),
  KEY `cms_rkteknews_daterange` (`start_time`,`end_time`),
  KEY `cms_rkteknews_author` (`author_id`),
  KEY `cms_rkteknews_hier` (`news_category_id`),
  KEY `cms_rkteknews_url` (`news_url`),
  KEY `cms_rkteknews_startenddate` (`start_time`,`end_time`)
) ENGINE=MyISAM DEFAULT CHARSET=utf8 COLLATE=utf8_general_ci;

--
-- Dumping data for table `cms_rktekmodule_news`
--

INSERT INTO `cms_rktekmodule_news` VALUES (1,1,'News Module Installed','<p>!!GRAND OPENING SEPTEMBER 3rd 2023!!</p>\r\n<p>&nbsp;</p>\r\n<p>Please bare with us as we grow and complete this site.</p>\r\n<p>Use the Contact Us or call us at 985-360-6539 for any questions!</p>\r\n<p>Thank you for your patience.</p>','2023-02-04 14:27:09','',NULL,NULL,'published',NULL,'2023-02-04 14:27:09','2023-08-31 07:05:36',1,'','',1);

--
-- Table structure for table `cms_rktekmodule_news_categories`
--

CREATE TABLE `cms_rktekmodule_news_categories` (
  `news_category_id` int(11) NOT NULL,
  `news_category_name` varchar(255) NOT NULL,
  `parent_id` int(11) DEFAULT NULL,
  `hierarchy` varchar(255) DEFAULT NULL,
  `item_order` int(11) DEFAULT NULL,
  `long_name` text DEFAULT NULL,
  `create_date` time DEFAULT NULL,
  `modified_date` time DEFAULT NULL,
  PRIMARY KEY (`news_category_id`)
) ENGINE=MyISAM DEFAULT CHARSET=utf8 COLLATE=utf8_general_ci;

--
-- Dumping data for table `cms_rktekmodule_news_categories`
--

INSERT INTO `cms_rktekmodule_news_categories` VALUES (1,'News',-1,'00000',NULL,'News','14:27:09','11:58:31');

--
-- Table structure for table `cms_rktekmodule_news_categories_seq`
--

CREATE TABLE `cms_rktekmodule_news_categories_seq` (
  `id` int(11) NOT NULL
) ENGINE=MyISAM DEFAULT CHARSET=latin1 COLLATE=latin1_swedish_ci;

--
-- Dumping data for table `cms_rktekmodule_news_categories_seq`
--

INSERT INTO `cms_rktekmodule_news_categories_seq` VALUES (1);

--
-- Table structure for table `cms_rktekmodule_news_fielddefs`
--

CREATE TABLE `cms_rktekmodule_news_fielddefs` (
  `id` int(11) NOT NULL AUTO_INCREMENT,
  `name` varchar(255) DEFAULT NULL,
  `type` varchar(50) DEFAULT NULL,
  `max_length` int(11) DEFAULT NULL,
  `create_date` datetime DEFAULT NULL,
  `modified_date` datetime DEFAULT NULL,
  `item_order` int(11) DEFAULT NULL,
  `public` int(11) DEFAULT NULL,
  `extra` text DEFAULT NULL,
  PRIMARY KEY (`id`)
) ENGINE=MyISAM DEFAULT CHARSET=utf8 COLLATE=utf8_general_ci;

--
-- Dumping data for table `cms_rktekmodule_news_fielddefs`
--


--
-- Table structure for table `cms_rktekmodule_news_fieldvals`
--

CREATE TABLE `cms_rktekmodule_news_fieldvals` (
  `news_id` int(11) NOT NULL,
  `fielddef_id` int(11) NOT NULL,
  `value` text DEFAULT NULL,
  `create_date` datetime DEFAULT NULL,
  `modified_date` datetime DEFAULT NULL,
  PRIMARY KEY (`news_id`,`fielddef_id`)
) ENGINE=MyISAM DEFAULT CHARSET=utf8 COLLATE=utf8_general_ci;

--
-- Dumping data for table `cms_rktekmodule_news_fieldvals`
--


--
-- Table structure for table `cms_rktekmodule_news_seq`
--

CREATE TABLE `cms_rktekmodule_news_seq` (
  `id` int(11) NOT NULL
) ENGINE=MyISAM DEFAULT CHARSET=latin1 COLLATE=latin1_swedish_ci;

--
-- Dumping data for table `cms_rktekmodule_news_seq`
--

INSERT INTO `cms_rktekmodule_news_seq` VALUES (1);

--
-- Table structure for table `cms_rktekmodule_search_index`
--

CREATE TABLE `cms_rktekmodule_search_index` (
  `item_id` int(11) DEFAULT NULL,
  `word` varchar(255) DEFAULT NULL,
  `count` int(11) DEFAULT NULL,
  KEY `cms_rktekindex_search_count` (`count`),
  KEY `cms_rktekindex_search_index` (`word`)
) ENGINE=MyISAM DEFAULT CHARSET=utf8 COLLATE=utf8_general_ci;

--
-- Dumping data for table `cms_rktekmodule_search_index`
--

INSERT INTO `cms_rktekmodule_search_index` VALUES (479,'$509',1),(534,'6539',1),(534,'360',1),(499,'$509',1),(499,'vortex',1),(499,'$939',1),(499,'seagull',1),(216,'$2650',1),(216,'049',1),(216,'$799',1),(216,'drive',4),(216,'cycles',1),(216,'stability',1),(216,'staycyc',1),(216,'thru',1),(216,'rover',1),(216,'tire',1),(216,'commuter',1),(216,'prado',1),(216,'ghost',1),(216,'velowave',1),(216,'$739',1),(216,'vortex',1),(216,'2599',1),(216,'seagull',1),(216,'ecotric',1),(216,'runner',1),(216,'beast',1),(216,'scout',1),(216,'royal',2),(216,'s11',1),(216,'ranger',2),(531,'thank',1),(531,'questions',1),(532,'use',1),(532,'call',1),(532,'either',1),(534,'questions',1),(544,'slushies',1),(544,'free',1),(544,'will',1),(544,'shop',1),(544,'sold',1),(544,'bikes',1),(544,'$100',1),(544,'additional',1),(544,'offering',1),(544,'sponsoring',1),(544,'himiway',2),(544,'2023',1),(544,'3rd',1),(544,'sept',1),(544,'opening',2),(544,'grand',2),(550,'thank',1),(550,'via',1),(550,'note',1),(550,'drop',1),(550,'call',1),(550,'feel',1),(550,'questions',1),(550,'daily',1),(550,'site',1),(550,'new',1),(550,'updating',1),(550,'patient',1),(550,'news',1),(550,'incentives',1),(550,'specials',1),(550,'ask',1),(550,'support',1),(550,'tech',1),(550,'mile',1),(550,'100',1),(550,'assembly',1),(550,'cards',1),(550,'credit',1),(550,'major',1),(550,'check',2),(550,'online',1),(550,'take',1),(550,'payment',1),(549,'heat',1),(549,'help',1),(549,'popcorn',1),(549,'slushies',1),(549,'free',1),(549,'will',1),(549,'shop',1),(549,'sold',1),(549,'bikes',1),(549,'$100',1),(549,'additional',1),(549,'offering',1),(549,'sponsoring',1),(549,'himiway',2),(549,'2023',1),(549,'3rd',1),(549,'sept',1),(549,'opening',2),(546,'cards',1),(546,'credit',1),(546,'major',1),(546,'check',1),(546,'payment',1),(546,'take',1),(546,'online',1),(546,'parts',1),(546,'repair',1),(546,'assistance',1),(546,'technical',1),(546,'local',1),(546,'repairs',1),(546,'warranty',2),(546,'labor',1),(546,'reason',1),(546,'time',1),(546,'contact',1),(546,'hesitate',1),(546,'please',1),(546,'customers',3),(544,'heat',1),(544,'help',1),(544,'popcorn',1),(550,'parts',1),(550,'repair',1),(550,'assistance',1),(550,'technical',1),(534,'installed',2),(534,'module',2),(534,'news',2),(534,'patience',1),(534,'thank',1),(532,'thank',1),(532,'grow',1),(532,'watch',1),(532,'back',1),(523,'thank',1),(523,'grow',1),(523,'changes',1),(523,'see',1),(523,'back',1),(523,'come',1),(523,'now',1),(520,'reaspire',1),(520,'spin',1),(531,'page',1),(550,'local',1),(550,'repairs',2),(550,'warranty',3),(550,'labor',2),(550,'free',8),(550,'reason',1),(534,'985',1),(534,'call',1),(534,'contact',1),(534,'use',1),(534,'site',1),(534,'complete',1),(534,'grow',1),(534,'bare',1),(534,'please',1),(534,'2023',1),(499,'ecotric',1),(479,'vortex',1),(499,'099',1),(479,'$939',1),(335,'$2650',1),(479,'seagull',1),(520,'adventure',1),(520,'kracken',1),(534,'3rd',1),(534,'september',1),(335,'049',1),(335,'$799',1),(335,'drive',4),(335,'cycles',1),(335,'stability',1),(335,'thru',1),(335,'rover',1),(335,'tire',1),(335,'commuter',1),(335,'prado',1),(335,'ghost',1),(335,'$739',1),(335,'vortex',1),(335,'2599',1),(335,'seagull',1),(335,'runner',1),(335,'beast',1),(335,'scout',1),(335,'royal',2),(335,'s11',1),(335,'ranger',2),(335,'peak',1),(335,'gt5',1),(335,'ride',1),(335,'metro',1),(335,'hunter',1),(335,'hopper',1),(335,'breck',1),(335,'bolt',1),(335,'mk5',1),(335,'500punisher',1),(335,'mk3',1),(335,'punisher',2),(335,'zebra',1),(335,'escape',1),(335,'cruiser',1),(335,'pro',3),(335,'cobra',2),(335,'bigdog',1),(335,'hunting',1),(335,'trailer',2),(335,'usrs',1),(335,'uhvo',1),(335,'spector',2),(335,'trike',1),(335,'new',1),(335,'275',2),(335,'meta',2),(335,'max',1),(335,'jumbo',1),(335,'cargo',3),(335,'g30',1),(335,'awd',1),(335,'500fat',2),(335,'torque',1),(335,'defender',1),(335,'500werk',1),(335,'twist',1),(335,'day',1),(335,'sunny',1),(335,'shred',2),(335,'blk',1),(335,'rook',2),(335,'quad',1),(335,'colt',1),(335,'sky',1),(492,'top',1),(520,'blast',1),(523,'form',1),(523,'contact',1),(523,'fill',1),(523,'call',1),(523,'please',2),(523,'repairs',1),(523,'service',1),(523,'mobile_service',4),(497,'top',1),(499,'nesta',2),(499,'nero',1),(499,'000',1),(499,'flow',1),(478,'top',1),(479,'ecotric',1),(499,'aero',1),(358,'mokwheel',4),(479,'099',1),(479,'nesta',2),(534,'opening',1),(479,'nero',1),(482,'top',1),(482,'back',1),(482,'support',4),(482,'assembly',4),(482,'reviews',4),(482,'info',4),(482,'click',16),(520,'michael',1),(520,'mokwheel',1),(520,'cycles',1),(335,'big',1),(335,'switch',1),(335,'step',4),(335,'mosh',1),(335,'speed',1),(335,'rush',1),(335,'city',4),(335,'500rush',2),(335,'mnt',2),(335,'bash',1),(335,'top',10),(335,'back',10),(335,'tires',1),(479,'000',1),(216,'peak',1),(216,'gt5',1),(216,'ride',1),(216,'metro',1),(216,'hunter',1),(216,'hopper',1),(216,'breck',1),(216,'bolt',1),(216,'tek',4),(216,'mk5',1),(216,'500punisher',1),(216,'mk3',1),(216,'punisher',2),(216,'kracken',1),(335,'fat',5),(335,'cst',1),(335,'rangetire',1),(335,'100',2),(335,'960wh',1),(335,'504wh',2),(335,'nesta',2),(335,'500',58),(335,'750w',3),(335,'696wh',1),(335,'nero',1),(335,'hydraulic',3),(335,'piston',1),(335,'dual',1),(335,'500w',1),(335,'653wh',1),(335,'flow',1),(335,'$3500',2),(335,'price',63),(335,'brakes',4),(335,'disc',4),(335,'mechanical',1),(335,'zoom',3),(335,'rangebrakes',4),(335,'estimated',5),(335,'miles',5),(335,'bikerange',5),(335,'class',5),(335,'motorspeed',5),(335,'hub',5),(335,'rear',5),(335,'sustained',1),(335,'350w',1),(335,'batterymotor',5),(335,'samsung',5),(335,'8wh',1),(335,'244',1),(335,'battery',5),(335,'spinaero',1),(499,'spin',1),(481,'top',1),(499,'adventure',1),(531,'contact',1),(414,'top',1),(478,'back',1),(478,'thru',1),(478,'step',1),(478,'rover',1),(478,'tire',1),(478,'fat',1),(478,'ranger',1),(478,'commuter',1),(478,'prado',1),(478,'support',4),(478,'assembly',4),(478,'reviews',4),(478,'info',4),(478,'click',16),(478,'price',4),(478,'brakes',4),(478,'range',4),(478,'class',4),(478,'speed',4),(478,'motor',4),(497,'back',1),(497,'hunting',1),(497,'trailer',2),(497,'usrs',1),(497,'uhvo',1),(497,'spector',2),(497,'trike',1),(497,'new',1),(497,'275',2),(497,'meta',2),(497,'max',1),(497,'jumbo',1),(497,'cargo',3),(497,'g30',1),(497,'awd',1),(497,'torque',1),(497,'step',2),(497,'fat',5),(497,'defender',1),(497,'support',20),(497,'assembly',20),(497,'reviews',20),(497,'info',20),(497,'click',80),(497,'price',20),(497,'brakes',19),(497,'range',19),(497,'class',19),(497,'speed',19),(487,'top',1),(487,'back',1),(487,'werk',1),(487,'twist',1),(487,'day',1),(487,'sunny',1),(487,'shred',2),(487,'blk',1),(487,'rook',2),(487,'quad',1),(487,'colt',1),(487,'support',10),(487,'assembly',10),(487,'reviews',10),(487,'info',10),(487,'click',40),(487,'price',10),(487,'brakes',10),(487,'range',10),(487,'class',10),(487,'speed',10),(487,'motor',10),(487,'battery',10),(487,'sky',1),(487,'big',1),(487,'mobile_surface',4),(499,'mokwheel',1),(486,'top',1),(486,'back',1),(335,'ecotric',2),(335,'spin',1),(335,'adventure',1),(335,'kracken',2),(335,'mokwheel',1),(335,'electric',6),(335,'staycyc',2),(335,'tek',5),(335,'velowave',2),(335,'himiway',2),(335,'eunorau',2),(335,'604',2),(335,'surface',2),(335,'one',2),(335,'serial',2),(335,'bikes',10),(335,'following',1),(335,'carry',1),(335,'proudy',1),(335,'mobile_inventory',4),(520,'stability',1),(520,'staycyc',1),(481,'back',1),(414,'back',1),(531,'use',1),(525,'top',1),(525,'back',1),(525,'support',1),(525,'assembly',1),(525,'reviews',1),(525,'info',1),(525,'click',4),(525,'price',1),(525,'brakes',1),(525,'range',1),(525,'class',1),(486,'switch',1),(486,'step',1),(486,'mosh',1),(486,'hereclick',5),(486,'city',4),(486,'rush',3),(486,'support',6),(520,'motion',1),(520,'smart',1),(520,'tek',1),(520,'velowave',1),(520,'himiway',1),(520,'eunorau',1),(520,'604',1),(201,'link',1),(201,'email',2),(201,'6539',1),(201,'360',1),(201,'985',1),(201,'phone',1),(201,'mobile_contactus',4),(195,'cards',1),(195,'credit',1),(195,'major',1),(187,'vegas',1),(187,'las',1),(187,'south',1),(187,'miles',1),(187,'arizona',1),(187,'city',1),(187,'bullhead',1),(187,'located',1),(187,'shop',1),(187,'mobile_aboutus',4),(546,'service',1),(546,'customer',1),(546,'best',1),(546,'provide',2),(546,'strive',1),(546,'canada',1),(546,'usa',1),(546,'anywhere',1),(546,'ship',1),(546,'can',2),(546,'vegas',1),(546,'las',1),(546,'south',1),(546,'miles',1),(546,'arizona',1),(546,'city',1),(546,'bullhead',1),(546,'located',1),(546,'heat',1),(546,'help',1),(546,'popcorn',1),(546,'slushies',1),(546,'free',4),(546,'will',1),(546,'shop',2),(546,'sold',1),(546,'bikes',2),(546,'$100',1),(546,'additional',1),(546,'offering',1),(546,'sponsoring',1),(546,'himiway',2),(546,'2023',1),(546,'3rd',1),(546,'sept',1),(546,'opening',2),(546,'grand',2),(525,'speed',1),(478,'battery',4),(418,'top',1),(481,'runner',1),(481,'pro',1),(481,'beast',1),(481,'tek',3),(481,'scout',1),(481,'royal',2),(481,'s11',1),(481,'ranger',1),(481,'peak',1),(481,'gt5',1),(481,'ride',1),(481,'metro',1),(481,'hunter',1),(481,'hopper',1),(481,'breck',1),(481,'support',13),(481,'assembly',13),(481,'reviews',13),(481,'info',13),(481,'click',52),(481,'price',13),(481,'brakes',13),(481,'range',13),(481,'class',13),(481,'speed',13),(492,'back',1),(492,'zebra',1),(492,'escape',1),(492,'cruiser',1),(492,'pro',2),(492,'cobra',2),(492,'support',6),(492,'assembly',6),(497,'motor',19),(497,'battery',19),(497,'mobile_eunorau',4),(486,'assembly',6),(486,'reviews',6),(486,'info',6),(486,'click',19),(486,'price',6),(486,'brakes',6),(486,'range',6),(486,'class',6),(486,'speed',7),(486,'motor',6),(486,'battery',6),(486,'mnt',2),(486,'bash',1),(486,'mobile_serialone',4),(483,'top',1),(483,'back',1),(483,'tires',1),(483,'fat',1),(483,'cst',1),(483,'rangetire',1),(483,'100',1),(483,'960wh',1),(483,'504wh',2),(483,'nesta',2),(483,'750w',3),(483,'696wh',1),(483,'nero',1),(483,'hydraulic',3),(483,'piston',1),(483,'dual',1),(483,'500w',1),(483,'653wh',1),(483,'flow',1),(483,'support',5),(483,'assembly',5),(483,'reviews',5),(483,'info',5),(483,'click',20),(483,'price',5),(483,'brakes',4),(483,'disc',4),(483,'mechanical',1),(483,'zoom',3),(483,'rangebrakes',4),(483,'estimated',5),(483,'miles',5),(483,'bikerange',5),(483,'electric',5),(483,'class',5),(483,'motorspeed',5),(483,'hub',5),(483,'rear',5),(483,'sustained',1),(483,'350w',1),(483,'batterymotor',5),(483,'samsung',5),(483,'8wh',1),(483,'244',1),(483,'battery',5),(483,'aero',1),(483,'mobile_espin',4),(549,'grand',2),(549,'mobile_events',4),(414,'switch',1),(414,'step',1),(414,'mosh',1),(414,'hereclick',5),(414,'city',4),(414,'rush',3),(414,'support',6),(414,'assembly',6),(414,'reviews',6),(414,'info',6),(418,'back',1),(418,'mk5',1),(418,'mk3',1),(418,'support',3),(418,'assembly',3),(418,'reviews',3),(418,'info',3),(418,'click',12),(418,'price',3),(418,'brakes',3),(418,'range',3),(418,'class',3),(418,'speed',3),(418,'motor',3),(418,'battery',3),(493,'top',1),(493,'back',1),(493,'thru',1),(493,'step',1),(493,'rover',1),(493,'tire',1),(493,'fat',1),(493,'ranger',1),(534,'grand',1),(532,'come',1),(532,'now',1),(532,'reach',1),(532,'page',1),(532,'contact',1),(531,'call',1),(531,'please',1),(531,'repairs',3),(526,'top',1),(526,'back',1),(526,'support',1),(526,'assembly',1),(526,'reviews',1),(526,'info',1),(526,'click',4),(526,'price',1),(526,'mobile_reaspire',4),(494,'top',1),(494,'back',1),(494,'runner',1),(494,'pro',1),(494,'beast',1),(494,'tek',3),(494,'scout',1),(494,'royal',2),(494,'s11',1),(494,'ranger',1),(494,'peak',1),(494,'gt5',1),(494,'ride',1),(494,'metro',1),(494,'hunter',1),(494,'hopper',1),(494,'breck',1),(494,'support',13),(494,'assembly',13),(494,'reviews',13),(494,'info',13),(494,'click',52),(494,'price',13),(494,'brakes',13),(494,'range',13),(494,'class',13),(494,'speed',13),(494,'motor',13),(494,'battery',13),(494,'bolt',1),(494,'mobile_etec',4),(390,'top',1),(390,'back',1),(390,'mk5',1),(390,'mk3',1),(390,'support',3),(390,'assembly',3),(390,'reviews',3),(390,'info',3),(390,'click',9),(390,'msrp',3),(390,'price',3),(390,'brakes',3),(390,'range',3),(390,'class',3),(390,'speed',3),(390,'motor',3),(390,'battery',3),(390,'punisher',3),(390,'mobile_kracken',4),(492,'reviews',6),(492,'info',6),(492,'click',24),(492,'price',6),(492,'brakes',6),(492,'range',6),(492,'class',6),(492,'speed',6),(492,'motor',6),(492,'battery',6),(195,'check',1),(195,'payment',1),(482,'price',4),(482,'brakes',4),(482,'range',4),(481,'motor',13),(481,'battery',13),(471,'top',1),(471,'back',1),(471,'zebra',1),(471,'escape',1),(471,'cruiser',1),(471,'pro',2),(471,'cobra',2),(471,'support',6),(471,'assembly',6),(471,'reviews',6),(471,'info',6),(471,'click',24),(471,'price',6),(471,'brakes',6),(471,'range',6),(471,'class',6),(471,'speed',6),(471,'motor',6),(479,'flow',1),(479,'aero',1),(383,'top',1),(383,'back',1),(383,'msrpclick',5),(383,'support',6),(383,'assembly',6),(368,'top',1),(368,'back',1),(368,'tada',1),(368,'special',1),(368,'something',1),(368,'type',1),(368,'mobile_michaelblast',4),(479,'spin',1),(479,'adventure',1),(520,'surface',1),(520,'one',1),(520,'serial',1),(395,'top',1),(395,'back',1),(395,'mobile_mokwheel',4),(520,'bikes',2),(493,'commuter',1),(493,'prado',1),(493,'support',4),(492,'bigdog',1),(492,'mobile_himiway',4),(479,'blast',1),(479,'mokwheel',1),(495,'top',1),(495,'back',1),(495,'support',4),(495,'assembly',4),(495,'reviews',4),(495,'info',4),(495,'click',16),(495,'price',4),(495,'brakes',4),(495,'range',4),(495,'class',4),(495,'speed',4),(495,'motor',4),(495,'battery',4),(495,'drive',4),(495,'mobile_staycyc',4),(493,'assembly',4),(493,'reviews',4),(493,'info',4),(493,'click',16),(493,'price',4),(493,'brakes',4),(493,'range',4),(493,'class',4),(493,'speed',4),(493,'motor',4),(493,'battery',4),(493,'500',1),(493,'ghost',1),(493,'mobile_velowave',4),(195,'take',1),(195,'can',1),(195,'mobile_howtoorder',4),(525,'motor',1),(482,'class',4),(481,'bolt',1),(481,'etec',4),(478,'500',1),(478,'ghost',1),(478,'velowave',4),(466,'top',1),(466,'back',1),(466,'hunting',1),(466,'trailer',2),(466,'usrs',1),(466,'uhvo',1),(466,'spector',2),(466,'trike',1),(466,'new',1),(466,'275',2),(466,'meta',2),(466,'max',1),(466,'jumbo',1),(466,'cargo',3),(466,'g30',1),(466,'awd',1),(466,'torque',1),(466,'step',2),(466,'fat',5),(466,'defender',1),(466,'support',20),(466,'assembly',20),(466,'reviews',20),(466,'info',20),(466,'click',80),(466,'price',20),(466,'brakes',19),(479,'kracken',1),(479,'michael',1),(479,'049',1),(479,'$799',2),(479,'drive',4),(479,'stability',1),(479,'stacyc',1),(479,'runner',1),(479,'beast',1),(479,'scout',1),(479,'royal',2),(479,'peak',1),(479,'$999',1),(479,'gt5',1),(479,'ride',1),(479,'metro',1),(479,'hunter',1),(479,'hopper',1),(479,'breck',1),(479,'$899',1),(479,'bolt',1),(479,'tek',4),(479,'rover',1),(479,'tire',1),(479,'ranger',2),(479,'commuter',1),(479,'prado',1),(479,'299',3),(479,'500',1),(479,'ghost',1),(479,'velowave',1),(479,'zebra',1),(479,'escape',1),(479,'cruiser',1),(479,'pro',3),(479,'cobra',2),(479,'dog',1),(479,'himiway',1),(479,'hunting',1),(479,'$329',2),(479,'trailer',2),(479,'usrs',1),(479,'uhvo',1),(479,'spector',2),(479,'trike',1),(479,'275',1),(479,'meta',1),(479,'max',1),(396,'top',1),(396,'back',1),(396,'mobile_smartmotion',4),(520,'following',1),(520,'carry',1),(520,'proudly',1),(383,'reviews',6),(383,'info',6),(383,'click',13),(383,'msrp',1),(383,'price',6),(383,'brakes',6),(383,'range',6),(383,'class',6),(383,'speed',6),(383,'motor',6),(383,'battery',6),(383,'title',6),(383,'smartmotion',4),(466,'range',19),(442,'top',1),(442,'back',1),(525,'battery',1),(525,'reaspire',4),(442,'tires',1),(442,'fat',1),(442,'cst',1),(442,'rangetire',1),(442,'100',1),(442,'960wh',1),(418,'punisher',3),(418,'kracken',4),(482,'speed',4),(482,'motor',4),(482,'battery',4),(482,'drive',4),(482,'staycyc',4),(471,'battery',6),(471,'bigdog',1),(471,'himiway',4),(466,'class',19),(466,'speed',19),(466,'motor',19),(466,'battery',19),(466,'eunorau',4),(366,'michaelblast',4),(520,'mobile_ebikes',4),(479,'jumbo',1),(479,'cargo',3),(479,'awd',1),(479,'torque',1),(449,'top',1),(449,'back',1),(449,'werk',1),(449,'twist',1),(449,'day',1),(449,'sunny',1),(449,'shred',2),(449,'blk',1),(449,'rook',2),(449,'quad',1),(449,'colt',1),(449,'support',10),(449,'assembly',10),(449,'reviews',10),(449,'info',10),(449,'click',40),(449,'price',10),(449,'brakes',10),(449,'range',10),(449,'class',10),(449,'speed',10),(449,'motor',10),(449,'battery',10),(449,'sky',1),(449,'big',1),(449,'surface',4),(499,'kraken',1),(499,'blast',1),(499,'michael',1),(499,'049',1),(499,'$799',2),(499,'drive',4),(499,'stability',1),(499,'stacyc',1),(499,'runner',1),(479,'step',2),(479,'fat',6),(479,'899',1),(479,'defender',1),(479,'eunorau',1),(479,'werk',1),(479,'399',7),(479,'twist',1),(479,'day',1),(479,'sunny',1),(479,'shred',2),(479,'shaped',1),(479,'rook',2),(479,'699',4),(479,'quad',1),(479,'499',10),(479,'colt',1),(479,'199',4),(479,'sky',1),(479,'big',2),(479,'604',1),(479,'surface',1),(479,'switch',1),(479,'799',9),(479,'mosh',1),(479,'599',10),(479,'speed',1),(479,'city',3),(479,'rush',2),(479,'999',9),(479,'mnt',2),(479,'bash',1),(479,'one',1),(479,'serial',1),(479,'prices',4),(414,'click',19),(414,'price',6),(414,'brakes',6),(414,'range',6),(414,'class',6),(414,'speed',7),(414,'motor',6),(216,'zebra',1),(216,'escape',1),(216,'cruiser',1),(216,'pro',3),(216,'cobra',2),(216,'bigdog',1),(216,'himiway',1),(216,'hunting',1),(216,'trailer',2),(216,'usrs',1),(216,'uhvo',1),(216,'spector',2),(216,'trike',1),(216,'new',1),(216,'275',2),(216,'meta',2),(216,'max',1),(216,'jumbo',1),(216,'cargo',3),(216,'g30',1),(216,'awd',1),(216,'500fat',2),(216,'torque',1),(216,'defender',1),(216,'eunorau',1),(216,'500werk',1),(216,'twist',1),(216,'day',1),(216,'sunny',1),(216,'shred',2),(216,'blk',1),(216,'rook',2),(216,'quad',1),(216,'colt',1),(216,'sky',1),(216,'big',1),(216,'bikes',7),(216,'604',1),(216,'surface',1),(216,'switch',1),(216,'step',4),(216,'mosh',1),(216,'speed',1),(216,'rush',1),(216,'city',4),(216,'500rush',2),(216,'mnt',2),(216,'bash',1),(216,'one',1),(216,'serial',1),(216,'top',10),(216,'back',10),(216,'tires',1),(216,'fat',5),(216,'cst',1),(216,'rangetire',1),(216,'100',2),(216,'960wh',1),(216,'504wh',2),(216,'nesta',2),(216,'500',58),(216,'750w',3),(216,'696wh',1),(216,'nero',1),(216,'hydraulic',3),(216,'piston',1),(216,'dual',1),(216,'500w',1),(216,'653wh',1),(216,'flow',1),(216,'$3500',2),(216,'price',63),(216,'brakes',4),(216,'disc',4),(216,'mechanical',1),(216,'zoom',3),(216,'rangebrakes',4),(216,'estimated',5),(216,'miles',5),(216,'bikerange',5),(512,'videos',5),(499,'beast',1),(499,'scout',1),(499,'royal',2),(499,'peak',1),(499,'$999',1),(499,'gt5',1),(499,'ride',1),(499,'metro',1),(499,'hunter',1),(499,'hopper',1),(499,'breck',1),(499,'$899',1),(499,'bolt',1),(499,'tek',4),(531,'reparis',2),(531,'service',5),(216,'electric',5),(216,'class',5),(216,'motorspeed',5),(216,'hub',5),(216,'rear',5),(216,'sustained',1),(216,'350w',1),(216,'batterymotor',5),(216,'samsung',5),(216,'8wh',1),(216,'244',1),(216,'battery',5),(216,'inventory_save',2),(216,'inventory',2),(532,'please',2),(532,'howtoorder',4),(499,'rover',1),(499,'tire',1),(499,'ranger',2),(499,'commuter',1),(499,'prado',1),(499,'299',3),(499,'500',1),(499,'ghost',1),(499,'velowave',1),(499,'zebra',1),(499,'escape',1),(499,'cruiser',1),(499,'pro',3),(499,'cobra',2),(499,'dog',1),(499,'himiway',1),(499,'hunting',1),(499,'$329',2),(499,'trailer',2),(499,'usrs',1),(499,'uhvo',1),(499,'spector',2),(499,'trike',1),(499,'275',1),(499,'meta',1),(499,'max',1),(499,'jumbo',1),(499,'cargo',3),(499,'awd',1),(499,'torque',1),(499,'step',2),(499,'fat',6),(499,'899',1),(499,'defender',1),(499,'eunorau',1),(499,'werk',1),(499,'399',7),(499,'twist',1),(499,'day',1),(499,'sunny',1),(544,'events',4),(499,'shred',2),(499,'shaped',1),(499,'rook',2),(499,'699',4),(499,'quad',1),(499,'499',10),(499,'colt',1),(499,'199',4),(499,'sky',1),(499,'big',2),(499,'604',1),(499,'surface',1),(499,'switch',1),(499,'799',9),(499,'mosh',1),(499,'599',10),(499,'speed',1),(499,'city',3),(499,'rush',2),(499,'999',9),(499,'mnt',2),(499,'bash',1),(499,'one',1),(499,'serial',1),(499,'mobile_prices',4),(442,'504wh',2),(442,'nesta',2),(442,'750w',3),(442,'696wh',1),(442,'nero',1),(442,'hydraulic',3),(442,'piston',1),(442,'dual',1),(442,'500w',1),(442,'653wh',1),(442,'flow',1),(442,'assembly',5),(546,'mobile_home',4),(178,'contactus',4),(414,'battery',6),(414,'mnt',2),(414,'bash',1),(414,'serialone',4),(442,'support',5),(442,'reviews',5),(442,'info',5),(442,'click',20),(442,'price',5),(442,'brakes',4),(442,'disc',4),(442,'mechanical',1),(442,'zoom',3),(442,'rangebrakes',4),(442,'estimated',5),(442,'miles',5),(442,'bikerange',5),(442,'electric',5),(442,'class',5),(442,'motorspeed',5),(442,'hub',5),(442,'rear',5),(442,'sustained',1),(442,'350w',1),(442,'batterymotor',5),(442,'samsung',5),(442,'8wh',1),(442,'244',1),(442,'battery',5),(442,'aero',1),(442,'espin',4),(216,'spinaero',1),(508,'aboutus',4),(550,'time',1),(550,'contact',2),(550,'hesitate',1),(550,'please',3),(550,'customers',3),(550,'service',1),(550,'customer',1),(550,'best',1),(550,'provide',2),(550,'strive',1),(550,'canada',1),(550,'usa',1),(550,'anywhere',1),(550,'bikes',1),(550,'ship',1),(550,'can',2),(550,'vegas',1),(550,'las',1),(550,'south',1),(550,'miles',1),(550,'arizona',1),(550,'city',1),(550,'bullhead',1),(550,'located',1),(550,'shop',1),(550,'home',4);

--
-- Table structure for table `cms_rktekmodule_search_items`
--

CREATE TABLE `cms_rktekmodule_search_items` (
  `id` int(11) NOT NULL,
  `module_name` varchar(100) DEFAULT NULL,
  `content_id` int(11) DEFAULT NULL,
  `extra_attr` varchar(100) DEFAULT NULL,
  `expires` datetime DEFAULT NULL,
  PRIMARY KEY (`id`),
  KEY `module_name` (`module_name`),
  KEY `content_id` (`content_id`),
  KEY `extra_attr` (`extra_attr`),
  KEY `cms_rktekindex_search_items` (`module_name`,`content_id`)
) ENGINE=MyISAM DEFAULT CHARSET=utf8 COLLATE=utf8_general_ci;

--
-- Dumping data for table `cms_rktekmodule_search_items`
--

INSERT INTO `cms_rktekmodule_search_items` VALUES (550,'Search',1,'content',NULL),(216,'Search',33,'content',NULL),(508,'Search',34,'content',NULL),(178,'Search',35,'content',NULL),(544,'Search',36,'content',NULL),(532,'Search',37,'content',NULL),(512,'Search',38,'content',NULL),(520,'Search',57,'content',NULL),(531,'Search',40,'content',NULL),(442,'Search',42,'content',NULL),(414,'Search',43,'content',NULL),(449,'Search',44,'content',NULL),(466,'Search',45,'content',NULL),(471,'Search',46,'content',NULL),(418,'Search',47,'content',NULL),(481,'Search',48,'content',NULL),(525,'Search',49,'content',NULL),(478,'Search',50,'content',NULL),(482,'Search',51,'content',NULL),(546,'Search',53,'content',NULL),(187,'Search',54,'content',NULL),(195,'Search',55,'content',NULL),(201,'Search',56,'content',NULL),(549,'Search',58,'content',NULL),(523,'Search',59,'content',NULL),(335,'Search',60,'content',NULL),(483,'Search',61,'content',NULL),(486,'Search',62,'content',NULL),(487,'Search',63,'content',NULL),(497,'Search',64,'content',NULL),(492,'Search',65,'content',NULL),(390,'Search',66,'content',NULL),(494,'Search',67,'content',NULL),(526,'Search',68,'content',NULL),(493,'Search',69,'content',NULL),(495,'Search',70,'content',NULL),(358,'Search',71,'content',NULL),(395,'Search',72,'content',NULL),(366,'Search',73,'content',NULL),(368,'Search',74,'content',NULL),(383,'Search',75,'content',NULL),(396,'Search',76,'content',NULL),(479,'Search',77,'content',NULL),(499,'Search',78,'content',NULL),(534,'News',1,'article',NULL);

--
-- Table structure for table `cms_rktekmodule_search_items_seq`
--

CREATE TABLE `cms_rktekmodule_search_items_seq` (
  `id` int(11) NOT NULL
) ENGINE=MyISAM DEFAULT CHARSET=latin1 COLLATE=latin1_swedish_ci;

--
-- Dumping data for table `cms_rktekmodule_search_items_seq`
--

INSERT INTO `cms_rktekmodule_search_items_seq` VALUES (550);

--
-- Table structure for table `cms_rktekmodule_search_words`
--

CREATE TABLE `cms_rktekmodule_search_words` (
  `word` varchar(255) NOT NULL,
  `count` int(11) DEFAULT NULL,
  PRIMARY KEY (`word`)
) ENGINE=MyISAM DEFAULT CHARSET=utf8 COLLATE=utf8_general_ci;

--
-- Dumping data for table `cms_rktekmodule_search_words`
--


--
-- Table structure for table `cms_rktekmodule_smarty_plugins`
--

CREATE TABLE `cms_rktekmodule_smarty_plugins` (
  `sig` varchar(80) NOT NULL,
  `name` varchar(80) NOT NULL,
  `module` varchar(160) NOT NULL,
  `type` varchar(40) NOT NULL,
  `callback` varchar(255) NOT NULL,
  `available` int(11) DEFAULT NULL,
  `cachable` tinyint(4) DEFAULT NULL,
  PRIMARY KEY (`sig`),
  KEY `cms_rktekidx_smp_module` (`module`)
) ENGINE=MyISAM DEFAULT CHARSET=utf8 COLLATE=utf8_general_ci;

--
-- Dumping data for table `cms_rktekmodule_smarty_plugins`
--

INSERT INTO `cms_rktekmodule_smarty_plugins` VALUES ('1067553f16c8b101d638109a3192c66b','FileManager','FileManager','function','s:15:\"function_plugin\";',1,0),('29b6be99c1766d29c3aa133f3bfb74dd','MenuManager','MenuManager','function','s:15:\"function_plugin\";',1,0),('3a56cf7e025a641d45d9e226203be1f4','menu','MenuManager','function','s:15:\"function_plugin\";',1,1),('d84423f78fd018b58479f49bfcfd7dff','cms_breadcrumbs','MenuManager','function','s:22:\"smarty_cms_breadcrumbs\";',1,1),('89db15907b095c8b667635db366ce281','Navigator','Navigator','function','s:15:\"function_plugin\";',1,0),('6e48542c3a68893ddba764b6f7b87f4b','nav_breadcrumbs','Navigator','function','s:15:\"nav_breadcrumbs\";',1,1),('b9a594680999f1eba29c9090badd6687','News','News','function','s:15:\"function_plugin\";',1,0),('0a85af65a1365dea78ed7cd5e5bec265','news','News','function','s:15:\"function_plugin\";',1,1),('10cf00fc6ca5b59a961044ef0ea9c061','Search','Search','function','s:15:\"function_plugin\";',1,0),('ef6c9a9d4dab6989b5da62e2f9a68cf6','search','Search','function','s:15:\"function_plugin\";',1,1);

--
-- Table structure for table `cms_rktekmodule_templates`
--

CREATE TABLE `cms_rktekmodule_templates` (
  `module_name` varchar(160) DEFAULT NULL,
  `template_name` varchar(160) DEFAULT NULL,
  `content` text DEFAULT NULL,
  `create_date` datetime DEFAULT NULL,
  `modified_date` datetime DEFAULT NULL,
  KEY `cms_rktekidx_module_templates_by_module_and_tpl_name` (`module_name`,`template_name`)
) ENGINE=MyISAM DEFAULT CHARSET=utf8 COLLATE=utf8_general_ci;

--
-- Dumping data for table `cms_rktekmodule_templates`
--

INSERT INTO `cms_rktekmodule_templates` VALUES ('News','email_template','A new news article has been posted to your website.  The details are as follows:\nTitle:      {$title}\nIP Address: {$ipaddress}\nSummary:    {$summary|strip_tags}\nStart Date: {$startdate|date_format}\nEnd Date:   {$enddate|date_format}\n','2023-02-04 14:27:09','2023-02-04 14:27:09'),('FormBuilder','fb_1','{* TABLE FORM LAYOUT / Field titles on Left *}\r\n{* next line sets number of columns for things like checkbox groups *}\r\n{assign var=\"cols\" value=\"3\"}\r\n{literal}\r\n<script type=\"text/javascript\">\r\nfunction fbht(htid)\r\n	{\r\n		var fbhtc=document.getElementById(htid);\r\n		if (fbhtc)\r\n			{\r\n			if (fbhtc.style.display == \'none\')\r\n				{\r\n				fbhtc.style.display = \'inline\';\r\n				}\r\n			else\r\n				{\r\n				fbhtc.style.display = \'none\';\r\n				}\r\n			}\r\n}\r\n</script>\r\n\r\n{/literal}\r\n{$fb_form_header}\r\n{if $fb_form_done == 1}\r\n	{* This first section is for displaying submission errors *}\r\n	{if $fb_submission_error}\r\n		<div class=\"error_message\">{$fb_submission_error}</div>\r\n		{if $fb_show_submission_errors}\r\n			<table class=\"error\">\r\n			{foreach from=$fb_submission_error_list item=thisErr}\r\n				<tr><td>{$thisErr}</td></tr>\r\n			{/foreach}\r\n			</table>\r\n		{/if}\r\n	{/if}\r\n{else}\r\n	{* this section is for displaying the form *}\r\n	{* we start with validation errors *}\r\n	{if $fb_form_has_validation_errors}\r\n		<div class=\"error_message\">\r\n		<ul>\r\n		{foreach from=$fb_form_validation_errors item=thisErr}\r\n			<li>{$thisErr}</li>\r\n		{/foreach}\r\n		</ul>\r\n		</div>\r\n	{/if}\r\n	{if $captcha_error}\r\n		<div class=\"error_message\">{$captcha_error}</div>\r\n	{/if}\r\n\r\n	{* and now the form itself *}\r\n	{$fb_form_start}\r\n	<div>{$fb_hidden}</div>\r\nContact Us  <p>	\r\n<div id=\"lift\">\r\n<table{if $css_class != \'\'} class=\"{$css_class}\"{/if}>\r\n	{if $total_pages gt 1}<tr><td colspan=\"2\">{$title_page_x_of_y}</td></tr>{/if}\r\n	{foreach from=$fields item=entry}\r\n		{if $entry->display == 1 &&\r\n			$entry->type != \'-Fieldset Start\' &&\r\n			$entry->type != \'-Fieldset End\' }\r\n		<tr>\r\n			{strip}\r\n			<td align=\"right\" valign=\"top\"\r\n			{if $entry->required == 1 || $entry->css_class != \'\'} class=\" \r\n				{if $entry->required == 1}\r\n					required\r\n				{/if}\r\n				{if $entry->required == 1 && $entry->css_class != \'\'} {/if}\r\n				{if $entry->css_class != \'\'}\r\n					{$entry->css_class}\r\n				{/if}\r\n				\"\r\n			{/if}\r\n			>\r\n			{if $entry->hide_name == 0}\r\n				{$entry->name}\r\n				{if $entry->required_symbol != \'\'}\r\n					{$entry->required_symbol}\r\n				{/if}\r\n			{/if}\r\n			</td><td align=\"left\" valign=\"top\"{if $entry->css_class != \'\'} class=\"{$entry->css_class}\"{/if}>\r\n			{if $entry->multiple_parts == 1}\r\n\r\n			<table>\r\n				<tr>\r\n				{section name=numloop loop=$entry->input}\r\n					<td>{$entry->input[numloop]->input}&nbsp;{$entry->input[numloop]->name}{if $entry->input[numloop]->op}&nbsp;{$entry->input[numloop]->op}{/if}</td>\r\n					{if not ($smarty.section.numloop.rownum mod $cols)}\r\n						{if not $smarty.section.numloop.last}\r\n				</tr><tr>\r\n						{/if}\r\n					{/if}\r\n					{if $smarty.section.numloop.last}\r\n						{math equation = \"n - a % n\" n=$cols a=$entry->input|@count assign=\"cells\"}\r\n						{if $cells ne $cols}\r\n							{section name=pad loop=$cells}\r\n					<td>&nbsp;</td>\r\n							{/section}\r\n						{/if}\r\n				</tr>\r\n					{/if}\r\n				{/section}\r\n				</table>\r\n			{else}\r\n				{if $entry->smarty_eval == \'1\'}{eval var=$entry->input}{else}{$entry->input}{/if}\r\n			{/if}\r\n			{if $entry->valid == 0} &lt;--- {$entry->error}{/if}\r\n			{if $entry->helptext != \'\'}&nbsp;<a href=\"javascript:fbht(\'{$entry->field_helptext_id}\')\"><img src=\"modules/FormBuilder/images/info-small.gif\" alt=\"Help\" /></a>\r\n					<span id=\"{$entry->field_helptext_id}\" style=\"display:none\" class=\"fbr_helptext\">{$entry->helptext}</span>{/if}\r\n			\r\n			\r\n			</td></tr>\r\n			{/strip}\r\n		{/if}\r\n	{/foreach}\r\n	{if isset($has_captcha) && $has_captcha == 1}\r\n		<tr><td>{$graphic_captcha}</td><td>{$input_captcha}<br />{$title_captcha}</td></tr>\r\n	{/if}\r\n		<tr><td>{$prev}</td><td>{$submit}</td></tr>\r\n	</table>\r\n	{$fb_form_end}\r\n{/if}\r\n{$fb_form_footer}\r\n</div>','2023-02-13 13:56:35','2023-02-22 13:55:31'),('FormBuilder','fb_2','{* DEFAULT FORM LAYOUT / pure CSS *}\r\n{$fb_form_header}\r\n{if $fb_form_done == 1}\r\n	{* This first section is for displaying submission errors *}\r\n	{if isset($fb_submission_error) && $fb_submission_error}\r\n		<div class=\"error_message\">{$fb_submission_error}</div>\r\n		{if isset($fb_show_submission_errors) && $fb_show_submission_errors}\r\n			<div class=\"error\">\r\n			<ul>\r\n			{foreach from=$fb_submission_error_list item=thisErr}\r\n				<li>{$thisErr}</li>\r\n			{/foreach}\r\n			</ul>\r\n		</div>\r\n		{/if}\r\n	{/if}\r\n{else}\r\n	{* this section is for displaying the form *}\r\n	{* we start with validation errors *}\r\n	{if isset($fb_form_has_validation_errors) && $fb_form_has_validation_errors}\r\n		<div class=\"error_message\">\r\n		<ul>\r\n		{foreach from=$fb_form_validation_errors item=thisErr}\r\n			<li>{$thisErr}</li>\r\n		{/foreach}\r\n		</ul>\r\n		</div>\r\n	{/if}\r\n	{if isset($captcha_error) && $captcha_error}\r\n		<div class=\"error_message\">{$captcha_error}</div>\r\n	{/if}\r\n\r\n	{* and now the form itself *}\r\n	{$fb_form_start}\r\n	<div>{$fb_hidden}</div>\r\n	<div{if $css_class != \'\'} class=\"{$css_class}\"{/if}>\r\n	{if $total_pages gt 1}<span>{$title_page_x_of_y}</span>{/if}\r\n	{foreach from=$fields item=entry}\r\n		{if $entry->display == 1}\r\n        	{strip}\r\n         	{if $entry->needs_div == 1}\r\n            	<div\r\n            	{if $entry->required == 1 || $entry->css_class != \'\' || $entry->valid == 0} class=\"\r\n              		{if $entry->required == 1}required{/if}\r\n              		{if $entry->css_class != \'\'} {$entry->css_class}{/if}\r\n                    {if $entry->valid == 0} fb_invalid{/if}\r\n              		\"\r\n            	{/if}\r\n            	>\r\n         	{/if}\r\n         	{if $entry->hide_name == 0}\r\n            	<label{if $entry->multiple_parts != 1} for=\"{$entry->input_id}\"{/if}>{$entry->name}\r\n            	{if $entry->required_symbol != \'\'}\r\n               		{$entry->required_symbol}\r\n            	{/if}\r\n            	</label>\r\n         	{/if}\r\n         	{if $entry->multiple_parts == 1}\r\n            	{section name=numloop loop=$entry->input}\r\n               		{if $entry->label_parts == 1}\r\n               			<div>{$entry->input[numloop]->input}&nbsp;{$entry->input[numloop]->name}</div>\r\n               		{else}\r\n               			{$entry->input[numloop]->input}\r\n               		{/if}\r\n               		{if isset($entry->input[numloop]->op) && $entry->input[numloop]->op}{$entry->input[numloop]->op}{/if}\r\n            	{/section}\r\n         	{else}\r\n            	{if $entry->smarty_eval == \'1\'}{eval var=$entry->input}{else}{$entry->input}{/if}\r\n         	{/if}\r\n         	{if $entry->valid == 0} &lt;--- {$entry->error}{/if}\r\n         	{if $entry->needs_div == 1}\r\n            	</div>\r\n         	{/if}\r\n         	{/strip}\r\n     	{/if}\r\n	{/foreach}\r\n	{if isset($has_captcha) && $has_captcha == 1}\r\n		<div class=\"captcha\">{$graphic_captcha}{$title_captcha}<br />{if !empty($input_captcha)}{$input_captcha}{/if}</div>\r\n	{/if}\r\n	<div class=\"submit\">{$prev}{$submit}</div>\r\n	</div>\r\n	{$fb_form_end}\r\n{/if}\r\n{$fb_form_footer}','2023-02-13 13:56:36','2023-02-13 19:48:41');

--
-- Table structure for table `cms_rktekmodules`
--

CREATE TABLE `cms_rktekmodules` (
  `module_name` varchar(160) NOT NULL,
  `status` varchar(255) DEFAULT NULL,
  `version` varchar(255) DEFAULT NULL,
  `admin_only` tinyint(4) DEFAULT 0,
  `active` tinyint(4) DEFAULT NULL,
  `allow_fe_lazyload` tinyint(4) DEFAULT NULL,
  `allow_admin_lazyload` tinyint(4) DEFAULT NULL,
  PRIMARY KEY (`module_name`),
  KEY `cms_rktekidx_modules_by_name` (`module_name`)
) ENGINE=MyISAM DEFAULT CHARSET=utf8 COLLATE=utf8_general_ci;

--
-- Dumping data for table `cms_rktekmodules`
--

INSERT INTO `cms_rktekmodules` VALUES ('AdminSearch','installed','1.0.5',0,1,1,1),('CMSContentManager','installed','1.1.9',0,1,1,1),('CmsJobManager','installed','0.1.3',0,1,0,0),('DesignManager','installed','1.1.8',0,1,1,1),('FileManager','installed','1.6.11',0,1,1,0),('FilePicker','installed','1.0.4.1',0,1,0,0),('MenuManager','installed','1.50.3',0,1,1,1),('MicroTiny','installed','2.2.4',0,1,1,1),('ModuleManager','installed','2.1.7',1,1,0,1),('Navigator','installed','1.0.9',0,1,1,1),('News','installed','2.51.9',0,1,1,1),('Search','installed','1.51.8',0,1,1,1),('CMSMailer','installed','5.2.14',0,1,1,0),('FormBuilder','installed','1.1',0,1,0,0),('Captcha','installed','1.0',0,1,0,0);

--
-- Table structure for table `cms_rktekpermissions`
--

CREATE TABLE `cms_rktekpermissions` (
  `permission_id` int(11) NOT NULL,
  `permission_name` varchar(255) DEFAULT NULL,
  `permission_text` varchar(255) DEFAULT NULL,
  `permission_source` varchar(255) DEFAULT NULL,
  `create_date` datetime DEFAULT NULL,
  `modified_date` datetime DEFAULT NULL,
  PRIMARY KEY (`permission_id`)
) ENGINE=MyISAM DEFAULT CHARSET=utf8 COLLATE=utf8_general_ci;

--
-- Dumping data for table `cms_rktekpermissions`
--

INSERT INTO `cms_rktekpermissions` VALUES (1,'Add Pages','Add Pages','Core','2023-02-04 16:26:57','2023-02-04 16:26:57'),(2,'Manage Groups','Manage Groups','Core','2023-02-04 16:26:57','2023-02-04 16:26:57'),(3,'Add Templates','Add Templates','Core','2023-02-04 16:26:57','2023-02-04 16:26:57'),(4,'Manage Users','Manage Users','Core','2023-02-04 16:26:57','2023-02-04 16:26:57'),(5,'Modify Any Page','Modify Any Page','Core','2023-02-04 16:26:57','2023-02-04 16:26:57'),(6,'Modify Permissions','Modify Permissions','Core','2023-02-04 16:26:57','2023-02-04 16:26:57'),(7,'Modify Templates','Modify Templates','Core','2023-02-04 16:26:57','2023-02-04 16:26:57'),(8,'Remove Pages','Remove Pages','Core','2023-02-04 16:26:57','2023-02-04 16:26:57'),(9,'Modify Modules','Modify Modules','Core','2023-02-04 16:26:57','2023-02-04 16:26:57'),(10,'Modify Files','Modify Files','Core','2023-02-04 16:26:57','2023-02-04 16:26:57'),(11,'Modify Site Preferences','Modify Site Preferences','Core','2023-02-04 16:26:57','2023-02-04 16:26:57'),(12,'Manage Stylesheets','Manage Stylesheets','Core','2023-02-04 16:26:57','2023-02-04 16:26:57'),(13,'Manage Designs','Manage Designs','Core','2023-02-04 16:26:57','2023-02-04 16:26:57'),(14,'Modify User-defined Tags','Modify User-defined Tags','Core','2023-02-04 16:26:57','2023-02-04 16:26:57'),(15,'Clear Admin Log','Clear Admin Log','Core','2023-02-04 16:26:57','2023-02-04 16:26:57'),(16,'Modify Events','Modify Events','Core','2023-02-04 16:26:57','2023-02-04 16:26:57'),(17,'View Tag Help','View Tag Help','Core','2023-02-04 16:26:57','2023-02-04 16:26:57'),(18,'Manage All Content','Manage All Content','Core','2023-02-04 16:26:57','2023-02-04 16:26:57'),(19,'Reorder Content','Reorder Content','Core','2023-02-04 16:26:57','2023-02-04 16:26:57'),(20,'Manage My Settings','Manage My Settings','Core','2023-02-04 16:26:57','2023-02-04 16:26:57'),(21,'Manage My Account','Manage My Account','Core','2023-02-04 16:26:57','2023-02-04 16:26:57'),(22,'Manage My Bookmarks','Manage My Bookmarks','Core','2023-02-04 16:26:57','2023-02-04 16:26:57'),(23,'Use Admin Search','Use Admin Search','AdminSearch','2023-02-04 14:27:09','2023-02-04 14:27:09'),(24,'Manage Jobs','Manage Jobs','CmsJobManager','2023-02-04 14:27:09','2023-02-04 14:27:09'),(25,'Use FileManager Advanced','Advanced usage of the File Manager module','FileManager','2023-02-04 14:27:09','2023-02-04 14:27:09'),(26,'Modify News','Modify News','News','2023-02-04 14:27:09','2023-02-04 14:27:09'),(27,'Approve News','Approve News For Frontend Display','News','2023-02-04 14:27:09','2023-02-04 14:27:09'),(28,'Delete News','Delete News Articles','News','2023-02-04 14:27:09','2023-02-04 14:27:09'),(29,'Modify Forms','Modify Forms','FormBuilder','2023-02-13 13:56:35','2023-02-13 13:56:35');

--
-- Table structure for table `cms_rktekpermissions_seq`
--

CREATE TABLE `cms_rktekpermissions_seq` (
  `id` int(11) NOT NULL
) ENGINE=MyISAM DEFAULT CHARSET=latin1 COLLATE=latin1_swedish_ci;

--
-- Dumping data for table `cms_rktekpermissions_seq`
--

INSERT INTO `cms_rktekpermissions_seq` VALUES (29);

--
-- Table structure for table `cms_rktekroutes`
--

CREATE TABLE `cms_rktekroutes` (
  `term` varchar(255) NOT NULL,
  `key1` varchar(50) NOT NULL,
  `key2` varchar(50) DEFAULT NULL,
  `key3` varchar(50) DEFAULT NULL,
  `data` text DEFAULT NULL,
  `created` datetime DEFAULT NULL,
  PRIMARY KEY (`term`,`key1`)
) ENGINE=MyISAM DEFAULT CHARSET=utf8 COLLATE=utf8_general_ci;

--
-- Dumping data for table `cms_rktekroutes`
--

INSERT INTO `cms_rktekroutes` VALUES ('/[Nn]ews\\/(?P<articleid>[0-9]+)\\/(?P<returnid>[0-9]+)\\/(?P<junk>.*?)\\/d,(?P<detailtemplate>.*?)$/','News',NULL,NULL,'O:8:\"CmsRoute\":2:{s:15:\"\0CmsRoute\0_data\";a:4:{s:4:\"term\";s:97:\"/[Nn]ews\\/(?P<articleid>[0-9]+)\\/(?P<returnid>[0-9]+)\\/(?P<junk>.*?)\\/d,(?P<detailtemplate>.*?)$/\";s:8:\"absolute\";b:0;s:4:\"key1\";s:4:\"News\";s:4:\"key2\";N;}s:18:\"\0CmsRoute\0_results\";N;}','2023-02-04 16:27:09'),('/[Nn]ews\\/(?P<articleid>[0-9]+)\\/(?P<returnid>[0-9]+)\\/(?P<junk>.*?)$/','News',NULL,NULL,'O:8:\"CmsRoute\":2:{s:15:\"\0CmsRoute\0_data\";a:4:{s:4:\"term\";s:70:\"/[Nn]ews\\/(?P<articleid>[0-9]+)\\/(?P<returnid>[0-9]+)\\/(?P<junk>.*?)$/\";s:8:\"absolute\";b:0;s:4:\"key1\";s:4:\"News\";s:4:\"key2\";N;}s:18:\"\0CmsRoute\0_results\";N;}','2023-02-04 16:27:09'),('/[Nn]ews\\/(?P<articleid>[0-9]+)\\/(?P<returnid>[0-9]+)$/','News',NULL,NULL,'O:8:\"CmsRoute\":2:{s:15:\"\0CmsRoute\0_data\";a:4:{s:4:\"term\";s:55:\"/[Nn]ews\\/(?P<articleid>[0-9]+)\\/(?P<returnid>[0-9]+)$/\";s:8:\"absolute\";b:0;s:4:\"key1\";s:4:\"News\";s:4:\"key2\";N;}s:18:\"\0CmsRoute\0_results\";N;}','2023-02-04 16:27:09'),('/[Nn]ews\\/(?P<articleid>[0-9]+)$/','News',NULL,NULL,'O:8:\"CmsRoute\":2:{s:15:\"\0CmsRoute\0_data\";a:5:{s:4:\"term\";s:33:\"/[Nn]ews\\/(?P<articleid>[0-9]+)$/\";s:8:\"absolute\";b:0;s:4:\"key1\";s:4:\"News\";s:4:\"key2\";N;s:8:\"defaults\";a:1:{s:8:\"returnid\";i:-1;}}s:18:\"\0CmsRoute\0_results\";N;}','2023-02-04 16:27:09');

--
-- Table structure for table `cms_rkteksiteprefs`
--

CREATE TABLE `cms_rkteksiteprefs` (
  `sitepref_name` varchar(255) NOT NULL,
  `sitepref_value` text DEFAULT NULL,
  `create_date` datetime DEFAULT NULL,
  `modified_date` datetime DEFAULT NULL,
  PRIMARY KEY (`sitepref_name`)
) ENGINE=MyISAM DEFAULT CHARSET=utf8 COLLATE=utf8_general_ci;

--
-- Dumping data for table `cms_rkteksiteprefs`
--

INSERT INTO `cms_rkteksiteprefs` VALUES ('sitemask','1784969b65e4e008',NULL,NULL),('sitedownmessage','<p>Site is currently down for maintenance</p>',NULL,NULL),('metadata','<meta name=\"Generator\" content=\"CMS Made Simple - Copyright (C) 2004-2023. All rights reserved.\" />\r\n<meta http-equiv=\"Content-Type\" content=\"text/html; charset=utf-8\" />\r\n',NULL,NULL),('global_umask','022',NULL,NULL),('auto_clear_cache_age','60',NULL,NULL),('adminlog_lifetime','2678400',NULL,NULL),('allow_browser_cache','1',NULL,NULL),('browser_cache_expiry','60',NULL,NULL),('CMSMS\\LoginOperations','d665e7972afc218b0fc03a1c6580e1de4b7a2e21',NULL,NULL),('sitename','rktechebikes.com',NULL,NULL),('CMSContentManager_mapi_pref_locktimeout','0',NULL,NULL),('CMSContentManager_mapi_pref_lockrefresh','120',NULL,NULL),('DesignManager_mapi_pref_lock_timeout','60',NULL,NULL),('DesignManager_mapi_pref_lock_refresh','120',NULL,NULL),('FileManager_mapi_pref_advancedmode','0',NULL,NULL),('FileManager_mapi_pref_iconsize','32px',NULL,NULL),('FileManager_mapi_pref_showhiddenfiles','0',NULL,NULL),('FileManager_mapi_pref_showthumbnails','1',NULL,NULL),('FileManager_mapi_pref_create_thumbnails','1',NULL,NULL),('FileManager_mapi_pref_permissionstyle','xxx',NULL,NULL),('MicroTiny_mapi_pref_profile___frontend__','a:7:{s:4:\"name\";s:12:\"__frontend__\";s:5:\"label\";s:16:\"Frontend Editors\";s:7:\"menubar\";b:0;s:11:\"allowimages\";b:0;s:13:\"showstatusbar\";b:0;s:11:\"allowresize\";b:0;s:6:\"system\";b:1;}',NULL,NULL),('MicroTiny_mapi_pref_profile___admin__','a:7:{s:4:\"name\";s:9:\"__admin__\";s:5:\"label\";s:13:\"Admin Editors\";s:7:\"menubar\";b:1;s:11:\"allowimages\";b:1;s:13:\"showstatusbar\";b:1;s:11:\"allowresize\";b:1;s:6:\"system\";b:1;}',NULL,NULL),('ModuleManager_mapi_pref_module_repository','https://www.cmsmadesimple.org/ModuleRepository/request/v2/',NULL,NULL),('News_mapi_pref_email_subject','A new News article has been posted',NULL,NULL),('News_mapi_pref_allowed_upload_types','gif,png,jpeg,jpg',NULL,NULL),('News_mapi_pref_auto_create_thumbnails','gif,png,jpeg,jpg',NULL,NULL),('Search_mapi_pref_stopwords','i, me, my, myself, we, our, ours, ourselves, you, your, yours, yourself, yourselves, he, him, his, himself, she, her, hers, herself, it, its, itself, they, them, their, theirs, themselves, what, which, who, whom, this, that, these, those, am, is, are, was, were, be, been, being, have, has, had, having, do, does, did, doing, a, an, the, and, but, if, or, because, as, until, while, of, at, by, for, with, about, against, between, into, through, during, before, after, above, below, to, from, up, down, in, out, on, off, over, under, again, further, then, once, here, there, when, where, why, how, all, any, both, each, few, more, most, other, some, such, no, nor, not, only, own, same, so, than, too, very',NULL,NULL),('Search_mapi_pref_usestemming','false',NULL,NULL),('Search_mapi_pref_searchtext','Enter Search...',NULL,NULL),('CmsJobManager_mapi_pref_tasks_lastcheck','1695259075',NULL,NULL),('ClearCache_lastexecute','1695198986',NULL,NULL),('CmsJobManager_mapi_pref_last_async_trigger','1695259076',NULL,NULL),('CmsJobManager_mapi_pref_last_badjob_run','1695258010',NULL,NULL),('CMSMailer_mapi_pref_mailer','smtp',NULL,NULL),('adminalert_00c52e26a29608df166d8222638fa354','a:2:{s:6:\"module\";s:0:\"\";s:4:\"data\";s:707:\"O:35:\"CMSMS\\AdminAlerts\\TranslatableAlert\":10:{s:43:\"\0CMSMS\\AdminAlerts\\TranslatableAlert\0_perms\";a:1:{i:0;s:23:\"Modify Site Preferences\";}s:42:\"\0CMSMS\\AdminAlerts\\TranslatableAlert\0_icon\";N;s:46:\"\0CMSMS\\AdminAlerts\\TranslatableAlert\0_titlekey\";s:23:\"new_version_avail_title\";s:44:\"\0CMSMS\\AdminAlerts\\TranslatableAlert\0_msgkey\";s:18:\"new_version_avail2\";s:45:\"\0CMSMS\\AdminAlerts\\TranslatableAlert\0_msgargs\";a:2:{i:0;s:6:\"2.2.14\";i:1;s:6:\"2.2.18\";}s:30:\"\0CMSMS\\AdminAlerts\\Alert\0_name\";s:19:\"CMSMS Version Check\";s:32:\"\0CMSMS\\AdminAlerts\\Alert\0_module\";N;s:33:\"\0CMSMS\\AdminAlerts\\Alert\0_created\";i:1695198987;s:34:\"\0CMSMS\\AdminAlerts\\Alert\0_priority\";s:7:\"_normal\";s:32:\"\0CMSMS\\AdminAlerts\\Alert\0_loaded\";N;}\";}',NULL,NULL),('CmsVersionCheckTask','1695198986',NULL,NULL),('adminalert_6116f9987f3bb41ec10e64541cbd2853','a:2:{s:6:\"module\";s:0:\"\";s:4:\"data\";s:705:\"O:35:\"CMSMS\\AdminAlerts\\TranslatableAlert\":10:{s:43:\"\0CMSMS\\AdminAlerts\\TranslatableAlert\0_perms\";a:1:{i:0;s:23:\"Modify Site Preferences\";}s:42:\"\0CMSMS\\AdminAlerts\\TranslatableAlert\0_icon\";N;s:46:\"\0CMSMS\\AdminAlerts\\TranslatableAlert\0_titlekey\";s:14:\"security_issue\";s:44:\"\0CMSMS\\AdminAlerts\\TranslatableAlert\0_msgkey\";s:17:\"installfileexists\";s:45:\"\0CMSMS\\AdminAlerts\\TranslatableAlert\0_msgargs\";a:1:{i:0;s:24:\"cmsms-2.2.14-install.php\";}s:30:\"\0CMSMS\\AdminAlerts\\Alert\0_name\";s:27:\"CmsSecurityCheckTaskinstall\";s:32:\"\0CMSMS\\AdminAlerts\\Alert\0_module\";N;s:33:\"\0CMSMS\\AdminAlerts\\Alert\0_created\";i:1695198986;s:34:\"\0CMSMS\\AdminAlerts\\Alert\0_priority\";s:5:\"_high\";s:32:\"\0CMSMS\\AdminAlerts\\Alert\0_loaded\";N;}\";}',NULL,NULL),('adminalert_b05a48b5f5c3e39922e569ad1dd82a8f','a:2:{s:6:\"module\";s:0:\"\";s:4:\"data\";s:659:\"O:35:\"CMSMS\\AdminAlerts\\TranslatableAlert\":10:{s:43:\"\0CMSMS\\AdminAlerts\\TranslatableAlert\0_perms\";a:1:{i:0;s:23:\"Modify Site Preferences\";}s:42:\"\0CMSMS\\AdminAlerts\\TranslatableAlert\0_icon\";N;s:46:\"\0CMSMS\\AdminAlerts\\TranslatableAlert\0_titlekey\";s:12:\"config_issue\";s:44:\"\0CMSMS\\AdminAlerts\\TranslatableAlert\0_msgkey\";s:16:\"info_mail_notset\";s:45:\"\0CMSMS\\AdminAlerts\\TranslatableAlert\0_msgargs\";N;s:30:\"\0CMSMS\\AdminAlerts\\Alert\0_name\";s:24:\"CmsSecurityCheckTaskmail\";s:32:\"\0CMSMS\\AdminAlerts\\Alert\0_module\";N;s:33:\"\0CMSMS\\AdminAlerts\\Alert\0_created\";i:1695198986;s:34:\"\0CMSMS\\AdminAlerts\\Alert\0_priority\";s:5:\"_high\";s:32:\"\0CMSMS\\AdminAlerts\\Alert\0_loaded\";N;}\";}',NULL,NULL),('CmsSecurityCheckTask','1695198986',NULL,NULL),('PruneAdminlog_lastexecute','1695198986',NULL,NULL),('ReduceAdminlog_lastexecute','1695255185',NULL,NULL),('CMSMailer_mapi_pref_host','localhost',NULL,NULL),('CMSMailer_mapi_pref_port','25',NULL,NULL),('CMSMailer_mapi_pref_from','root@localhost',NULL,NULL),('CMSMailer_mapi_pref_fromuser','CMS Administrator',NULL,NULL),('CMSMailer_mapi_pref_sendmail','/usr/sbin/sendmail',NULL,NULL),('CMSMailer_mapi_pref_timeout','1000',NULL,NULL),('CMSMailer_mapi_pref_smtpauth','0',NULL,NULL),('CMSMailer_mapi_pref_username','',NULL,NULL),('CMSMailer_mapi_pref_password','',NULL,NULL),('CMSMailer_mapi_pref_secure','',NULL,NULL),('Captcha_mapi_pref_enable_pear','0',NULL,NULL),('adminalert_6c90bdde8f818884b1fbe817ca38f0e7','a:2:{s:6:\"module\";s:0:\"\";s:4:\"data\";s:662:\"O:35:\"CMSMS\\AdminAlerts\\TranslatableAlert\":10:{s:43:\"\0CMSMS\\AdminAlerts\\TranslatableAlert\0_perms\";a:1:{i:0;s:23:\"Modify Site Preferences\";}s:42:\"\0CMSMS\\AdminAlerts\\TranslatableAlert\0_icon\";N;s:46:\"\0CMSMS\\AdminAlerts\\TranslatableAlert\0_titlekey\";s:14:\"security_issue\";s:44:\"\0CMSMS\\AdminAlerts\\TranslatableAlert\0_msgkey\";s:15:\"config_writable\";s:45:\"\0CMSMS\\AdminAlerts\\TranslatableAlert\0_msgargs\";N;s:30:\"\0CMSMS\\AdminAlerts\\Alert\0_name\";s:26:\"CmsSecurityCheckTaskconfig\";s:32:\"\0CMSMS\\AdminAlerts\\Alert\0_module\";N;s:33:\"\0CMSMS\\AdminAlerts\\Alert\0_created\";i:1695198986;s:34:\"\0CMSMS\\AdminAlerts\\Alert\0_priority\";s:5:\"_high\";s:32:\"\0CMSMS\\AdminAlerts\\Alert\0_loaded\";N;}\";}',NULL,NULL),('Captcha_mapi_pref_active_lib','hn_captcha',NULL,NULL),('Captcha_mapi_pref_captchalib_hn_captcha_secretstring','G1ng2risaDog!',NULL,NULL),('xmlmodulerepository','',NULL,NULL),('checkversion','1',NULL,NULL),('lock_timeout','0',NULL,NULL),('CMSContentManager_mapi_pref_template_list_mode','designpage',NULL,NULL);

--
-- Table structure for table `cms_rktekuser_groups`
--

CREATE TABLE `cms_rktekuser_groups` (
  `group_id` int(11) NOT NULL,
  `user_id` int(11) NOT NULL,
  `create_date` datetime DEFAULT NULL,
  `modified_date` datetime DEFAULT NULL,
  PRIMARY KEY (`group_id`,`user_id`)
) ENGINE=MyISAM DEFAULT CHARSET=utf8 COLLATE=utf8_general_ci;

--
-- Dumping data for table `cms_rktekuser_groups`
--

INSERT INTO `cms_rktekuser_groups` VALUES (1,1,'2023-02-04 16:26:57','2023-02-04 16:26:57'),(2,2,NULL,NULL);

--
-- Table structure for table `cms_rktekuserplugins`
--

CREATE TABLE `cms_rktekuserplugins` (
  `userplugin_id` int(11) NOT NULL,
  `userplugin_name` varchar(255) DEFAULT NULL,
  `code` text DEFAULT NULL,
  `description` text DEFAULT NULL,
  `create_date` datetime DEFAULT NULL,
  `modified_date` datetime DEFAULT NULL,
  PRIMARY KEY (`userplugin_id`)
) ENGINE=MyISAM DEFAULT CHARSET=utf8 COLLATE=utf8_general_ci;

--
-- Dumping data for table `cms_rktekuserplugins`
--



--
-- Table structure for table `cms_rktekuserplugins_seq`
--

CREATE TABLE `cms_rktekuserplugins_seq` (
  `id` int(11) NOT NULL
) ENGINE=MyISAM DEFAULT CHARSET=latin1 COLLATE=latin1_swedish_ci;

--
-- Dumping data for table `cms_rktekuserplugins_seq`
--

INSERT INTO `cms_rktekuserplugins_seq` VALUES (10);

--
-- Table structure for table `cms_rktekuserprefs`
--

CREATE TABLE `cms_rktekuserprefs` (
  `user_id` int(11) NOT NULL,
  `preference` varchar(50) NOT NULL,
  `value` text DEFAULT NULL,
  `type` varchar(25) DEFAULT NULL,
  PRIMARY KEY (`user_id`,`preference`),
  KEY `cms_rktekidx_userprefs_by_user_id` (`user_id`)
) ENGINE=MyISAM DEFAULT CHARSET=utf8 COLLATE=utf8_general_ci;

--
-- Dumping data for table `cms_rktekuserprefs`
--

INSERT INTO `cms_rktekuserprefs` VALUES (1,'wysiwyg','MicroTiny',NULL),(1,'filemanager_cwd','/uploads/images',NULL),(1,'AdminSearchsaved_search','a:3:{s:11:\"search_text\";s:9:\"cmsmailer\";s:6:\"slaves\";a:6:{i:0;s:2:\"-1\";i:1;s:25:\"AdminSearch_content_slave\";i:2;s:21:\"AdminSearch_css_slave\";i:3;s:32:\"AdminSearch_oldmodtemplate_slave\";i:4;s:26:\"AdminSearch_template_slave\";i:5;s:22:\"News_AdminSearch_slave\";}s:19:\"search_descriptions\";s:1:\"1\";}',NULL),(2,'default_cms_language','',NULL),(2,'wysiwyg','MicroTiny',NULL),(2,'admintheme','OneEleven',NULL),(2,'bookmarks','',NULL),(2,'recent','',NULL),(1,'pwreset','88790028b069a83303344f1f05916c5f',NULL),(2,'filemanager_cwd','/uploads/images',NULL);

--
-- Table structure for table `cms_rktekusers`
--

CREATE TABLE `cms_rktekusers` (
  `user_id` int(11) NOT NULL,
  `username` varchar(25) DEFAULT NULL,
  `password` varchar(40) DEFAULT NULL,
  `admin_access` tinyint(4) DEFAULT NULL,
  `first_name` varchar(50) DEFAULT NULL,
  `last_name` varchar(50) DEFAULT NULL,
  `email` varchar(255) DEFAULT NULL,
  `active` tinyint(4) DEFAULT NULL,
  `create_date` datetime DEFAULT NULL,
  `modified_date` datetime DEFAULT NULL,
  PRIMARY KEY (`user_id`)
) ENGINE=MyISAM DEFAULT CHARSET=utf8 COLLATE=utf8_general_ci;

--
-- Dumping data for table `cms_rktekusers`
--

INSERT INTO `cms_rktekusers` VALUES (1,'doug','c5ab893b180815542bc8c38c3318083b',1,'','','dougcsmith@gmail.com',1,'2023-02-04 16:26:57','2023-02-04 16:26:57'),(2,'richard','3ad9a0d965801f880ee92f6087a61c55',1,'Richard','Kimball','rktech69@yahoo.com',1,'2023-02-22 18:49:52','2023-07-10 03:58:31');

--
-- Table structure for table `cms_rktekusers_seq`
--

CREATE TABLE `cms_rktekusers_seq` (
  `id` int(11) NOT NULL
) ENGINE=MyISAM DEFAULT CHARSET=latin1 COLLATE=latin1_swedish_ci;

--
-- Dumping data for table `cms_rktekusers_seq`
--

INSERT INTO `cms_rktekusers_seq` VALUES (2);

--
-- Table structure for table `cms_rktekversion`
--

CREATE TABLE `cms_rktekversion` (
  `version` int(11) DEFAULT NULL
) ENGINE=MyISAM DEFAULT CHARSET=utf8 COLLATE=utf8_general_ci;

--
-- Dumping data for table `cms_rktekversion`
--

INSERT INTO `cms_rktekversion` VALUES (202);


